000
CXUS54 KBMX 301110
CF6BHM
PRELIMINARY LOCAL CLIMATOLOGICAL DATA (WS FORM: F-6)
STATION: BIRMINGHAM
MONTH: NOVEMBER
YEAR: 2021
LATITUDE: 33 34 N
LONGITUDE: 86 45 W
TEMPERATURE IN F: :PCPN: SNOW: WIND :SUNSHINE: SKY :PK WND
================================================================================
1 2 3 4 5 6A 6B 7 8 9 10 11 12 13 14 15 16 17 18
12Z AVG MX 2MIN
DY MAX MIN AVG DEP HDD CDD WTR SNW DPTH SPD SPD DIR MIN PSBL S-S WX SPD DR
================================================================================
1 66 46 56 -3 9 0 0.00 0.0 0 3.9 9 310 M M 2 1 9 310
2 65 46 56 -2 9 0 0.00 0.0 0 5.7 10 360 M M 2 10 360
3 58 44 51 -7 14 0 0.03 0.0 0 5.8 10 360 M M 9 10 360
4 52 49 51 -7 14 0 0.10 0.0 0 5.9 10 60 M M 10 1 10 60
5 60 47 54 -3 11 0 0.00 0.0 0 6.3 10 70 M M 7 17 70
6 60 37 49 -8 16 0 0.00 0.0 0 4.2 15 350 M M 0 18 10
7 65 36 51 -5 14 0 0.00 0.0 0 2.8 9 320 M M 0 9 320
8 72 39 56 0 9 0 0.00 0.0 0 1.4 7 110 M M 0 7 110
9 74 43 59 3 6 0 0.00 0.0 0 1.6 7 270 M M 5 7 270
10 73 49 61 5 4 0 0.00 0.0 0 3.7 8 140 M M 6 20 200
11 74 50 62 7 3 0 0.38 0.0 0 8.0 21 280 M M 8 13 31 290
12 66 47 57 2 8 0 0.00 0.0 0 3.0 12 220 M M 4 12 12 220
13 52 36 44 -10 21 0 0.00 0.0 0 7.1 15 350 M M 2 22 350
14 61 33 47 -7 18 0 0.00 0.0 0 3.5 14 240 M M 1 21 280
15 64 38 51 -3 14 0 0.00 0.0 0 1.2 6 300 M M 2 6 300
16 73 48 61 7 4 0 0.00 0.0 0 6.0 13 190 M M 4 13 190
17 74 52 63 10 2 0 0.00 0.0 0 6.9 16 190 M M 2 18 200
18 68 39 54 1 11 0 0.06 0.0 0 7.0 20 340 M M 7 1 21 350
19 60 37 49 -4 16 0 0.00 0.0 0 6.6 15 60 M M 1 23 60
20 62 42 52 0 13 0 0.00 0.0 0 6.1 13 110 M M 2 22 100
21 70 47 59 7 6 0 M 0.0 0 5.5 17 360 M M 6 1 21 360
22 59 37 48 -4 17 0 M 0.0 0 8.5 15 350 M M 5 1 23 320
23 54 32 43 -9 22 0 0.00 0.0 0 2.7 7 10 M M 3 7 10
24 63 36 50 -2 15 0 0.00 0.0 0 4.2 13 170 M M 4 13 170
25 68 47 58 7 7 0 0.37 0.0 0 7.6 15 350 M M 7 1 15 350
26 51 34 43 -8 22 0 T 0.0 0 7.9 15 350 M M 4 26 350
27 61 31 46 -5 19 0 0.00 0.0 0 2.4 9 260 M M 4 9 260
28 58 41 50 -1 15 0 0.00 0.0 0 3.5 9 10 M M 5 9 10
29 54 36 45 -5 20 0 0.00 0.0 0 3.5 12 360 M M 1 20 350
================================================================================
SM 1837 1199 359 0 0.94 0.0 142.5 M 113
================================================================================
AV 63.3 41.3 4.9 FASTST M M 4 MAX(MPH)
MISC ----> 21 280 31 290
================================================================================
NOTES:
# LAST OF SEVERAL OCCURRENCES
COLUMN 17 PEAK WIND IN M.P.H.
PRELIMINARY LOCAL CLIMATOLOGICAL DATA (WS FORM: F-6) , PAGE 2
STATION: BIRMINGHAM
MONTH: NOVEMBER
YEAR: 2021
LATITUDE: 33 34 N
LONGITUDE: 86 45 W
[TEMPERATURE DATA] [PRECIPITATION DATA] SYMBOLS USED IN COLUMN 16
AVERAGE MONTHLY: 52.3 TOTAL FOR MONTH: 0.94 1 = FOG OR MIST
DPTR FM NORMAL: -1.8 DPTR FM NORMAL: -3.14 2 = FOG REDUCING VISIBILITY
HIGHEST: 74 ON 17,11 GRTST 24HR 0.38 ON 11-11 TO 1/4 MILE OR LESS
LOWEST: 31 ON 27 3 = THUNDER
SNOW, ICE PELLETS, HAIL 4 = ICE PELLETS
TOTAL MONTH: 0.0 INCH 5 = HAIL
GRTST 24HR 0.0 6 = FREEZING RAIN OR DRIZZLE
GRTST DEPTH: 0 7 = DUSTSTORM OR SANDSTORM:
VSBY 1/2 MILE OR LESS
8 = SMOKE OR HAZE
[NO. OF DAYS WITH] [WEATHER - DAYS WITH] 9 = BLOWING SNOW
X = TORNADO
MAX 32 OR BELOW: 0 0.01 INCH OR MORE: 5
MAX 90 OR ABOVE: 0 0.10 INCH OR MORE: 3
MIN 32 OR BELOW: 2 0.50 INCH OR MORE: 0
MIN 0 OR BELOW: 0 1.00 INCH OR MORE: 0
[HDD (BASE 65) ]
TOTAL THIS MO. 359 CLEAR (SCALE 0-3) 13
DPTR FM NORMAL 31 PTCLDY (SCALE 4-7) 14
TOTAL FM JUL 1 425 CLOUDY (SCALE 8-10) 2
DPTR FM NORMAL -14
[CDD (BASE 65) ]
TOTAL THIS MO. 0
DPTR FM NORMAL -11 [PRESSURE DATA]
TOTAL FM JAN 1 2087 HIGHEST SLP M ON M
DPTR FM NORMAL -84 LOWEST SLP 9999.00 ON 1
[REMARKS]