000
CXUS53 KBIS 010930
CF6BIS
PRELIMINARY LOCAL CLIMATOLOGICAL DATA (WS FORM: F-6)
STATION: BISMARCK ND
MONTH: FEBRUARY
YEAR: 2022
LATITUDE: 46 46 N
LONGITUDE: 100 45 W
TEMPERATURE IN F: :PCPN: SNOW: WIND :SUNSHINE: SKY :PK WND
================================================================================
1 2 3 4 5 6A 6B 7 8 9 10 11 12 13 14 15 16 17 18
12Z AVG MX 2MIN
DY MAX MIN AVG DEP HDD CDD WTR SNW DPTH SPD SPD DIR MIN PSBL S-S WX SPD DR
================================================================================
1 19 -3 8 -6 57 0 T T 5 20.1 45 290 M M 4 64 290
2 2 -13 -5 -19 70 0 T T 5 8.5 17 330 M M 4 8 23 310
3 20 -16 2 -12 63 0 T T 5 10.5 28 320 M M 6 36 330
4 14 -10 2 -12 63 0 0.00 0.0 5 11.5 23 320 M M 4 31 320
5 44 14 29 14 36 0 T T 5 9.4 28 290 M M 7 1 43 280
6 34 12 23 8 42 0 T T 4 9.5 33 310 M M 8 1 47 320
7 52 15 34 19 31 0 0.00 0.0 4 4.6 16 290 M M 1 25 290
8 44 37 41 26 24 0 0.00 0.0 3 17.7 36 310 M M 3 47 290
9 38 25 32 16 33 0 T T 2 13.6 26 320 M M 3 36 330
10 51 25 38 22 27 0 0.01 T 1 15.6 32 290 M M 6 1 44 280
11 40 2 21 5 44 0 T T T 17.3 38 320 M M 5 89 54 320
12 17 2 10 -6 55 0 0.01 T T 7.1 15 10 M M 8 1 21 10
13 43 -4 20 3 45 0 T 0.0 T 13.9 32 330 M M 4 1 46 340
14 18 4 11 -6 54 0 T T T 9.3 23 340 M M 4 32 340
15 29 8 19 2 46 0 0.00 0.0 T 9.8 21 320 M M 6 29 310
16 23 5 14 -4 51 0 0.00 0.0 T 13.3 25 320 M M 3 36 320
17 32 0 16 -2 49 0 0.02 0.2 T 8.2 17 160 M M 8 18 21 150
18 38 5 22 4 43 0 T T T 19.2 39 320 M M 6 18 58 310
19 52 2 27 8 38 0 0.00 0.0 T 10.8 24 210 M M 3 32 220
20 49 0 25 6 40 0 0.05 0.9 T 16.6 30 330 M M 8 1 40 340
21 -1 -9 -5 -25 70 0 0.20 3.2 2 16.8 23 40 M M 10 8 33 50
22 -2 -11 -6 -26 71 0 0.00 0.0 3 13.1 21 330 M M 8 27 340
23 4 -23 -9 -29 74 0 0.00 0.0 3 4.6 13 200 M M 0 8 16 310
24 8 -17 -4 -25 69 0 0.00 0.0 3 5.2 10 140 M M 0 18 16 150
25 18 -14 2 -19 63 0 0.00 0.0 3 5.4 13 230 M M 0 19 220
26 34 -4 15 -7 50 0 0.00 0.0 3 9.0 22 290 M M 0 30 290
27 45 7 26 4 39 0 0.00 0.0 3 4.8 14 290 M M 0 18 290
28 49 20 35 13 30 0 T 0.0 1 8.8 21 280 M M 3 1 30 290
================================================================================
SM 814 59 1377 0 0.29 4.3 314.2 M 122
================================================================================
AV 29.1 2.1 11.2 FASTST M M 4 MAX(MPH)
MISC ----> 45 290 64 290
================================================================================
NOTES:
# LAST OF SEVERAL OCCURRENCES
COLUMN 17 PEAK WIND IN M.P.H.
PRELIMINARY LOCAL CLIMATOLOGICAL DATA (WS FORM: F-6) , PAGE 2
STATION: BISMARCK ND
MONTH: FEBRUARY
YEAR: 2022
LATITUDE: 46 46 N
LONGITUDE: 100 45 W
[TEMPERATURE DATA] [PRECIPITATION DATA] SYMBOLS USED IN COLUMN 16
AVERAGE MONTHLY: 15.6 TOTAL FOR MONTH: 0.29 1 = FOG OR MIST
DPTR FM NORMAL: -1.9 DPTR FM NORMAL: -0.23 2 = FOG REDUCING VISIBILITY
HIGHEST: 52 ON 19, 7 GRTST 24HR 0.24 ON 20-21 TO 1/4 MILE OR LESS
LOWEST: -23 ON 23 3 = THUNDER
SNOW, ICE PELLETS, HAIL 4 = ICE PELLETS
TOTAL MONTH: 4.3 INCHES 5 = HAIL
GRTST 24HR 3.2 ON 21-21 6 = FREEZING RAIN OR DRIZZLE
GRTST DEPTH: 5 ON 5, 4 7 = DUSTSTORM OR SANDSTORM:
VSBY 1/2 MILE OR LESS
8 = SMOKE OR HAZE
[NO. OF DAYS WITH] [WEATHER - DAYS WITH] 9 = BLOWING SNOW
X = TORNADO
MAX 32 OR BELOW: 14 0.01 INCH OR MORE: 5
MAX 90 OR ABOVE: 0 0.10 INCH OR MORE: 1
MIN 32 OR BELOW: 27 0.50 INCH OR MORE: 0
MIN 0 OR BELOW: 13 1.00 INCH OR MORE: 0
[HDD (BASE 65) ]
TOTAL THIS MO. 1377 CLEAR (SCALE 0-3) 11
DPTR FM NORMAL 47 PTCLDY (SCALE 4-7) 13
TOTAL FM JUL 1 5837 CLOUDY (SCALE 8-10) 4
DPTR FM NORMAL -504
[CDD (BASE 65) ]
TOTAL THIS MO. 0
DPTR FM NORMAL 0 [PRESSURE DATA]
TOTAL FM JAN 1 0 HIGHEST SLP 30.86 ON 23
DPTR FM NORMAL 0 LOWEST SLP 29.39 ON 20
[REMARKS]
#FINAL-02-22#