000
CXUS53 KBIS 011848
CLSBIS
CLIMATE REPORT
NATIONAL WEATHER SERVICE BISMARCK, ND
1231 PM CST THU DEC 01 2022
...................................
...THE BISMARCK ND CLIMATE SUMMARY FOR THE SEASON, FROM
9/1/2022 TO 11/30/2022...
CLIMATE NORMAL PERIOD: 1991 TO 2020
CLIMATE RECORD PERIOD: 1875 TO 2022
WEATHER OBSERVED NORMAL DEPART LAST YEAR`S
VALUE DATE(S) VALUE FROM VALUE DATE(S)
NORMAL
................................................................
TEMPERATURE (F)
RECORD
HIGH 105 09/08/1959
09/07/1931
LOW -30 11/29/1985
HIGHEST 102 09/01 MM MM 98 09/28
LOWEST -6 11/12 MM MM 2 11/25
AVG. MAXIMUM 58.0 57.0 1.0 63.7
AVG. MINIMUM 31.8 32.6 -0.8 37.0
MEAN 44.9 44.8 0.1 50.4
DAYS MAX >= 90 5 2.0 3.0 5
DAYS MAX <= 32 15 9.6 5.4 3
DAYS MIN <= 32 45 44.6 0.4 37
DAYS MIN <= 0 2 1.7 0.3 0
PRECIPITATION (INCHES)
RECORD
MAXIMUM 10.13 2019
MINIMUM 1.12 2014
TOTALS 2.87 3.84 -0.97 4.67
DAILY AVG. 0.03 0.04 -0.01 0.05
DAYS >= .01 16 21.1 -5.1 19
DAYS >= .10 5 8.4 -3.4 9
DAYS >= .50 1 1.9 -0.9 3
DAYS >= 1.00 1 0.7 0.3 2
GREATEST
24 HR. TOTAL 1.23 11/10 TO 11/10 1.49
STORM TOTAL 1.23 1.47
(MM/DD(HH)) MM
SNOWFALL (INCHES)
RECORDS
TOTAL 30.2 2019
TOTALS 21.3 10.5
SINCE 7/1 21.3
DEGREE DAYS
HEATING TOTAL 1873
COOLING TOTAL 71
................................................................
WIND (MPH)
HIGHEST WIND SPEED/DIRECTION 44/290 DATE 11/06
HIGHEST GUST SPEED/DIRECTION 67/290 DATE 11/06
- INDICATES NEGATIVE NUMBERS.
R INDICATES RECORD WAS SET OR TIED.
MM INDICATES DATA IS MISSING.
T INDICATES TRACE AMOUNT.
...................................
$$