000
CXUS51 KRLX 011929
CF6BKW
PRELIMINARY LOCAL CLIMATOLOGICAL DATA (WS FORM: F-6)
STATION: BECKLEY WV
MONTH: NOVEMBER
YEAR: 2023
LATITUDE: 37 46 N
LONGITUDE: 81 7 W
TEMPERATURE IN F: :PCPN: SNOW: WIND :SUNSHINE: SKY :PK WND
================================================================================
1 2 3 4 5 6A 6B 7 8 9 10 11 12 13 14 15 16 17 18
12Z AVG MX 2MIN
DY MAX MIN AVG DEP HDD CDD WTR SNW DPTH SPD SPD DIR MIN PSBL S-S WX SPD DR
================================================================================
1 38 25 32 -17 33 0 T T 0 10.1 24 330 M M 7 31 320
2 49 22 36 -12 29 0 0.00 0.0 0 3.5 13 260 M M 0 14 160
3 61 29 45 -3 20 0 0.00 0.0 0 5.0 14 120 M M 0 19 130
4 60 35 48 0 17 0 0.00 0.0 0 5.1 13 190 M M 0 15 190
5 62 38 50 3 15 0 0.00 0.0 0 4.7 15 310 M M 1 8 19 320
6 64 38 51 4 14 0 0.00 0.0 0 7.5 20 260 M M 0 25 270
7 65 52 59 12 6 0 0.00 0.0 0 5.8 15 300 M M 7 18 20 260
8 73 46 60 14 5 0 0.00 0.0 0 5.3 16 200 M M 2 128 22 170
9 69 50 60 14 5 0 0.01 0.0 0 8.1 16 340 M M 8 8 22 310
10 50 35 43 -3 22 0 0.52 0.0 0 5.4 16 360 M M 9 1 19 360
11 54 31 43 -2 22 0 0.00 0.0 0 2.3 10 350 M M 1 12 12 20
12 59 31 45 0 20 0 0.00 0.0 0 3.1 14 140 M M 0 17 130
13 59 31 45 0 20 0 0.00 0.0 0 6.0 16 310 M M 0 21 310
14 54 32 43 -1 22 0 0.00 0.0 0 3.2 9 20 M M 0 11 40
15 63 40 52 8 13 0 0.00 0.0 0 4.6 12 150 M M 0 18 130
16 66 35 51 7 14 0 0.00 0.0 0 3.7 13 130 M M 0 18 170
17 67 51 59 16 6 0 0.28 0.0 0 7.4 14 260 M M 5 1 20 270
18 54 28 41 -2 24 0 0.03 0.0 0 7.3 17 360 M M 6 12 22 330
19 53 26 40 -3 25 0 0.00 0.0 0 2.0 8 20 M M 0 11 350
20 50 34 42 0 23 0 T 0.0 0 11.2 21 140 M M 5 8 32 150
21 49 38 44 2 21 0 0.66 0.0 0 13.2 29 130 M M 9 1 37 130
22 49 36 43 1 22 0 0.09 0.0 0 9.0 17 310 M M 10 12 25 300
23 49 32 41 -1 24 0 0.00 0.0 0 5.0 14 310 M M 4 19 320
24 47 31 39 -2 26 0 0.00 0.0 0 5.5 15 350 M M 4 1 18 360
25 45 29 37 -4 28 0 0.00 0.0 0 7.3 17 140 M M 0 25 130
26 50 30 40 -1 25 0 0.04 0.0 0 9.2 20 270 M M 4 1 29 270
27 44 28 36 -4 29 0 0.05 T 0 12.7 23 310 M M 9 1 30 300
28 31 15 23 -17 42 0 T T 0 12.6 28 270 M M 5 38 270
29 43 14 29 -11 36 0 0.00 0.0 0 7.3 16 250 M M 0 21 260
30 54 28 41 1 24 0 0.00 0.0 0 6.6 16 200 M M 0 21 200
================================================================================
SM 1631 990 632 0 1.68 T 199.7 M 96
================================================================================
AV 54.4 33.0 6.7 FASTST M M 3 MAX(MPH)
MISC ----> 29 130 38 270
================================================================================
NOTES:
# LAST OF SEVERAL OCCURRENCES
COLUMN 17 PEAK WIND IN M.P.H.
PRELIMINARY LOCAL CLIMATOLOGICAL DATA (WS FORM: F-6) , PAGE 2
STATION: BECKLEY WV
MONTH: NOVEMBER
YEAR: 2023
LATITUDE: 37 46 N
LONGITUDE: 81 7 W
[TEMPERATURE DATA] [PRECIPITATION DATA] SYMBOLS USED IN COLUMN 16
AVERAGE MONTHLY: 43.7 TOTAL FOR MONTH: 1.68 1 = FOG OR MIST
DPTR FM NORMAL: -0.3 DPTR FM NORMAL: -1.12 2 = FOG REDUCING VISIBILITY
HIGHEST: 73 ON 8 GRTST 24HR 0.71 ON 21-22 TO 1/4 MILE OR LESS
LOWEST: 14 ON 29 3 = THUNDER
SNOW, ICE PELLETS, HAIL 4 = ICE PELLETS
TOTAL MONTH: T 5 = HAIL
GRTST 24HR T ON 1- 1 6 = FREEZING RAIN OR DRIZZLE
GRTST DEPTH: 0 7 = DUSTSTORM OR SANDSTORM:
VSBY 1/2 MILE OR LESS
8 = SMOKE OR HAZE
[NO. OF DAYS WITH] [WEATHER - DAYS WITH] 9 = BLOWING SNOW
X = TORNADO
MAX 32 OR BELOW: 1 0.01 INCH OR MORE: 8
MAX 90 OR ABOVE: 0 0.10 INCH OR MORE: 3
MIN 32 OR BELOW: 17 0.50 INCH OR MORE: 2
MIN 0 OR BELOW: 0 1.00 INCH OR MORE: 0
[HDD (BASE 65) ]
TOTAL THIS MO. 632 CLEAR (SCALE 0-3) 16
DPTR FM NORMAL 0 PTCLDY (SCALE 4-7) 10
TOTAL FM JUL 1 998 CLOUDY (SCALE 8-10) 4
DPTR FM NORMAL -77
[CDD (BASE 65) ]
TOTAL THIS MO. 0
DPTR FM NORMAL -1 [PRESSURE DATA]
TOTAL FM JAN 1 545 HIGHEST SLP 30.55 ON 2
DPTR FM NORMAL -120 LOWEST SLP 29.81 ON 27
[REMARKS]
#FINAL-11-23#