000
CXUS51 KRNK 010935
CLSBLF
CLIMATE REPORT
NATIONAL WEATHER SERVICE BLACKSBURG, VA
535 AM EDT THU JUN 01 2023
...................................
...THE BLUEFIELD WV CLIMATE SUMMARY FOR THE SEASON, FROM
3/1/2023 TO 5/31/2023...
CLIMATE NORMAL PERIOD: 1991 TO 2020
CLIMATE RECORD PERIOD: 1909 TO 2023
WEATHER OBSERVED NORMAL DEPART LAST YEAR`S
VALUE DATE(S) VALUE FROM VALUE
NORMAL
..............................................................
TEMPERATURE (F)
RECORD
HIGH 92 05/22/1941
LOW -2 03/03/1980
HIGHEST 79 04/20 86
LOWEST 13 03/20 9
AVG. MAXIMUM 61.2 61.3 -0.1 63.6
AVG. MINIMUM 41.9 42.2 -0.3 43.3
MEAN 51.6 51.7 -0.1 53.5
DAYS MAX >= 90 0 0.0 0.0 0
DAYS MAX <= 32 2 2.0 0.0 0
DAYS MIN <= 32 20 18.0 2.0 19
DAYS MIN <= 0 0 0.0 0.0 0
PRECIPITATION (INCHES)
RECORD
MAXIMUM 18.92 2020
MINIMUM 5.39 2019
TOTALS 14.26 12.09 2.17 11.90
DAYS >= .01 37 44.4 -7.4 39
DAYS >= .10 26 26.4 -0.4 24
DAYS >= .50 8 8.2 -0.2 7
DAYS >= 1.00 3 1.9 1.1 2
GREATEST
24 HR. TOTAL 4.17 2.50
SNOWFALL (INCHES)
TOTALS 0.5 7.4 -6.9 6.1
DAYS >= TRACE 12 5.2 6.8 6
DAYS >= 1.0 0 2.3 -2.3 1
GREATEST
24 HR TOTAL 0.3 0.0
DEGREE DAYS
HEATING TOTAL 1234 1270 -36 1093
COOLING TOTAL 15 47 -32 57
..............................................................
WIND (MPH)
AVERAGE WIND SPEED 7.0
RESULTANT WIND SPEED/DIRECTION 3/260
HIGHEST WIND SPEED/DIRECTION 41/240 DATE 04/01
HIGHEST GUST SPEED/DIRECTION 56/240 DATE 04/01
SKY COVER
AVERAGE SKY COVER 0.44
AVERAGE RH (PERCENT) 62
WEATHER CONDITIONS. NUMBER OF DAYS WITH
THUNDERSTORM 10 MIXED PRECIP 0
HEAVY RAIN 13 RAIN 23
LIGHT RAIN 41 FREEZING RAIN 0
LT FREEZING RAIN 1 HAIL 0
HEAVY SNOW 0 SNOW 1
LIGHT SNOW 11 SLEET 2
FOG 38 FOG W/VIS <= 1/4 MILE 2
HAZE 0
- INDICATES NEGATIVE NUMBERS.
R INDICATES RECORD WAS SET OR TIED.
MM INDICATES DATA IS MISSING.
T INDICATES TRACE AMOUNT.
$$