000
CXUS55 KPSR 011005
CF6BLH
PRELIMINARY LOCAL CLIMATOLOGICAL DATA (WS FORM: F-6)
STATION: BLYTHE CA
MONTH: MARCH
YEAR: 2022
LATITUDE: 33 37 N
LONGITUDE: 114 43 W
TEMPERATURE IN F: :PCPN: SNOW: WIND :SUNSHINE: SKY :PK WND
================================================================================
1 2 3 4 5 6A 6B 7 8 9 10 11 12 13 14 15 16 17 18
12Z AVG MX 2MIN
DY MAX MIN AVG DEP HDD CDD WTR SNW DPTH SPD SPD DIR MIN PSBL S-S WX SPD DR
================================================================================
1 87 50 69 7 0 4 0.00 M M 5.3 15 340 M M M 19 360
2 86 49 68 6 0 3 0.00 M M 4.3 9 350 M M M 14 30
3 87 51 69 6 0 4 0.00 M M 9.3 23 170 M M M 28 170
4 70 57 64 1 1 0 0.00 M M 17.1 30 240 M M M 41 250
5 70 50 60 -3 5 0 0.00 M M 17.8 32 240 M M M 43 240
6 66 39 53 -10 12 0 0.00 M M 4.2 13 250 M M M 18 160
7 70 40 55 -9 10 0 0.00 M M 12.8 26 350 M M M 36 350
8 70 44 57 -7 8 0 0.00 M M 8.9 24 350 M M M 33 360
9 79 36 58 -6 7 0 0.00 M M 7.2 22 200 M M M 28 200
10 75 46 61 -3 4 0 0.00 M M 15.9 32 330 M M M 43 10
11 72 49 61 -3 4 0 0.00 M M 14.1 33 350 M M M 42 350
12 78 41 60 -5 5 0 0.00 M M 3.8 10 330 M M M 16 340
13 86 41 64 -1 1 0 0.00 M M 7.7 23 250 M M M 36 240
14 85 53 69 4 0 4 0.00 M M 6.3 16 360 M M M 22 10
15 86 49 68 2 0 3 0.00 M M 3.7 13 240 M M M 17 160
16 86 60 73 7 0 8 0.00 M M 11.8 25 320 M M 0 34 310
17 83 62 73 7 0 8 0.00 M M 10.2 24 360 M M 0 33 350
18 85 49 67 1 0 2 0.00 M M 4.3 12 140 M M 0 15 170
19 88 50 69 3 0 4 0.00 M M 10.4 25 240 M M 0 8 33 240
20 79 59 69 2 0 4 0.00 M M 16.1 29 330 M M 2 8 39 310
21 83 58 71 4 0 6 0.00 M M 16.5 29 350 M M 0 41 360
22 85 61 73 6 0 8 0.00 M M 21.2 36 350 M M 0 8 47 350
23 85 56 71 4 0 6 0.00 M M 8.1 21 30 M M 0 25 30
24 91 49 70 3 0 5 0.00 M M 4.2 9 340 M M 0 11 330
25 94 54 74 6 0 9 0.00 M M 3.8 9 140 M M 0 12 140
26 97 59 78 10 0 13 0.00 M M 6.6 17 170 M M 0 22 170
27 93 59 76 8 0 11 0.00 M M 10.4 22 190 M M 0 27 180
28 82 63 73 5 0 8 T M M 14.2 32 270 M M 2 8 40 270
29 79 56 68 0 0 3 T M M 9.8 28 270 M M 3 35 260
30 85 51 68 -1 0 3 0.00 M M 5.5 22 190 M M 0 29 190
31 84 61 73 4 0 8 0.00 M M 9.0 16 170 M M 0 20 180
================================================================================
SM 2546 1602 57 124 T M 300.5 M 7
================================================================================
AV 82.1 51.7 9.7 FASTST M M 0 MAX(MPH)
MISC ----> 36 350 47 350
================================================================================
NOTES:
# LAST OF SEVERAL OCCURRENCES
COLUMN 17 PEAK WIND IN M.P.H.
PRELIMINARY LOCAL CLIMATOLOGICAL DATA (WS FORM: F-6) , PAGE 2
STATION: BLYTHE CA
MONTH: MARCH
YEAR: 2022
LATITUDE: 33 37 N
LONGITUDE: 114 43 W
[TEMPERATURE DATA] [PRECIPITATION DATA] SYMBOLS USED IN COLUMN 16
AVERAGE MONTHLY: 66.9 TOTAL FOR MONTH: T 1 = FOG OR MIST
DPTR FM NORMAL: 1.3 DPTR FM NORMAL: -0.48 2 = FOG REDUCING VISIBILITY
HIGHEST: 97 ON 26 GRTST 24HR T ON 28-28 TO 1/4 MILE OR LESS
LOWEST: 36 ON 9 3 = THUNDER
SNOW, ICE PELLETS, HAIL 4 = ICE PELLETS
TOTAL MONTH: M 5 = HAIL
GRTST 24HR M ON M 6 = FREEZING RAIN OR DRIZZLE
GRTST DEPTH: M ON M 7 = DUSTSTORM OR SANDSTORM:
VSBY 1/2 MILE OR LESS
8 = SMOKE OR HAZE
[NO. OF DAYS WITH] [WEATHER - DAYS WITH] 9 = BLOWING SNOW
X = TORNADO
MAX 32 OR BELOW: 0 0.01 INCH OR MORE: 0
MAX 90 OR ABOVE: 4 0.10 INCH OR MORE: 0
MIN 32 OR BELOW: 0 0.50 INCH OR MORE: 0
MIN 0 OR BELOW: 0 1.00 INCH OR MORE: 0
[HDD (BASE 65) ]
TOTAL THIS MO. 57 CLEAR (SCALE 0-3) 15
DPTR FM NORMAL -14 PTCLDY (SCALE 4-7) 1
TOTAL FM JUL 1 803 CLOUDY (SCALE 8-10) 15
DPTR FM NORMAL -194
[CDD (BASE 65) ]
TOTAL THIS MO. 124
DPTR FM NORMAL 34 [PRESSURE DATA]
TOTAL FM JAN 1 142 HIGHEST SLP M ON M
DPTR FM NORMAL 39 LOWEST SLP 29.60 ON 28
[REMARKS]
#FINAL-03-22#