000
CXUS55 KSEW 011911
CF6BLI
PRELIMINARY LOCAL CLIMATOLOGICAL DATA (WS FORM: F-6)
STATION: BELLINGHAM WA AIRPORT
MONTH: MARCH
YEAR: 2023
LATITUDE: 48 47 N
LONGITUDE: 122 32 W
TEMPERATURE IN F: :PCPN: SNOW: WIND :SUNSHINE: SKY :PK WND
================================================================================
1 2 3 4 5 6A 6B 7 8 9 10 11 12 13 14 15 16 17 18
12Z AVG MX 2MIN
DY MAX MIN AVG DEP HDD CDD WTR SNW DPTH SPD SPD DIR MIN PSBL S-S WX SPD DR
================================================================================
1 41 25 33 -10 32 0 T M M 6.5 20 170 M M 9 12 27 160
2 49 38 44 1 21 0 0.03 M M 13.1 29 160 M M 7 1 47 160
3 44 38 41 -2 24 0 0.03 M M 10.1 18 160 M M 9 1 26 180
4 45 37 41 -2 24 0 0.04 M M 7.5 15 140 M M 9 1 20 140
5 51 30 41 -3 24 0 0.00 M M 5.1 15 170 M M 3 22 170
6 52 35 44 0 21 0 T M M 6.3 16 140 M M 6 23 120
7 54 33 44 0 21 0 0.00 M M 2.7 14 90 M M 6 20 90
8 51 29 40 -4 25 0 0.03 M M 3.5 23 140 M M 6 3 29 140
9 55 31 43 -1 22 0 0.00 M M 4.1 18 40 M M 6 29 30
10 47 40 44 0 21 0 0.02 M M 8.2 20 50 M M 9 1 32 30
11 51 36 44 0 21 0 T M M 6.9 18 170 M M 9 28 160
12 51 32 42 -2 23 0 0.20 M M 6.4 18 160 M M 6 1 27 170
13 50 40 45 0 20 0 0.19 M M 6.6 14 160 M M 9 1 20 190
14 51 37 44 -1 21 0 T M M 6.0 17 140 M M 7 24 150
15 51 32 42 -3 23 0 0.01 M M 5.0 10 170 M M 2 1 21 210
16 58 30 44 -1 21 0 0.00 M M 4.5 15 360 M M 0 1 23 40
17 61 28 45 0 20 0 0.00 M M 3.2 13 20 M M 0 1 20 50
18 65 32 49 3 16 0 0.00 M M 2.0 8 290 M M 1 1 15 50
19 63 36 50 4 15 0 0.00 M M 2.7 9 10 M M 4 12 20
20 52 44 48 2 17 0 0.06 M M 1.6 8 220 M M 10 1 13 240
21 56 37 47 1 18 0 0.04 M M 3.1 10 310 M M 6 1 16 260
22 59 33 46 0 19 0 0.00 M M 2.9 12 190 M M 4 12 19 200
23 52 41 47 1 18 0 0.51 M M 9.7 21 170 M M 9 18 33 160
24 42 37 40 -6 25 0 0.43 M M 6.7 17 160 M M 9 1 24 160
25 48 32 40 -6 25 0 T M M 6.7 17 160 M M 7 1 24 180
26 51 31 41 -6 24 0 T M M 2.0 13 180 M M 7 20 170
27 59 30 45 -2 20 0 0.00 M M 4.6 14 20 M M 2 21 40
28 64 35 50 3 15 0 0.00 M M 12.4 28 40 M M 0 42 40
29 62 41 52 5 13 0 0.00 M M 7.5 16 50 M M 0 22 360
30 52 36 44 -3 21 0 T M M 8.4 17 180 M M 2 27 170
31 47 42 45 -2 20 0 0.18 M M 13.2 24 160 M M 10 1 35 170
================================================================================
SM 1634 1078 650 0 1.77 M 189.2 M 174
================================================================================
AV 52.7 34.8 6.1 FASTST M M 6 MAX(MPH)
MISC ----> 29 160 47 160
================================================================================
NOTES:
# LAST OF SEVERAL OCCURRENCES
COLUMN 17 PEAK WIND IN M.P.H.
PRELIMINARY LOCAL CLIMATOLOGICAL DATA (WS FORM: F-6) , PAGE 2
STATION: BELLINGHAM WA AIRPORT
MONTH: MARCH
YEAR: 2023
LATITUDE: 48 47 N
LONGITUDE: 122 32 W
[TEMPERATURE DATA] [PRECIPITATION DATA] SYMBOLS USED IN COLUMN 16
AVERAGE MONTHLY: 43.7 TOTAL FOR MONTH: 1.77 1 = FOG OR MIST
DPTR FM NORMAL: -1.4 DPTR FM NORMAL: -1.59 2 = FOG REDUCING VISIBILITY
HIGHEST: 65 ON 18 GRTST 24HR 0.74 ON 23-24 TO 1/4 MILE OR LESS
LOWEST: 25 ON 1 3 = THUNDER
SNOW, ICE PELLETS, HAIL 4 = ICE PELLETS
TOTAL MONTH: M 5 = HAIL
GRTST 24HR M ON M 6 = FREEZING RAIN OR DRIZZLE
GRTST DEPTH: M ON M 7 = DUSTSTORM OR SANDSTORM:
VSBY 1/2 MILE OR LESS
8 = SMOKE OR HAZE
[NO. OF DAYS WITH] [WEATHER - DAYS WITH] 9 = BLOWING SNOW
X = TORNADO
MAX 32 OR BELOW: 0 0.01 INCH OR MORE: 13
MAX 90 OR ABOVE: 0 0.10 INCH OR MORE: 5
MIN 32 OR BELOW: 12 0.50 INCH OR MORE: 1
MIN 0 OR BELOW: 0 1.00 INCH OR MORE: 0
[HDD (BASE 65) ]
TOTAL THIS MO. 650 CLEAR (SCALE 0-3) 8
DPTR FM NORMAL 35 PTCLDY (SCALE 4-7) 13
TOTAL FM JUL 1 4241 CLOUDY (SCALE 8-10) 10
DPTR FM NORMAL 53
[CDD (BASE 65) ]
TOTAL THIS MO. 0
DPTR FM NORMAL 0 [PRESSURE DATA]
TOTAL FM JAN 1 0 HIGHEST SLP 30.35 ON 27
DPTR FM NORMAL 0 LOWEST SLP 29.36 ON 10
[REMARKS]
#FINAL-03-23#
CORRECTED