000
CXUS55 KSEW 031725
CF6BLI
PRELIMINARY LOCAL CLIMATOLOGICAL DATA (WS FORM: F-6)
STATION: BELLINGHAM WA AIRPORT
MONTH: FEBRUARY
YEAR: 2024
LATITUDE: 48 47 N
LONGITUDE: 122 32 W
TEMPERATURE IN F: :PCPN: SNOW: WIND :SUNSHINE: SKY :PK WND
================================================================================
1 2 3 4 5 6A 6B 7 8 9 10 11 12 13 14 15 16 17 18
12Z AVG MX 2MIN
DY MAX MIN AVG DEP HDD CDD WTR SNW DPTH SPD SPD DIR MIN PSBL S-S WX SPD DR
================================================================================
1 57 45 51 10 14 0 0.01 M M 6.7 18 150 M M 7 26 150
2 54 35 45 4 20 0 0.00 M M 7.1 22 150 M M 5 30 170
3 49 36 43 2 22 0 0.00 M M 1.3 8 300 M M 8 1 11 310
4 50 38 44 3 21 0 0.00 M M 9.0 21 30 M M 5 1 30 40
5 47 39 43 2 22 0 0.02 M M 6.9 15 10 M M 7 24 20
6 47 32 40 -1 25 0 0.07 M M 1.3 8 170 M M 7 1 11 180
7 48 31 40 -1 25 0 0.00 M M 3.4 12 20 M M 10 1 17 30
8 44 37 41 0 24 0 0.06 M M 1.3 7 290 M M 10 1 10 290
9 46 29 38 -3 27 0 0.00 M M 0.1 6 190 M M 4 12 9 200
10 47 32 40 -1 25 0 0.01 M M 2.4 7 70 M M 9 9 10
11 48 40 44 3 21 0 0.78 M M 5.5 17 160 M M 10 1 25 150
12 49 34 42 1 23 0 0.25 M M 3.2 18 160 M M 8 1 24 150
13 50 31 41 -1 24 0 0.00 M M 7.8 23 30 M M 3 12 33 30
14 45 37 41 -1 24 0 0.00 M M 16.6 26 50 M M 6 39 50
15 41 34 38 -4 27 0 T M M 15.2 26 40 M M 9 8 45 50
16 52 32 42 0 23 0 0.00 M M 10.1 18 40 M M 0 26 50
17 54 30 42 0 23 0 0.00 M M 3.4 14 40 M M 4 20 60
18 50 34 42 0 23 0 0.00 M M 3.3 8 20 M M 9 11 40
19 52 34 43 1 22 0 0.15 M M 5.1 12 20 M M 5 1 17 30
20 49 36 43 1 22 0 0.06 M M 2.4 7 50 M M 10 12 9 50
21 52 42 47 5 18 0 0.20 M M 5.1 13 130 M M 10 1 18 130
22 56 35 46 4 19 0 0.05 M M 4.8 15 150 M M 7 12 20 140
23 52 33 43 1 22 0 0.00 M M 4.2 13 180 M M 6 12 20 180
24 47 44 46 4 19 0 0.16 M M 10.0 17 180 M M 9 1 27 190
25 48 33 41 -1 24 0 0.63 M M 9.3 21 180 M M 7 1 37 170
26 45 31 38 -5 27 0 T M M 5.9 20 310 M M 6 8 34 310
27 42 31 37 -6 28 0 0.08 M M 8.7 20 150 M M 8 18 29 160
28 50 41 46 3 19 0 0.50 M M 16.0 30 160 M M 10 1 48 190
29 42 M M M M M M M M M M M M M M 1 M M
================================================================================
SM 1413 986 633 0 3.03 M 176.1 M 199
================================================================================
AV 48.7 35.2 6.3 FASTST M M 7 MAX(MPH)
MISC ----> 30 160 48 190
================================================================================
NOTES:
# LAST OF SEVERAL OCCURRENCES
COLUMN 17 PEAK WIND IN M.P.H.
PRELIMINARY LOCAL CLIMATOLOGICAL DATA (WS FORM: F-6) , PAGE 2
STATION: BELLINGHAM WA AIRPORT
MONTH: FEBRUARY
YEAR: 2024
LATITUDE: 48 47 N
LONGITUDE: 122 32 W
[TEMPERATURE DATA] [PRECIPITATION DATA] SYMBOLS USED IN COLUMN 16
AVERAGE MONTHLY: 42.0 TOTAL FOR MONTH: 3.03 1 = FOG OR MIST
DPTR FM NORMAL: 0.3 DPTR FM NORMAL: 0.18 2 = FOG REDUCING VISIBILITY
HIGHEST: 57 ON 1 GRTST 24HR 0.86 ON 11-12 TO 1/4 MILE OR LESS
LOWEST: 29 ON 9 3 = THUNDER
SNOW, ICE PELLETS, HAIL 4 = ICE PELLETS
TOTAL MONTH: M 5 = HAIL
GRTST 24HR M ON M 6 = FREEZING RAIN OR DRIZZLE
GRTST DEPTH: M ON M 7 = DUSTSTORM OR SANDSTORM:
VSBY 1/2 MILE OR LESS
8 = SMOKE OR HAZE
[NO. OF DAYS WITH] [WEATHER - DAYS WITH] 9 = BLOWING SNOW
X = TORNADO
MAX 32 OR BELOW: 0 0.01 INCH OR MORE: 15
MAX 90 OR ABOVE: 0 0.10 INCH OR MORE: 7
MIN 32 OR BELOW: 9 0.50 INCH OR MORE: 3
MIN 0 OR BELOW: 0 1.00 INCH OR MORE: 0
[HDD (BASE 65) ]
TOTAL THIS MO. 633 CLEAR (SCALE 0-3) 2
DPTR FM NORMAL -19 PTCLDY (SCALE 4-7) 15
TOTAL FM JUL 1 3465 CLOUDY (SCALE 8-10) 12
DPTR FM NORMAL -153
[CDD (BASE 65) ]
TOTAL THIS MO. 0
DPTR FM NORMAL 0 [PRESSURE DATA]
TOTAL FM JAN 1 0 HIGHEST SLP M ON M
DPTR FM NORMAL 0 LOWEST SLP 29.35 ON 28
[REMARKS]
#FINAL-02-24#
CORRECTED 29TH