000
CXUS53 KIND 010600
CF6BMG
PRELIMINARY LOCAL CLIMATOLOGICAL DATA (WS FORM: F-6)
STATION: BLOOMINGTON IN
MONTH: OCTOBER
YEAR: 2021
LATITUDE: 39 7 N
LONGITUDE: 86 37 W
TEMPERATURE IN F: :PCPN: SNOW: WIND :SUNSHINE: SKY :PK WND
================================================================================
1 2 3 4 5 6A 6B 7 8 9 10 11 12 13 14 15 16 17 18
12Z AVG MX 2MIN
DY MAX MIN AVG DEP HDD CDD WTR SNW DPTH SPD SPD DIR MIN PSBL S-S WX SPD DR
================================================================================
1 80 57 69 8 0 4 0.00 M M 3.6 12 120 M M 0 16 120
2 72 62 67 6 0 2 0.53 M M 5.9 12 200 M M 8 13 19 220
3 78 63 71 11 0 6 0.32 M M 5.6 14 190 M M 7 138 19 190
4 76 59 68 8 0 3 0.00 M M 2.7 8 30 M M 5 12 11 40
5 78 58 68 9 0 3 0.00 M M 3.7 10 40 M M 5 12 13 40
6 76 65 71 12 0 6 0.26 M M 6.0 15 120 M M 6 13 21 140
7 70 63 67 8 0 2 0.52 M M 4.1 13 140 M M 9 13 18 160
8 79 59 69 11 0 4 T M M 3.1 12 220 M M 4 12 17 210
9 83 56 70 12 0 5 0.00 M M 5.4 14 140 M M 1 1 20 140
10 83 66 75 17 0 10 0.00 M M 9.0 18 180 M M 1 24 190
11 82 66 74 17 0 9 0.23 M M 10.2 22 150 M M 2 13 36 150
12 70 54 62 5 3 0 T M M 5.0 14 240 M M 6 12 22 240
13 M 51 M M M M 0.10 M M 5.8 14 160 M M 6 12 22 150
14 83 67 75 19 0 10 0.14 M M 5.9 14 220 M M 4 13 21 220
15 75 55 65 9 0 0 1.38 M M 6.2 16 340 M M 9 13 27 340
16 62 44 53 -2 12 0 0.02 M M 7.2 18 280 M M 3 1 30 280
17 69 42 56 1 9 0 0.00 M M 4.2 15 280 M M 0 23 270
18 71 41 56 1 9 0 0.00 M M 2.3 12 240 M M 0 18 260
19 71 41 56 2 9 0 0.00 M M 2.5 13 190 M M 0 1 20 190
20 74 43 59 5 6 0 0.00 M M 5.6 16 190 M M 0 24 190
21 66 51 59 6 6 0 T M M 9.6 20 270 M M 8 31 240
22 54 50 52 -1 13 0 0.01 M M 4.9 9 220 M M 10 18 15 250
23 61 47 54 1 11 0 0.07 M M 2.9 8 180 M M 9 12 12 270
24 74 54 64 12 1 0 0.59 M M 9.3 21 190 M M 9 138 29 190
25 69 49 59 7 6 0 0.52 M M 10.5 23 140 M M 10 13 36 240
26 58 39 49 -3 16 0 0.00 M M 4.1 12 20 M M 4 18 360
27 60 35 48 -3 17 0 0.00 M M 6.4 14 100 M M 0 1 21 110
28 55 47 51 0 14 0 0.67 M M 10.5 18 120 M M 8 1 26 110
29 63 54 59 9 6 0 0.34 M M 4.2 12 310 M M 10 1 17 320
30 57 51 54 4 11 0 0.18 M M 6.9 13 350 M M 10 1 21 330
31 64 45 55 5 10 0 0.00 M M 6.8 15 280 M M 5 1 26 290
================================================================================
SM 2113 1634 159 64 5.88 M 180.1 M 159
================================================================================
AV 70.4 52.7 5.8 FASTST M M 5 MAX(MPH)
MISC ----> 23 140 # 36 150
================================================================================
NOTES:
# LAST OF SEVERAL OCCURRENCES
COLUMN 17 PEAK WIND IN M.P.H.
PRELIMINARY LOCAL CLIMATOLOGICAL DATA (WS FORM: F-6) , PAGE 2
STATION: BLOOMINGTON IN
MONTH: OCTOBER
YEAR: 2021
LATITUDE: 39 7 N
LONGITUDE: 86 37 W
[TEMPERATURE DATA] [PRECIPITATION DATA] SYMBOLS USED IN COLUMN 16
AVERAGE MONTHLY: 61.6 TOTAL FOR MONTH: 5.88 1 = FOG OR MIST
DPTR FM NORMAL: 6.3 DPTR FM NORMAL: 2.18 2 = FOG REDUCING VISIBILITY
HIGHEST: 83 ON 14,10 GRTST 24HR 1.49 ON 14-15 TO 1/4 MILE OR LESS
LOWEST: 35 ON 27 3 = THUNDER
SNOW, ICE PELLETS, HAIL 4 = ICE PELLETS
TOTAL MONTH: M 5 = HAIL
GRTST 24HR M ON M 6 = FREEZING RAIN OR DRIZZLE
GRTST DEPTH: M ON M 7 = DUSTSTORM OR SANDSTORM:
VSBY 1/2 MILE OR LESS
8 = SMOKE OR HAZE
[NO. OF DAYS WITH] [WEATHER - DAYS WITH] 9 = BLOWING SNOW
X = TORNADO
MAX 32 OR BELOW: 0 0.01 INCH OR MORE: 16
MAX 90 OR ABOVE: 0 0.10 INCH OR MORE: 13
MIN 32 OR BELOW: 0 0.50 INCH OR MORE: 6
MIN 0 OR BELOW: 0 1.00 INCH OR MORE: 1
[HDD (BASE 65) ]
TOTAL THIS MO. 159 CLEAR (SCALE 0-3) 9
DPTR FM NORMAL -161 PTCLDY (SCALE 4-7) 12
TOTAL FM JUL 1 187 CLOUDY (SCALE 8-10) 10
DPTR FM NORMAL -209
[CDD (BASE 65) ]
TOTAL THIS MO. 64
DPTR FM NORMAL 45 [PRESSURE DATA]
TOTAL FM JAN 1 1274 HIGHEST SLP M ON M
DPTR FM NORMAL 250 LOWEST SLP 29.43 ON 29
[REMARKS]
#FINAL-10-21#