000
CXUS53 KILX 010900
CF6BMI
PRELIMINARY LOCAL CLIMATOLOGICAL DATA (WS FORM: F-6)
STATION: BLOOMINGTON IL AIRPORT
MONTH: JUNE
YEAR: 2022
LATITUDE: 40 28 N
LONGITUDE: 88 56 W
TEMPERATURE IN F: :PCPN: SNOW: WIND :SUNSHINE: SKY :PK WND
================================================================================
1 2 3 4 5 6A 6B 7 8 9 10 11 12 13 14 15 16 17 18
12Z AVG MX 2MIN
DY MAX MIN AVG DEP HDD CDD WTR SNW DPTH SPD SPD DIR MIN PSBL S-S WX SPD DR
================================================================================
1 76 63 70 M 0 5 0.53 M M 9.4 20 320 M M 7 3 21 310
2 77 58 68 M 0 3 T M M 9.1 15 320 M M 3 23 310
3 82 56 69 M 0 4 0.00 M M 10.5 18 320 M M 0 22 280
4 83 57 70 M 0 5 0.00 M M 6.5 18 40 M M 0 24 40
5 84 57 71 M 0 6 0.00 M M 8.4 13 220 M M 3 20 240
6 80 65 73 M 0 8 0.08 M M 9.7 15 220 M M 4 20 220
7 77 60 69 M 0 4 0.00 M M 8.4 14 340 M M 7 1 23 340
8 73 58 66 M 0 1 0.16 M M 12.0 22 300 M M 4 13 M 300
9 80 52 66 M 0 1 0.00 M M 8.9 17 270 M M 2 1 22 270
10 72 58 65 M 0 0 0.17 M M 4.9 9 260 M M 8 1 M M
11 81 57 69 M 0 4 T M M 6.6 13 260 M M 2 16 250
12 84 66 75 M 0 10 0.30 M M 6.0 12 140 M M 6 1 M M
13 94 63 79 M 0 14 0.00 M M 12.3 23 190 M M 2 1 28 190
14 96 76 86 M 0 21 0.00 M M 12.1 21 210 M M 0 28 210
15 95 75 85 M 0 20 0.00 M M 15.6 28 210 M M 0 33 210
16 95 73 84 M 0 19 0.11 M M 10.8 16 230 M M 2 3 22 250
17 87 68 78 M 0 13 0.00 M M 10.5 16 290 M M 1 25 290
18 81 56 69 M 0 4 0.00 M M 9.8 15 30 M M 0 20 90
19 86 49 68 M 0 3 0.00 M M 7.0 12 200 M M 0 M M
20 92 57 75 M 0 10 0.00 M M 9.1 15 220 M M 0 16 190
21 95 66 81 M 0 16 0.00 M M 11.0 16 260 M M 0 22 230
22 87 71 79 M 0 14 0.00 M M 11.6 16 330 M M 0 24 310
23 88 66 77 M 0 12 0.00 M M 7.0 13 360 M M 0 8 16 330
24 88 63 76 M 0 11 0.00 M M 4.0 8 150 M M 0 M M
25 83 65 74 M 0 9 2.46 M M 10.8 25 310 M M 5 13 39 320
26 79 64 72 M 0 7 0.00 M M 13.0 21 310 M M 3 1 38 320
27 78 56 67 M 0 2 0.00 M M 9.2 15 330 M M 0 31 320
28 81 59 70 M 0 5 0.00 M M 6.7 12 210 M M 1 21 220
29 87 62 75 M 0 10 0.00 M M 9.8 14 240 M M 0 20 220
30 87 64 76 M 0 11 0.00 M M 10.0 17 220 M M 0 M M
================================================================================
SM 2528 1860 0 252 3.81 M 280.7 M 60
================================================================================
AV 84.3 62.0 9.4 FASTST M M 2 MAX(MPH)
MISC ----> 28 210 39 320
================================================================================
NOTES:
# LAST OF SEVERAL OCCURRENCES
COLUMN 17 PEAK WIND IN M.P.H.
PRELIMINARY LOCAL CLIMATOLOGICAL DATA (WS FORM: F-6) , PAGE 2
STATION: BLOOMINGTON IL AIRPORT
MONTH: JUNE
YEAR: 2022
LATITUDE: 40 28 N
LONGITUDE: 88 56 W
[TEMPERATURE DATA] [PRECIPITATION DATA] SYMBOLS USED IN COLUMN 16
AVERAGE MONTHLY: 73.1 TOTAL FOR MONTH: 3.81 1 = FOG OR MIST
DPTR FM NORMAL: 0.0 DPTR FM NORMAL: M 2 = FOG REDUCING VISIBILITY
HIGHEST: 96 ON 14 GRTST 24HR 2.46 ON 25-25 TO 1/4 MILE OR LESS
LOWEST: 49 ON 19 3 = THUNDER
SNOW, ICE PELLETS, HAIL 4 = ICE PELLETS
TOTAL MONTH: M 5 = HAIL
GRTST 24HR M ON M 6 = FREEZING RAIN OR DRIZZLE
GRTST DEPTH: M ON M 7 = DUSTSTORM OR SANDSTORM:
VSBY 1/2 MILE OR LESS
8 = SMOKE OR HAZE
[NO. OF DAYS WITH] [WEATHER - DAYS WITH] 9 = BLOWING SNOW
X = TORNADO
MAX 32 OR BELOW: 0 0.01 INCH OR MORE: 7
MAX 90 OR ABOVE: 6 0.10 INCH OR MORE: 6
MIN 32 OR BELOW: 0 0.50 INCH OR MORE: 2
MIN 0 OR BELOW: 0 1.00 INCH OR MORE: 1
[HDD (BASE 65) ]
TOTAL THIS MO. 0 CLEAR (SCALE 0-3) 22
DPTR FM NORMAL M PTCLDY (SCALE 4-7) 7
TOTAL FM JUL 1 5523 CLOUDY (SCALE 8-10) 1
DPTR FM NORMAL M
[CDD (BASE 65) ]
TOTAL THIS MO. 252
DPTR FM NORMAL M [PRESSURE DATA]
TOTAL FM JAN 1 393 HIGHEST SLP M ON M
DPTR FM NORMAL M LOWEST SLP M ON M
[REMARKS]
#FINAL-06-22#