000
CXUS51 KBOX 012228
CF6BOS
PRELIMINARY LOCAL CLIMATOLOGICAL DATA (WS FORM: F-6)
STATION: BOSTON MA
MONTH: MARCH
YEAR: 2020
LATITUDE: 42 22 N
LONGITUDE: 71 2 W
TEMPERATURE IN F: :PCPN: SNOW: WIND :SUNSHINE: SKY :PK WND
================================================================================
1 2 3 4 5 6A 6B 7 8 9 10 11 12 13 14 15 16 17 18
12Z AVG MX 2MIN
DY MAX MIN AVG DEP HDD CDD WTR SNW DPTH SPD SPD DIR MIN PSBL S-S WX SPD DR
================================================================================
1 33 19 26 -8 39 0 0.00 0.0 M 12.3 20 290 M M 2 25 320
2 52 23 38 3 27 0 T T M 11.7 24 190 M M 8 30 180
3 59 46 53 18 12 0 0.03 0.0 M 11.2 21 190 M M 9 1 29 170
4 50 41 46 11 19 0 0.03 0.0 M 19.7 36 270 M M 5 49 270
5 51 37 44 9 21 0 0.00 0.0 M 10.7 23 320 M M 2 31 300
6 44 32 38 2 27 0 T T M 13.9 38 30 M M 8 45 30
7 45 29 37 1 28 0 T T M 20.1 37 30 M M 6 45 30
8 53 31 42 6 23 0 0.00 0.0 M 10.6 17 260 M M 5 22 250
9 72 42 57 21 8 0 0.00 0.0 M 13.5 23 230 M M 5 29 220
10 66 40 53 16 12 0 T 0.0 M 11.5 30 230 M M 7 18 40 220
11 59 37 48 11 17 0 0.00 0.0 M 9.2 24 330 M M 8 29 330
12 43 34 39 2 26 0 T 0.0 M 9.7 17 70 M M 8 19 70
13 62 40 51 14 14 0 0.29 0.0 M 16.4 33 290 M M 7 1 45 300
14 53 38 46 8 19 0 0.00 0.0 M 15.8 23 270 M M 5 33 250
15 43 30 37 -1 28 0 0.00 0.0 M 10.4 21 320 M M 4 27 320
16 35 24 30 -8 35 0 0.00 0.0 M 12.1 18 120 M M 3 22 110
17 45 31 38 0 27 0 0.03 T M 8.9 16 150 M M 9 18 21 290
18 51 37 44 5 21 0 0.00 0.0 M 9.4 18 110 M M 4 20 180
19 42 39 41 2 24 0 0.56 0.0 M 13.2 23 30 M M 10 1 29 90
20 68 38 53 14 12 0 0.02 0.0 M 15.6 24 240 M M 9 1 44 220
21 57 31 44 4 21 0 0.00 0.0 M 14.0 26 290 M M 4 37 290
22 33 25 29 -11 36 0 0.00 0.0 M 11.5 17 20 M M 3 22 20
23 41 28 35 -5 30 0 1.38 T M 15.2 29 90 M M 10 18 36 90
24 49 34 42 2 23 0 0.35 0.0 M 12.0 30 10 M M 8 1 35 360
25 43 37 40 -1 25 0 T 0.0 M 13.8 21 70 M M 10 25 50
26 46 32 39 -2 26 0 0.00 0.0 M 11.3 17 20 M M 5 21 30
27 61 43 52 11 13 0 0.01 0.0 M 12.7 26 320 M M 4 35 290
28 48 36 42 0 23 0 0.08 0.0 M 6.5 16 190 M M 6 20 190
29 43 39 41 -1 24 0 0.74 0.0 M 16.1 24 50 M M 10 1358 30 90
30 43 37 40 -2 25 0 0.08 0.0 M 15.5 23 40 M M 10 1 29 40
31 40 33 37 -6 28 0 T 0.0 M 12.2 20 30 M M 4 1 24 50
================================================================================
SM 1530 1063 713 0 3.60 T 396.7 M 198
================================================================================
AV 49.4 34.3 12.8 FASTST M M 6 MAX(MPH)
MISC ----> # 38 30 # 49 270
================================================================================
NOTES:
# LAST OF SEVERAL OCCURRENCES
COLUMN 17 PEAK WIND IN M.P.H.
PRELIMINARY LOCAL CLIMATOLOGICAL DATA (WS FORM: F-6) , PAGE 2
STATION: BOSTON MA
MONTH: MARCH
YEAR: 2020
LATITUDE: 42 22 N
LONGITUDE: 71 2 W
[TEMPERATURE DATA] [PRECIPITATION DATA] SYMBOLS USED IN COLUMN 16
AVERAGE MONTHLY: 41.8 TOTAL FOR MONTH: 3.60 1 = FOG OR MIST
DPTR FM NORMAL: 3.5 DPTR FM NORMAL: -0.72 2 = FOG REDUCING VISIBILITY
HIGHEST: 72 ON 9 GRTST 24HR 1.38 ON 23-23 TO 1/4 MILE OR LESS
LOWEST: 19 ON 1 3 = THUNDER
SNOW, ICE PELLETS, HAIL 4 = ICE PELLETS
TOTAL MONTH: T 5 = HAIL
GRTST 24HR T ON 23-23 6 = FREEZING RAIN OR DRIZZLE
GRTST DEPTH: M ON M 7 = DUSTSTORM OR SANDSTORM:
VSBY 1/2 MILE OR LESS
8 = SMOKE OR HAZE
[NO. OF DAYS WITH] [WEATHER - DAYS WITH] 9 = BLOWING SNOW
X = TORNADO
MAX 32 OR BELOW: 0 0.01 INCH OR MORE: 12
MAX 90 OR ABOVE: 0 0.10 INCH OR MORE: 5
MIN 32 OR BELOW: 12 0.50 INCH OR MORE: 3
MIN 0 OR BELOW: 0 1.00 INCH OR MORE: 1
[HDD (BASE 65) ]
TOTAL THIS MO. 713 CLEAR (SCALE 0-3) 3
DPTR FM NORMAL -116 PTCLDY (SCALE 4-7) 20
TOTAL FM JUL 1 4096 CLOUDY (SCALE 8-10) 8
DPTR FM NORMAL -775
[CDD (BASE 65) ]
TOTAL THIS MO. 0
DPTR FM NORMAL 0 [PRESSURE DATA]
TOTAL FM JAN 1 0 HIGHEST SLP 30.75 ON 23
DPTR FM NORMAL 0 LOWEST SLP 29.30 ON 4
[REMARKS]
#FINAL-03-20#