000
CXUS54 KMAF 011110
CF6BPG
PRELIMINARY LOCAL CLIMATOLOGICAL DATA (WS FORM: F-6)
STATION: BIG SPRING MCMAHON-WRINKLE FI
MONTH: JUNE
YEAR: 2021
LATITUDE: 32 12 N
LONGITUDE: 101 31 W
TEMPERATURE IN F: :PCPN: SNOW: WIND :SUNSHINE: SKY :PK WND
================================================================================
1 2 3 4 5 6A 6B 7 8 9 10 11 12 13 14 15 16 17 18
12Z AVG MX 2MIN
DY MAX MIN AVG DEP HDD CDD WTR SNW DPTH SPD SPD DIR MIN PSBL S-S WX SPD DR
================================================================================
1 80 56 68 M 0 3 M M M 5.2 10 90 M M 5 1 M M
2 80 60 70 M 0 5 0.43 M M 7.4 16 250 M M 2 3 37 250
3 79 60 70 M 0 5 0.43 M M 7.0 14 80 M M 6 1 M M
4 81 60 71 M 0 6 M M M 6.3 13 140 M M 1 M M
5 85 60 73 M 0 8 M M M 9.1 18 140 M M 1 1 22 120
6 91 66 79 M 0 14 0.16 M M 12.0 17 190 M M 0 3 25 190
7 94 71 83 M 0 18 M M M 8.4 15 160 M M 1 20 160
8 95 73 84 M 0 19 M M M 13.9 21 160 M M 1 26 140
9 96 72 84 M 0 19 M M M 11.7 17 140 M M 0 1 22 150
10 97 73 85 M 0 20 M M M 12.9 18 150 M M 0 21 130
11 101 73 87 M 0 22 M M M 14.1 18 160 M M 0 24 160
12 98 68 83 M 0 18 M M M 10.8 17 140 M M 0 23 140
13 96 73 85 M 0 20 M M M 9.5 20 170 M M 1 3 21 170
14 85 71 78 M 0 13 0.15 M M 11.0 29 100 M M 1 3 33 100
15 94 68 81 M 0 16 M M M 6.3 14 120 M M 1 20 100
16 95 68 82 M 0 17 M M M 9.1 18 120 M M 0 20 140
17 94 69 82 M 0 17 M M M 9.7 16 150 M M 0 25 150
18 95 70 83 M 0 18 M M M 10.3 17 140 M M 0 22 140
19 96 70 83 M 0 18 M M M 11.3 15 130 M M 0 21 130
20 102 72 87 M 0 22 M M M 13.1 18 170 M M 0 23 170
21 90 69 80 M 0 15 M M M 17.8 28 50 M M 5 37 40
22 94 66 80 M 0 15 M M M 9.6 17 50 M M 4 20 50
23 100 73 87 M 0 22 M M M 16.1 23 190 M M 0 29 190
24 97 74 86 M 0 21 M M M 15.0 23 180 M M 0 29 180
25 100 77 89 M 0 24 M M M 16.4 26 170 M M 3 28 160
26 98 68 83 M 0 18 2.24 M M 15.4 25 330 M M 4 3 38 330
27 78 63 71 M 0 6 2.47 M M 10.2 23 10 M M 7 13 29 10
28 81 67 74 M 0 9 0.10 M M 11.8 21 60 M M 8 1 25 60
29 86 69 78 M 0 13 0.11 M M 7.7 15 100 M M 7 1 25 100
30 87 69 78 M 0 13 M M M 7.8 13 130 M M 6 1 17 190
================================================================================
SM 2745 2048 0 454 6.09 M 326.5 M 64
================================================================================
AV 91.5 68.3 10.9 FASTST M M 2 MAX(MPH)
MISC ----> 29 100 38 330
================================================================================
NOTES:
# LAST OF SEVERAL OCCURRENCES
COLUMN 17 PEAK WIND IN M.P.H.
PRELIMINARY LOCAL CLIMATOLOGICAL DATA (WS FORM: F-6) , PAGE 2
STATION: BIG SPRING MCMAHON-WRINKLE FI
MONTH: JUNE
YEAR: 2021
LATITUDE: 32 12 N
LONGITUDE: 101 31 W
[TEMPERATURE DATA] [PRECIPITATION DATA] SYMBOLS USED IN COLUMN 16
AVERAGE MONTHLY: 79.9 TOTAL FOR MONTH: 6.09 1 = FOG OR MIST
DPTR FM NORMAL: 0.0 DPTR FM NORMAL: M 2 = FOG REDUCING VISIBILITY
HIGHEST: 102 ON 20 GRTST 24HR 2.47 ON 27-27 TO 1/4 MILE OR LESS
LOWEST: 56 ON 1 3 = THUNDER
SNOW, ICE PELLETS, HAIL 4 = ICE PELLETS
TOTAL MONTH: M 5 = HAIL
GRTST 24HR M ON M 6 = FREEZING RAIN OR DRIZZLE
GRTST DEPTH: M ON M 7 = DUSTSTORM OR SANDSTORM:
VSBY 1/2 MILE OR LESS
8 = SMOKE OR HAZE
[NO. OF DAYS WITH] [WEATHER - DAYS WITH] 9 = BLOWING SNOW
X = TORNADO
MAX 32 OR BELOW: 0 0.01 INCH OR MORE: 8
MAX 90 OR ABOVE: 20 0.10 INCH OR MORE: 7
MIN 32 OR BELOW: 0 0.50 INCH OR MORE: 2
MIN 0 OR BELOW: 0 1.00 INCH OR MORE: 2
[HDD (BASE 65) ]
TOTAL THIS MO. 0 CLEAR (SCALE 0-3) 21
DPTR FM NORMAL M PTCLDY (SCALE 4-7) 8
TOTAL FM JUL 1 2790 CLOUDY (SCALE 8-10) 1
DPTR FM NORMAL M
[CDD (BASE 65) ]
TOTAL THIS MO. 454
DPTR FM NORMAL M [PRESSURE DATA]
TOTAL FM JAN 1 767 HIGHEST SLP M ON M
DPTR FM NORMAL M LOWEST SLP M ON M
[REMARKS]
#FINAL-06-21#