869
CXUS54 KLZK 011130
CF6BPK
PRELIMINARY LOCAL CLIMATOLOGICAL DATA (WS FORM: F-6)
STATION: Mountain Home Airport
MONTH: OCTOBER
YEAR: 2020
LATITUDE: 36 22 N
LONGITUDE: 92 28 W
TEMPERATURE IN F: :PCPN: SNOW: WIND :SUNSHINE: SKY :PK WND
================================================================================
1 2 3 4 5 6A 6B 7 8 9 10 11 12 13 14 15 16 17 18
12Z AVG MX 2MIN
DY MAX MIN AVG DEP HDD CDD WTR SNW DPTH SPD SPD DIR MIN PSBL S-S WX SPD DR
================================================================================
1 74 48 61 -3 4 0 0.00 M M 3.5 12 360 M M 0 21 340
2 67 40 54 -10 11 0 0.00 M M 2.6 9 270 M M 0 14 330
3 69 47 58 -6 7 0 0.01 M M 4.5 16 200 M M 4 22 200
4 67 46 57 -6 8 0 0.00 M M 3.7 10 80 M M 2 17 80
5 69 39 54 -9 11 0 0.00 M M 3.5 12 160 M M 0 15 170
6 79 44 62 0 3 0 0.00 M M 2.4 7 190 M M 0 11 220
7 86 52 69 7 0 4 0.00 M M 2.1 8 210 M M 0 13 310
8 80 58 69 7 0 4 0.00 M M 1.8 8 200 M M 0 1 10 160
9 80 57 69 7 0 4 T M M 5.2 14 230 M M 6 19 230
10 79 60 70 9 0 5 0.00 M M 1.9 9 70 M M 5 12 14 80
11 85 59 72 11 0 7 0.00 M M 3.2 10 180 M M 1 12 16 220
12 75 49 62 1 3 0 0.00 M M 5.2 12 360 M M 1 24 360
13 79 40 60 0 5 0 0.00 M M 1.8 9 170 M M 0 13 180
14 86 46 66 6 0 1 0.00 M M 5.6 18 220 M M 0 24 220
15 65 50 58 -2 7 0 T M M 2.4 9 10 M M 8 17 10
16 66 37 52 -8 13 0 0.00 M M 2.3 8 260 M M 0 14 330
17 70 42 56 -3 9 0 0.00 M M 7.8 20 220 M M 3 8 28 220
18 79 50 65 6 0 0 0.23 M M 4.7 10 240 M M 9 1 18 240
19 53 46 50 -9 15 0 0.34 M M 3.1 8 120 M M 10 12 12 100
20 67 50 59 0 6 0 0.06 M M 4.9 13 160 M M 7 13 15 150
21 85 57 71 13 0 6 0.00 M M 4.5 15 210 M M 3 12 22 220
22 84 62 73 15 0 8 0.00 M M 7.3 18 210 M M 1 25 240
23 70 43 57 -1 8 0 0.04 M M 4.6 14 350 M M 6 1 21 360
24 48 42 45 -13 20 0 0.00 M M 3.5 9 120 M M 10 14 120
25 52 43 48 -9 17 0 0.00 M M 1.8 7 90 M M 10 11 70
26 47 35 41 -16 24 0 1.60 M M 3.4 10 80 M M 10 13 17 80
27 43 35 39 -18 26 0 1.35 M M 2.9 8 70 M M 10 1 12 90
28 53 41 47 -9 18 0 2.98 M M 3.1 12 80 M M 10 1 17 90
29 52 36 44 -12 21 0 0.32 M M 3.5 13 20 M M 7 1 24 360
30 60 32 46 -10 19 0 0.00 M M 2.3 7 180 M M 0 1 9 210
31 66 38 52 -3 13 0 0.00 M M 4.9 14 190 M M 0 17 190
================================================================================
SM 2135 1424 268 39 6.93 M 114.0 M 123
================================================================================
AV 68.9 45.9 3.7 FASTST M M 4 MAX(MPH)
MISC ----> # 20 220 # 28 220
================================================================================
NOTES:
# LAST OF SEVERAL OCCURRENCES
COLUMN 17 PEAK WIND IN M.P.H.
PRELIMINARY LOCAL CLIMATOLOGICAL DATA (WS FORM: F-6) , PAGE 2
STATION: Mountain Home Airport
MONTH: OCTOBER
YEAR: 2020
LATITUDE: 36 22 N
LONGITUDE: 92 28 W
[TEMPERATURE DATA] [PRECIPITATION DATA] SYMBOLS USED IN COLUMN 16
AVERAGE MONTHLY: 57.4 TOTAL FOR MONTH: 6.93 1 = FOG OR MIST
DPTR FM NORMAL: -2.3 DPTR FM NORMAL: 3.21 2 = FOG REDUCING VISIBILITY
HIGHEST: 86 ON 14, 7 GRTST 24HR 2.98 ON 28-28 TO 1/4 MILE OR LESS
LOWEST: 32 ON 30 3 = THUNDER
SNOW, ICE PELLETS, HAIL 4 = ICE PELLETS
TOTAL MONTH: M 5 = HAIL
GRTST 24HR M ON M 6 = FREEZING RAIN OR DRIZZLE
GRTST DEPTH: M ON M 7 = DUSTSTORM OR SANDSTORM:
VSBY 1/2 MILE OR LESS
8 = SMOKE OR HAZE
[NO. OF DAYS WITH] [WEATHER - DAYS WITH] 9 = BLOWING SNOW
X = TORNADO
MAX 32 OR BELOW: 0 0.01 INCH OR MORE: 9
MAX 90 OR ABOVE: 0 0.10 INCH OR MORE: 6
MIN 32 OR BELOW: 1 0.50 INCH OR MORE: 3
MIN 0 OR BELOW: 0 1.00 INCH OR MORE: 3
[HDD (BASE 65) ]
TOTAL THIS MO. 268 CLEAR (SCALE 0-3) 17
DPTR FM NORMAL 62 PTCLDY (SCALE 4-7) 7
TOTAL FM JUL 1 286 CLOUDY (SCALE 8-10) 7
DPTR FM NORMAL 50
[CDD (BASE 65) ]
TOTAL THIS MO. 39
DPTR FM NORMAL -3 [PRESSURE DATA]
TOTAL FM JAN 1 1532 HIGHEST SLP 30.40 ON 16
DPTR FM NORMAL -25 LOWEST SLP 29.61 ON 29
[REMARKS]
#FINAL-10-20#