000
CXUS54 KLCH 010930
CF6BPT
PRELIMINARY LOCAL CLIMATOLOGICAL DATA (WS FORM: F-6)
STATION: BEAUMONT PORT ARTHUR
MONTH: FEBRUARY
YEAR: 2022
LATITUDE: 29 57 N
LONGITUDE: 94 1 W
TEMPERATURE IN F: :PCPN: SNOW: WIND :SUNSHINE: SKY :PK WND
================================================================================
1 2 3 4 5 6A 6B 7 8 9 10 11 12 13 14 15 16 17 18
12Z AVG MX 2MIN
DY MAX MIN AVG DEP HDD CDD WTR SNW DPTH SPD SPD DIR MIN PSBL S-S WX SPD DR
================================================================================
1 70 56 63 8 2 0 0.13 0.0 0 11.4 20 160 M M 9 128 27 110
2 76 54 65 10 0 0 0.02 0.0 M 6.6 15 110 M M 9 128 20 110
3 70 38 54 -1 11 0 0.29 0.0 M 16.8 28 300 M M 10 138 38 300
4 42 33 38 -18 27 0 0.00 0.0 M 15.0 23 350 M M 10 8 31 330
5 54 31 43 -13 22 0 0.00 0.0 M 6.2 18 340 M M 1 8 26 360
6 60 33 47 -9 18 0 0.00 0.0 M 3.4 12 180 M M 0 8 15 180
7 63 43 53 -3 12 0 0.00 0.0 M 6.2 17 350 M M 0 8 24 320
8 64 36 50 -6 15 0 0.00 0.0 M 4.9 15 190 M M 0 19 200
9 69 33 51 -5 14 0 0.00 0.0 M 4.7 16 170 M M 0 12 20 170
10 71 36 54 -3 11 0 T M M 4.8 17 170 M M 3 128 20 170
11 73 38 56 -1 9 0 0.00 0.0 M 6.0 17 180 M M 3 12 22 170
12 71 41 56 -1 9 0 T M M 12.8 31 360 M M 7 18 44 10
13 59 29 44 -13 21 0 0.00 0.0 M 8.0 23 350 M M 0 33 360
14 68 31 50 -7 15 0 0.00 0.0 M 5.8 16 160 M M 0 12 21 150
15 69 44 57 -1 8 0 0.00 0.0 M 14.7 25 120 M M 4 8 35 120
16 78 60 69 11 0 4 T 0.0 M 15.1 28 160 M M 9 18 37 170
17 81 43 62 4 3 0 0.17 0.0 M 15.0 25 340 M M 7 1 36 330
18 59 36 48 -10 17 0 0.00 0.0 M 13.3 30 360 M M 2 38 350
19 66 38 52 -6 13 0 0.00 0.0 M 6.5 15 30 M M 0 23 50
20 65 41 53 -6 12 0 0.02 M M 7.0 15 120 M M 8 18 18 120
21 78 64 71 12 0 6 T 0.0 M 14.9 25 190 M M 10 1 36 220
22 80 68 74 15 0 9 0.00 0.0 0 12.4 22 170 M M 10 18 29 160
23 70 48 59 0 6 0 0.01 0.0 0 10.4 17 360 M M 10 1 21 360
24 64 45 55 -4 10 0 T M M 9.2 21 350 M M 10 18 29 360
25 46 41 44 -16 21 0 0.28 M M 13.7 21 350 M M 10 1 28 360
26 44 41 43 -17 22 0 T M M 10.6 17 30 M M 10 1 23 10
27 60 39 50 -10 15 0 0.01 M M 11.9 21 360 M M 6 1 27 350
28 67 35 51 -9 14 0 0.00 0.0 M 6.0 15 40 M M 0 1 20 360
================================================================================
SM 1837 1175 327 19 0.93 0.0 273.3 M 148
================================================================================
AV 65.6 42.0 9.8 FASTST M M 5 MAX(MPH)
MISC ----> 31 360 44 10
================================================================================
NOTES:
# LAST OF SEVERAL OCCURRENCES
COLUMN 17 PEAK WIND IN M.P.H.
PRELIMINARY LOCAL CLIMATOLOGICAL DATA (WS FORM: F-6) , PAGE 2
STATION: BEAUMONT PORT ARTHUR
MONTH: FEBRUARY
YEAR: 2022
LATITUDE: 29 57 N
LONGITUDE: 94 1 W
[TEMPERATURE DATA] [PRECIPITATION DATA] SYMBOLS USED IN COLUMN 16
AVERAGE MONTHLY: 53.8 TOTAL FOR MONTH: 0.93 1 = FOG OR MIST
DPTR FM NORMAL: -3.7 DPTR FM NORMAL: -2.16 2 = FOG REDUCING VISIBILITY
HIGHEST: 81 ON 17 GRTST 24HR 0.31 ON 2- 3 TO 1/4 MILE OR LESS
LOWEST: 29 ON 13 3 = THUNDER
SNOW, ICE PELLETS, HAIL 4 = ICE PELLETS
TOTAL MONTH: 0.0 INCH 5 = HAIL
GRTST 24HR 0.0 6 = FREEZING RAIN OR DRIZZLE
GRTST DEPTH: 0 7 = DUSTSTORM OR SANDSTORM:
VSBY 1/2 MILE OR LESS
8 = SMOKE OR HAZE
[NO. OF DAYS WITH] [WEATHER - DAYS WITH] 9 = BLOWING SNOW
X = TORNADO
MAX 32 OR BELOW: 0 0.01 INCH OR MORE: 8
MAX 90 OR ABOVE: 0 0.10 INCH OR MORE: 4
MIN 32 OR BELOW: 3 0.50 INCH OR MORE: 0
MIN 0 OR BELOW: 0 1.00 INCH OR MORE: 0
[HDD (BASE 65) ]
TOTAL THIS MO. 327 CLEAR (SCALE 0-3) 12
DPTR FM NORMAL 92 PTCLDY (SCALE 4-7) 4
TOTAL FM JUL 1 970 CLOUDY (SCALE 8-10) 12
DPTR FM NORMAL -131
[CDD (BASE 65) ]
TOTAL THIS MO. 19
DPTR FM NORMAL -7 [PRESSURE DATA]
TOTAL FM JAN 1 40 HIGHEST SLP 30.59 ON 5
DPTR FM NORMAL -4 LOWEST SLP 29.73 ON 3
[REMARKS]
#FINAL-02-22#