000
CXUS53 KDVN 011420
CLMBRL
CLIMATE REPORT
NATIONAL WEATHER SERVICE QUAD CITIES IA IL
845 AM CST THU FEB 01 2024
...................................
...THE BURLINGTON IA CLIMATE SUMMARY FOR THE MONTH OF JANUARY 2024...
CLIMATE NORMAL PERIOD 1991 TO 2020
CLIMATE RECORD PERIOD 1897 TO 2024
WEATHER OBSERVED NORMAL DEPART LAST YEAR`S
VALUE DATE(S) VALUE FROM VALUE
NORMAL
..............................................................
TEMPERATURE (F)
RECORD
HIGH 70 01/31/1989
LOW -24 01/14/1957
HIGHEST 49 01/31 36 13
LOWEST -18 01/14 17 -35
AVG. MAXIMUM 29.0 32.3 -3.3
AVG. MINIMUM 17.8 16.4 1.4
MEAN 23.4 24.3 -0.9
DAYS MAX >= 90 0
DAYS MAX <= 32 14
DAYS MIN <= 32 26
DAYS MIN <= 0 7
PRECIPITATION (INCHES)
TOTALS 2.50 1.45 1.05
DAILY AVG. 0.08 0.05 0.03
DAYS >= .01 10
DAYS >= .10 6
DAYS >= .50 3
DAYS >= 1.00 0
GREATEST
24 HR. TOTAL 0.81 01/08 TO 01/09
DEGREE DAYS
HEATING TOTAL 1282 1260 22
SINCE 7/1 3143 3503 -360
COOLING TOTAL 0 0 0
SINCE 1/1 0 0 0
..............................................................
WIND (MPH)
AVERAGE WIND SPEED 8.4
HIGHEST WIND SPEED/DIRECTION 25/040 DATE 01/12
HIGHEST GUST SPEED/DIRECTION 42/270 DATE 01/13
SKY COVER
POSSIBLE SUNSHINE (PERCENT) MM
AVERAGE SKY COVER 0.65
NUMBER OF DAYS FAIR 8
NUMBER OF DAYS PC 6
NUMBER OF DAYS CLOUDY 17
AVERAGE RH (PERCENT) 83
WEATHER CONDITIONS. NUMBER OF DAYS WITH
THUNDERSTORM 0 HAIL 0
SLEET 0 FOG 20
FOG W/VIS <= 1/4 MILE 8 HAZE 5
- INDICATES NEGATIVE NUMBERS.
R INDICATES RECORD WAS SET OR TIED.
MM INDICATES DATA IS MISSING.
T INDICATES TRACE AMOUNT.
$$
NOTE: SUPPLEMENTAL CLIMATE DATA WAS USED FROM A NEARBY
CLIMATOLOGICALLY REPRESENTATIVE STATION.
PARAMETER DATE(S)
--------- ----
WTR 9, 12, 18