000
CXUS54 KBRO 010800
CF6BRO
PRELIMINARY LOCAL CLIMATOLOGICAL DATA (WS FORM: F-6)
STATION: BROWNSVILLE
MONTH: SEPTEMBER
YEAR: 2022
LATITUDE: 25 53 N
LONGITUDE: 97 26 W
TEMPERATURE IN F: :PCPN: SNOW: WIND :SUNSHINE: SKY :PK WND
================================================================================
1 2 3 4 5 6A 6B 7 8 9 10 11 12 13 14 15 16 17 18
12Z AVG MX 2MIN
DY MAX MIN AVG DEP HDD CDD WTR SNW DPTH SPD SPD DIR MIN PSBL S-S WX SPD DR
================================================================================
1 95 78 87 1 0 22 0.00 0.0 0 7.7 18 90 M M 3 3 25 90
2 94 78 86 0 0 21 0.12 0.0 0 7.1 18 110 M M 2 13 25 110
3 91 76 84 -1 0 19 0.45 0.0 0 6.5 16 110 M M 3 13 22 140
4 89 77 83 -2 0 18 0.26 0.0 0 5.6 24 160 M M 2 13 35 160
5 85 76 81 -4 0 16 0.13 0.0 0 7.3 16 50 M M 3 1 21 90
6 86 77 82 -3 0 17 0.04 0.0 0 4.9 13 80 M M 2 17 50
7 93 75 84 -1 0 19 0.00 0.0 0 5.3 16 60 M M 1 22 50
8 95 73 84 -1 0 19 0.00 0.0 0 4.9 12 80 M M 0 1 16 60
9 97 75 86 2 0 21 0.10 0.0 0 4.5 16 150 M M 1 3 21 170
10 95 75 85 1 0 20 0.00 0.0 0 5.8 17 90 M M 1 22 100
11 95 74 85 1 0 20 0.00 0.0 0 6.5 17 50 M M 1 25 70
12 95 74 85 1 0 20 0.00 0.0 0 6.0 16 60 M M 1 24 50
13 95 75 85 1 0 20 0.00 0.0 0 6.6 17 70 M M 2 26 50
14 94 76 85 1 0 20 0.41 0.0 0 6.9 23 70 M M 2 3 33 70
15 92 76 84 0 0 19 0.57 0.0 0 5.1 21 110 M M 3 13 28 110
16 95 75 85 2 0 20 T 0.0 0 5.7 16 110 M M 1 23 100
17 94 77 86 3 0 21 0.06 0.0 0 6.1 15 140 M M 2 20 140
18 93 77 85 2 0 20 0.09 0.0 0 5.7 17 120 M M 2 3 22 110
19 94 76 85 2 0 20 0.04 0.0 0 4.8 17 120 M M 2 23 160
20 93 76 85 2 0 20 0.33 0.0 0 4.4 16 150 M M 2 1 21 160
21 94 74 84 1 0 19 0.00 0.0 0 5.8 17 40 M M 1 23 40
22 94 74 84 2 0 19 0.00 0.0 0 6.8 17 70 M M 1 25 40
23 93 76 85 3 0 20 T 0.0 0 6.3 16 90 M M 3 1 23 100
24 92 76 84 2 0 19 0.81 0.0 0 4.0 24 180 M M 3 8 39 250
25 91 74 83 1 0 18 T 0.0 0 3.9 15 80 M M 1 3 19 110
26 88 72 80 -2 0 15 0.75 0.0 0 4.8 28 60 M M 2 13 37 50
27 92 72 82 0 0 17 0.40 0.0 0 7.0 24 340 M M 1 3 37 330
28 90 68 79 -3 0 14 0.00 0.0 0 8.2 18 50 M M 1 27 10
29 89 67 78 -3 0 13 0.00 0.0 0 6.9 18 10 M M 1 27 360
30 90 65 78 -3 0 13 0.00 0.0 0 3.6 12 50 M M 0 17 30
================================================================================
SM 2773 2234 0 559 4.56 0.0 174.7 M 50
================================================================================
AV 92.4 74.5 5.8 FASTST M M 2 MAX(MPH)
MISC ----> 28 60 39 250
================================================================================
NOTES:
# LAST OF SEVERAL OCCURRENCES
COLUMN 17 PEAK WIND IN M.P.H.
PRELIMINARY LOCAL CLIMATOLOGICAL DATA (WS FORM: F-6) , PAGE 2
STATION: BROWNSVILLE
MONTH: SEPTEMBER
YEAR: 2022
LATITUDE: 25 53 N
LONGITUDE: 97 26 W
[TEMPERATURE DATA] [PRECIPITATION DATA] SYMBOLS USED IN COLUMN 16
AVERAGE MONTHLY: 83.5 TOTAL FOR MONTH: 4.56 1 = FOG OR MIST
DPTR FM NORMAL: 0.0 DPTR FM NORMAL: -1.17 2 = FOG REDUCING VISIBILITY
HIGHEST: 97 ON 9 GRTST 24HR 0.81 ON 24-24 TO 1/4 MILE OR LESS
LOWEST: 65 ON 30 3 = THUNDER
SNOW, ICE PELLETS, HAIL 4 = ICE PELLETS
TOTAL MONTH: 0.0 INCH 5 = HAIL
GRTST 24HR 0.0 6 = FREEZING RAIN OR DRIZZLE
GRTST DEPTH: 0 7 = DUSTSTORM OR SANDSTORM:
VSBY 1/2 MILE OR LESS
8 = SMOKE OR HAZE
[NO. OF DAYS WITH] [WEATHER - DAYS WITH] 9 = BLOWING SNOW
X = TORNADO
MAX 32 OR BELOW: 0 0.01 INCH OR MORE: 15
MAX 90 OR ABOVE: 25 0.10 INCH OR MORE: 11
MIN 32 OR BELOW: 0 0.50 INCH OR MORE: 3
MIN 0 OR BELOW: 0 1.00 INCH OR MORE: 0
[HDD (BASE 65) ]
TOTAL THIS MO. 0 CLEAR (SCALE 0-3) 30
DPTR FM NORMAL 0 PTCLDY (SCALE 4-7) 0
TOTAL FM JUL 1 0 CLOUDY (SCALE 8-10) 0
DPTR FM NORMAL 0
[CDD (BASE 65) ]
TOTAL THIS MO. 559
DPTR FM NORMAL 5 [PRESSURE DATA]
TOTAL FM JAN 1 3952 HIGHEST SLP M ON M
DPTR FM NORMAL 130 LOWEST SLP 29.70 ON 9
[REMARKS]
#FINAL-09-22#