000
CXUS54 KBRO 010900
CF6BRO
PRELIMINARY LOCAL CLIMATOLOGICAL DATA (WS FORM: F-6)
STATION: BROWNSVILLE
MONTH: APRIL
YEAR: 2020
LATITUDE: 25 53 N
LONGITUDE: 97 26 W
TEMPERATURE IN F: :PCPN: SNOW: WIND :SUNSHINE: SKY :PK WND
================================================================================
1 2 3 4 5 6A 6B 7 8 9 10 11 12 13 14 15 16 17 18
12Z AVG MX 2MIN
DY MAX MIN AVG DEP HDD CDD WTR SNW DPTH SPD SPD DIR MIN PSBL S-S WX SPD DR
================================================================================
1 86 66 76 4 0 11 0.00 0.0 0 9.5 20 100 M M 3 29 130
2 87 73 80 8 0 15 0.00 0.0 0 14.3 28 140 M M 9 32 140
3 87 74 81 8 0 16 0.00 0.0 0 11.5 22 140 M M 9 26 130
4 85 68 77 4 0 12 0.07 0.0 0 11.9 26 260 M M 10 13 39 290
5 76 62 69 -4 0 4 0.04 0.0 0 9.2 17 30 M M 9 1 24 40
6 88 71 80 7 0 15 0.01 0.0 0 5.3 16 140 M M 7 12 21 130
7 93 72 83 10 0 18 0.00 0.0 0 7.0 17 130 M M 4 1 21 130
8 92 73 83 9 0 18 0.00 0.0 0 6.9 15 140 M M 3 20 160
9 92 71 82 8 0 17 0.00 0.0 0 8.1 20 150 M M 5 12 24 150
10 90 74 82 8 0 17 0.25 0.0 0 9.2 20 60 M M 8 3 25 70
11 88 74 81 7 0 16 0.00 0.0 0 14.9 24 150 M M 5 29 160
12 103 68 86 12 0 21 0.00 0.0 0 14.9 30 180 M M 2 36 180
13 80 63 72 -2 0 7 0.00 0.0 0 10.7 24 30 M M 3 29 50
14 77 68 73 -1 0 8 T 0.0 0 12.2 26 360 M M 9 36 360
15 73 62 68 -7 0 3 0.00 0.0 0 9.8 18 30 M M 8 24 30
16 77 62 70 -5 0 5 T 0.0 0 9.8 17 110 M M 7 22 90
17 91 73 82 7 0 17 0.00 0.0 0 11.6 24 160 M M 9 30 160
18 91 76 84 9 0 19 0.02 0.0 0 9.7 26 130 M M 7 138 34 130
19 100 76 88 13 0 23 0.00 0.0 0 10.0 24 180 M M 5 128 30 200
20 92 75 84 8 0 19 0.00 0.0 0 9.0 21 110 M M 4 128 26 110
21 87 75 81 5 0 16 0.00 0.0 0 12.3 20 110 M M 10 1 24 110
22 94 78 86 10 0 21 0.00 0.0 0 17.5 35 170 M M 7 42 160
23 97 76 87 11 0 22 0.00 0.0 0 9.2 21 50 M M 6 18 27 70
24 97 72 85 9 0 20 0.00 0.0 0 11.2 21 150 M M 4 1 26 170
25 90 76 83 7 0 18 0.00 0.0 0 12.4 21 50 M M 7 18 25 40
26 89 73 81 4 0 16 0.00 0.0 0 9.9 18 80 M M 3 24 40
27 91 69 80 3 0 15 0.00 0.0 0 13.4 23 140 M M 6 29 140
28 95 76 86 9 0 21 0.00 0.0 0 18.4 30 160 M M 8 37 150
29 91 69 80 3 0 15 T 0.0 0 14.1 32 30 M M 6 138 48 30
30 89 63 76 -1 0 11 0.00 0.0 0 6.7 17 130 M M 1 23 100
================================================================================
SM 2668 2128 0 456 0.39 0.0 330.6 M 184
================================================================================
AV 88.9 70.9 11.0 FASTST M M 6 MAX(MPH)
MISC ----> # 35 170 # 48 30
================================================================================
NOTES:
# LAST OF SEVERAL OCCURRENCES
COLUMN 17 PEAK WIND IN M.P.H.
PRELIMINARY LOCAL CLIMATOLOGICAL DATA (WS FORM: F-6) , PAGE 2
STATION: BROWNSVILLE
MONTH: APRIL
YEAR: 2020
LATITUDE: 25 53 N
LONGITUDE: 97 26 W
[TEMPERATURE DATA] [PRECIPITATION DATA] SYMBOLS USED IN COLUMN 16
AVERAGE MONTHLY: 79.9 TOTAL FOR MONTH: 0.39 1 = FOG OR MIST
DPTR FM NORMAL: 5.1 DPTR FM NORMAL: -1.15 2 = FOG REDUCING VISIBILITY
HIGHEST: 103 ON 12 GRTST 24HR 0.25 ON 10-10 TO 1/4 MILE OR LESS
LOWEST: 62 ON 16,15 3 = THUNDER
SNOW, ICE PELLETS, HAIL 4 = ICE PELLETS
TOTAL MONTH: 0.0 INCH 5 = HAIL
GRTST 24HR 0.0 6 = FREEZING RAIN OR DRIZZLE
GRTST DEPTH: 0 7 = DUSTSTORM OR SANDSTORM:
VSBY 1/2 MILE OR LESS
8 = SMOKE OR HAZE
[NO. OF DAYS WITH] [WEATHER - DAYS WITH] 9 = BLOWING SNOW
X = TORNADO
MAX 32 OR BELOW: 0 0.01 INCH OR MORE: 5
MAX 90 OR ABOVE: 16 0.10 INCH OR MORE: 1
MIN 32 OR BELOW: 0 0.50 INCH OR MORE: 0
MIN 0 OR BELOW: 0 1.00 INCH OR MORE: 0
[HDD (BASE 65) ]
TOTAL THIS MO. 0 CLEAR (SCALE 0-3) 5
DPTR FM NORMAL -8 PTCLDY (SCALE 4-7) 18
TOTAL FM JUL 1 317 CLOUDY (SCALE 8-10) 7
DPTR FM NORMAL -237
[CDD (BASE 65) ]
TOTAL THIS MO. 456
DPTR FM NORMAL 154 [PRESSURE DATA]
TOTAL FM JAN 1 1060 HIGHEST SLP 30.17 ON 26
DPTR FM NORMAL 443 LOWEST SLP 29.51 ON 12
[REMARKS]
#FINAL-04-20#