000
CXUS54 KLZK 011410
CF6BVX
PRELIMINARY LOCAL CLIMATOLOGICAL DATA (WS FORM: F-6)
STATION: BATESVILLE REGIONAL AIRPORT
MONTH: JULY
YEAR: 2022
LATITUDE: 35 43 N
LONGITUDE: 91 39 W
TEMPERATURE IN F: :PCPN: SNOW: WIND :SUNSHINE: SKY :PK WND
================================================================================
1 2 3 4 5 6A 6B 7 8 9 10 11 12 13 14 15 16 17 18
12Z AVG MX 2MIN
DY MAX MIN AVG DEP HDD CDD WTR SNW DPTH SPD SPD DIR MIN PSBL S-S WX SPD DR
================================================================================
1 95 73 84 4 0 19 0.00 M M 4.8 9 130 M M 2 M M
2 93 73 83 3 0 18 0.00 M M 5.4 8 170 M M 0 M M
3 93 72 83 3 0 18 0.00 M M 3.7 9 120 M M 3 M M
4 98 75 87 7 0 22 0.02 M M 4.3 9 120 M M 2 3 M M
5 100 77 89 9 0 24 0.00 M M 6.1 12 180 M M 0 17 220
6 101 78 90 10 0 25 0.00 M M 7.0 13 260 M M 0 M M
7 102 80 91 11 0 26 0.00 M M 6.2 10 180 M M 0 8 M M
8 105 79 92 12 0 27 T M M 7.2 14 220 M M 1 3 23 220
9 98 76 87 7 0 22 0.00 M M 6.0 13 350 M M 2 18 310
10 94 74 84 3 0 19 0.00 M M 7.0 15 90 M M 5 22 90
11 98 66 82 1 0 17 0.00 M M 4.6 12 70 M M 0 16 130
12 98 75 87 6 0 22 0.00 M M 4.9 10 90 M M 2 16 99
13 94 75 85 4 0 20 0.01 M M 5.4 14 80 M M 4 8 16 99
14 97 69 83 2 0 18 0.00 M M 5.1 14 60 M M 0 18 60
15 98 64 81 0 0 16 0.00 M M 4.2 12 100 M M 0 M M
16 102 76 89 8 0 24 0.00 M M 5.5 10 180 M M 0 M M
17 99 70 85 4 0 20 0.00 M M 7.7 15 360 M M 2 13 28 360
18 90 70 80 -1 0 15 0.00 M M 5.6 9 100 M M 5 M M
19 100 76 88 7 0 23 0.00 M M 5.9 10 150 M M 2 M M
20 101 81 91 10 0 26 0.00 M M 9.4 17 240 M M 0 8 24 240
21 98 74 86 5 0 21 0.00 M M 4.3 10 90 M M 0 M M
22 101 71 86 5 0 21 0.00 M M 4.6 13 80 M M 0 8 22 110
23 99 77 88 7 0 23 0.00 M M 6.1 13 110 M M 0 20 120
24 102 77 90 9 0 25 0.00 M M 6.7 15 260 M M 1 21 260
25 99 79 89 8 0 24 T M M 4.9 15 140 M M 1 21 140
26 104 78 91 10 0 26 0.00 M M 8.2 15 250 M M 1 23 190
27 99 76 88 7 0 23 T M M 6.0 15 150 M M 2 8 23 150
28 89 74 82 1 0 17 0.25 M M 3.8 7 80 M M 3 18 M M
29 82 71 77 -4 0 12 T M M 2.8 10 270 M M 5 3 M M
30 76 67 72 -9 0 7 1.78 M M 4.2 12 70 M M 10 13 M M
31 79 70 75 -6 0 10 0.48 M M 2.8 7 200 M M 7 12 M M
================================================================================
SM 2984 2293 0 630 2.54 M 170.3 M 60
================================================================================
AV 96.3 74.0 5.5 FASTST M M 2 MAX(MPH)
MISC ----> 17 240 28 360
================================================================================
NOTES:
# LAST OF SEVERAL OCCURRENCES
COLUMN 17 PEAK WIND IN M.P.H.
PRELIMINARY LOCAL CLIMATOLOGICAL DATA (WS FORM: F-6) , PAGE 2
STATION: BATESVILLE REGIONAL AIRPORT
MONTH: JULY
YEAR: 2022
LATITUDE: 35 43 N
LONGITUDE: 91 39 W
[TEMPERATURE DATA] [PRECIPITATION DATA] SYMBOLS USED IN COLUMN 16
AVERAGE MONTHLY: 85.1 TOTAL FOR MONTH: 2.54 1 = FOG OR MIST
DPTR FM NORMAL: 4.4 DPTR FM NORMAL: -1.08 2 = FOG REDUCING VISIBILITY
HIGHEST: 105 ON 8 GRTST 24HR 1.78 ON 30-30 TO 1/4 MILE OR LESS
LOWEST: 64 ON 15 3 = THUNDER
SNOW, ICE PELLETS, HAIL 4 = ICE PELLETS
TOTAL MONTH: M 5 = HAIL
GRTST 24HR M ON M 6 = FREEZING RAIN OR DRIZZLE
GRTST DEPTH: M ON M 7 = DUSTSTORM OR SANDSTORM:
VSBY 1/2 MILE OR LESS
8 = SMOKE OR HAZE
[NO. OF DAYS WITH] [WEATHER - DAYS WITH] 9 = BLOWING SNOW
X = TORNADO
MAX 32 OR BELOW: 0 0.01 INCH OR MORE: 5
MAX 90 OR ABOVE: 27 0.10 INCH OR MORE: 3
MIN 32 OR BELOW: 0 0.50 INCH OR MORE: 1
MIN 0 OR BELOW: 0 1.00 INCH OR MORE: 1
[HDD (BASE 65) ]
TOTAL THIS MO. 0 CLEAR (SCALE 0-3) 23
DPTR FM NORMAL 0 PTCLDY (SCALE 4-7) 7
TOTAL FM JUL 1 0 CLOUDY (SCALE 8-10) 1
DPTR FM NORMAL 0
[CDD (BASE 65) ]
TOTAL THIS MO. 630
DPTR FM NORMAL 143 [PRESSURE DATA]
TOTAL FM JAN 1 1290 HIGHEST SLP 30.22 ON 30
DPTR FM NORMAL 272 LOWEST SLP 29.73 ON 20
[REMARKS]
#FINAL-07-22#