000
CXUS53 KLMK 010710
CF6BWG
PRELIMINARY LOCAL CLIMATOLOGICAL DATA (WS FORM: F-6)
STATION: BOWLING GREEN KY
MONTH: OCTOBER
YEAR: 2022
LATITUDE: 36 58 N
LONGITUDE: 86 26 W
TEMPERATURE IN F: :PCPN: SNOW: WIND :SUNSHINE: SKY :PK WND
================================================================================
1 2 3 4 5 6A 6B 7 8 9 10 11 12 13 14 15 16 17 18
12Z AVG MX 2MIN
DY MAX MIN AVG DEP HDD CDD WTR SNW DPTH SPD SPD DIR MIN PSBL S-S WX SPD DR
================================================================================
1 79 48 64 -2 1 0 0.00 0.0 0 4.9 12 310 M M 0 19 350
2 78 53 66 0 0 1 0.00 0.0 0 5.8 17 40 M M 0 23 50
3 76 49 63 -2 2 0 0.00 0.0 0 5.7 18 50 M M 0 26 40
4 76 41 59 -6 6 0 0.00 0.0 0 2.6 13 60 M M 0 1 19 80
5 80 42 61 -3 4 0 0.00 0.0 0 0.5 8 330 M M 0 1 12 300
6 83 46 65 1 0 0 0.00 0.0 0 3.4 15 210 M M 3 20 220
7 71 51 61 -3 4 0 0.00 0.0 0 4.2 10 330 M M 2 20 300
8 64 38 51 -12 14 0 0.00 0.0 0 3.3 14 260 M M 0 19 40
9 68 34 51 -12 14 0 0.00 0.0 0 1.3 10 290 M M 0 17 290
10 76 37 57 -5 8 0 0.00 0.0 0 1.4 10 120 M M 0 15 110
11 80 43 62 0 3 0 0.00 0.0 0 3.7 14 200 M M 0 17 190
12 84 62 73 11 0 8 0.20 0.0 0 10.9 24 200 M M 4 138 32 200
13 70 48 59 -2 6 0 0.00 0.0 0 7.0 22 240 M M 3 33 240
14 75 44 60 -1 5 0 0.00 0.0 0 9.3 22 220 M M 1 33 220
15 75 53 64 4 1 0 0.00 0.0 0 4.1 13 200 M M 0 18 200
16 68 50 59 -1 6 0 0.01 0.0 0 4.1 12 210 M M 4 1 17 250
17 58 35 47 -13 18 0 0.00 0.0 0 6.7 21 280 M M 0 32 290
18 54 32 43 -16 22 0 0.00 0.0 0 6.6 16 280 M M 3 26 280
19 59 35 47 -12 18 0 0.00 0.0 0 6.3 14 280 M M 0 18 270
20 63 30 47 -11 18 0 0.00 0.0 0 5.4 20 220 M M 1 24 210
21 75 33 54 -4 11 0 0.00 0.0 0 5.9 17 180 M M 0 23 170
22 78 59 69 11 0 4 0.00 0.0 0 9.7 17 180 M M 0 24 190
23 80 47 64 7 1 0 0.00 0.0 0 6.3 20 190 M M 0 1 27 200
24 80 43 62 5 3 0 0.00 0.0 0 6.5 18 160 M M 0 24 180
25 76 54 65 9 0 0 0.51 0.0 0 10.7 22 240 M M 7 1 35 190
26 56 38 47 -9 18 0 T 0.0 0 6.0 22 260 M M 6 18 31 250
27 66 34 50 -6 15 0 0.00 0.0 0 5.7 16 50 M M 0 1 21 80
28 74 40 57 2 8 0 0.00 0.0 0 1.3 7 40 M M 1 11 60
29 74 42 58 3 7 0 0.00 0.0 0 3.1 14 90 M M 0 1 22 60
30 67 57 62 8 3 0 0.49 0.0 0 6.8 15 180 M M 9 1 22 150
31 67 58 63 9 2 0 T 0.0 0 7.7 17 220 M M 9 24 220
================================================================================
SM 2230 1376 218 13 1.21 0.0 166.9 M 53
================================================================================
AV 71.9 44.4 5.4 FASTST M M 2 MAX(MPH)
MISC ----> 24 200 35 190
================================================================================
NOTES:
# LAST OF SEVERAL OCCURRENCES
COLUMN 17 PEAK WIND IN M.P.H.
PRELIMINARY LOCAL CLIMATOLOGICAL DATA (WS FORM: F-6) , PAGE 2
STATION: BOWLING GREEN KY
MONTH: OCTOBER
YEAR: 2022
LATITUDE: 36 58 N
LONGITUDE: 86 26 W
[TEMPERATURE DATA] [PRECIPITATION DATA] SYMBOLS USED IN COLUMN 16
AVERAGE MONTHLY: 58.2 TOTAL FOR MONTH: 1.21 1 = FOG OR MIST
DPTR FM NORMAL: -1.8 DPTR FM NORMAL: -2.42 2 = FOG REDUCING VISIBILITY
HIGHEST: 84 ON 12 GRTST 24HR 0.51 ON 25-25 TO 1/4 MILE OR LESS
LOWEST: 30 ON 20 3 = THUNDER
SNOW, ICE PELLETS, HAIL 4 = ICE PELLETS
TOTAL MONTH: 0.0 INCH 5 = HAIL
GRTST 24HR 0.0 6 = FREEZING RAIN OR DRIZZLE
GRTST DEPTH: 0 7 = DUSTSTORM OR SANDSTORM:
VSBY 1/2 MILE OR LESS
8 = SMOKE OR HAZE
[NO. OF DAYS WITH] [WEATHER - DAYS WITH] 9 = BLOWING SNOW
X = TORNADO
MAX 32 OR BELOW: 0 0.01 INCH OR MORE: 4
MAX 90 OR ABOVE: 0 0.10 INCH OR MORE: 3
MIN 32 OR BELOW: 2 0.50 INCH OR MORE: 1
MIN 0 OR BELOW: 0 1.00 INCH OR MORE: 0
[HDD (BASE 65) ]
TOTAL THIS MO. 218 CLEAR (SCALE 0-3) 23
DPTR FM NORMAL 17 PTCLDY (SCALE 4-7) 6
TOTAL FM JUL 1 245 CLOUDY (SCALE 8-10) 2
DPTR FM NORMAL 21
[CDD (BASE 65) ]
TOTAL THIS MO. 13
DPTR FM NORMAL -33 [PRESSURE DATA]
TOTAL FM JAN 1 1874 HIGHEST SLP M ON M
DPTR FM NORMAL 202 LOWEST SLP 29.62 ON 25
[REMARKS]
#FINAL-10-22#