000
CXUS53 KLMK 010810
CF6BWG
PRELIMINARY LOCAL CLIMATOLOGICAL DATA (WS FORM: F-6)
STATION: BOWLING GREEN KY
MONTH: FEBRUARY
YEAR: 2021
LATITUDE: 36 58 N
LONGITUDE: 86 26 W
TEMPERATURE IN F: :PCPN: SNOW: WIND :SUNSHINE: SKY :PK WND
================================================================================
1 2 3 4 5 6A 6B 7 8 9 10 11 12 13 14 15 16 17 18
12Z AVG MX 2MIN
DY MAX MIN AVG DEP HDD CDD WTR SNW DPTH SPD SPD DIR MIN PSBL S-S WX SPD DR
================================================================================
1 37 31 34 -3 31 0 0.08 1.4 1 9.4 16 320 M M 10 1 29 320
2 39 27 33 -4 32 0 0.00 0.0 0 7.3 16 300 M M 6 25 330
3 44 26 35 -2 30 0 0.00 0.0 0 2.6 9 10 M M 2 16 10
4 51 25 38 1 27 0 0.31 0.0 0 8.2 26 200 M M 6 1 35 200
5 46 29 38 0 27 0 0.00 0.0 0 7.0 18 240 M M 3 30 220
6 48 29 39 1 26 0 0.01 0.0 0 4.0 13 350 M M 5 21 10
7 38 25 32 -6 33 0 T T 0 4.1 12 330 M M 5 1 21 350
8 44 22 33 -5 32 0 0.00 0.0 0 3.0 13 180 M M 6 8 19 190
9 48 34 41 3 24 0 0.00 0.0 0 5.3 14 50 M M 9 18 30
10 42 33 38 0 27 0 0.23 T 0 5.6 13 60 M M 10 148 19 340
11 34 28 31 -8 34 0 0.36 T 0 8.1 16 50 M M 10 168 21 50
12 29 25 27 -12 38 0 0.00 0.0 0 5.4 9 10 M M 10 18 17 20
13 29 23 26 -13 39 0 0.00 0.0 0 5.5 10 320 M M 10 18 17 330
14 28 22 25 -15 40 0 0.08 0.3 0 6.9 14 40 M M 10 18 19 10
15 25 16 21 -19 44 0 0.61 2.2 T 7.7 17 40 M M 10 168 22 270
16 16 8 12 -28 53 0 T 0.9 3 6.6 16 280 M M 10 8 22 280
17 27 11 19 -21 46 0 0.16 2.9 3 6.9 14 50 M M 8 1 17 50
18 31 20 26 -14 39 0 0.01 T 5 5.2 10 320 M M 9 18 17 330
19 32 12 22 -19 43 0 0.00 0.0 5 2.7 10 290 M M 0 18 14 260
20 39 9 24 -17 41 0 0.00 0.0 4 1.4 7 140 M M 1 18 11 150
21 52 20 36 -5 29 0 0.00 0.0 2 8.3 21 190 M M 2 18 31 200
22 51 39 45 3 20 0 0.16 0.0 T 8.9 16 270 M M 6 1 24 210
23 63 36 50 8 15 0 0.00 0.0 0 6.1 14 230 M M 0 19 230
24 70 35 53 11 12 0 T 0.0 0 8.4 23 220 M M 5 31 220
25 55 37 46 4 19 0 0.00 0.0 0 6.2 13 50 M M 1 18 40
26 47 40 44 1 21 0 0.17 0.0 0 6.9 14 80 M M 7 1 19 50
27 57 47 52 9 13 0 0.72 0.0 0 4.6 14 280 M M 10 1 19 280
28 70 55 63 20 2 0 5.11 0.0 0 10.0 23 210 M M 10 123 36 200
================================================================================
SM 1192 764 837 0 8.01 7.7 172.3 M 181
================================================================================
AV 42.6 27.3 6.2 FASTST M M 6 MAX(MPH)
MISC ----> 26 200 36 200
================================================================================
NOTES:
# LAST OF SEVERAL OCCURRENCES
COLUMN 17 PEAK WIND IN M.P.H.
PRELIMINARY LOCAL CLIMATOLOGICAL DATA (WS FORM: F-6) , PAGE 2
STATION: BOWLING GREEN KY
MONTH: FEBRUARY
YEAR: 2021
LATITUDE: 36 58 N
LONGITUDE: 86 26 W
[TEMPERATURE DATA] [PRECIPITATION DATA] SYMBOLS USED IN COLUMN 16
AVERAGE MONTHLY: 34.9 TOTAL FOR MONTH: 8.01 1 = FOG OR MIST
DPTR FM NORMAL: -4.9 DPTR FM NORMAL: 4.05 2 = FOG REDUCING VISIBILITY
HIGHEST: 70 ON 28,24 GRTST 24HR 5.31 ON 27-28 TO 1/4 MILE OR LESS
LOWEST: 8 ON 16 3 = THUNDER
SNOW, ICE PELLETS, HAIL 4 = ICE PELLETS
TOTAL MONTH: 7.7 INCHES 5 = HAIL
GRTST 24HR 2.9 ON 17-17 6 = FREEZING RAIN OR DRIZZLE
GRTST DEPTH: 5 ON 19,18 7 = DUSTSTORM OR SANDSTORM:
VSBY 1/2 MILE OR LESS
8 = SMOKE OR HAZE
[NO. OF DAYS WITH] [WEATHER - DAYS WITH] 9 = BLOWING SNOW
X = TORNADO
MAX 32 OR BELOW: 8 0.01 INCH OR MORE: 13
MAX 90 OR ABOVE: 0 0.10 INCH OR MORE: 9
MIN 32 OR BELOW: 19 0.50 INCH OR MORE: 3
MIN 0 OR BELOW: 0 1.00 INCH OR MORE: 1
[HDD (BASE 65) ]
TOTAL THIS MO. 837 CLEAR (SCALE 0-3) 7
DPTR FM NORMAL 131 PTCLDY (SCALE 4-7) 9
TOTAL FM JUL 1 3047 CLOUDY (SCALE 8-10) 12
DPTR FM NORMAL -150
[CDD (BASE 65) ]
TOTAL THIS MO. 0
DPTR FM NORMAL 0 [PRESSURE DATA]
TOTAL FM JAN 1 0 HIGHEST SLP M ON M
DPTR FM NORMAL 0 LOWEST SLP 29.59 ON 4
[REMARKS]
#FINAL-02-21#