000
CXUS51 KLWX 010815
CF6BWI
PRELIMINARY LOCAL CLIMATOLOGICAL DATA (WS FORM: F-6)
STATION: BALTIMORE MD
MONTH: AUGUST
YEAR: 2022
LATITUDE: 39 10 N
LONGITUDE: 76 40 W
TEMPERATURE IN F: :PCPN: SNOW: WIND :SUNSHINE: SKY :PK WND
================================================================================
1 2 3 4 5 6A 6B 7 8 9 10 11 12 13 14 15 16 17 18
12Z AVG MX 2MIN
DY MAX MIN AVG DEP HDD CDD WTR SNW DPTH SPD SPD DIR MIN PSBL S-S WX SPD DR
================================================================================
1 89 71 80 2 0 15 0.14 0.0 0 5.5 14 270 M M 7 1 24 340
2 94 71 83 5 0 18 0.00 0.0 0 6.2 15 270 M M 4 25 290
3 94 70 82 4 0 17 0.00 0.0 0 4.0 13 260 M M 2 17 330
4 99 73 86 9 0 21 1.22 0.0 0 5.4 24 230 M M 4 138 37 240
5 92 73 83 6 0 18 0.28 0.0 0 5.0 22 240 M M 8 138 31 240
6 90 73 82 5 0 17 0.00 0.0 0 5.5 14 200 M M 8 20 240
7 93 75 84 7 0 19 0.00 0.0 0 5.7 14 200 M M 6 23 220
8 94 77 86 9 0 21 0.00 0.0 0 4.8 14 210 M M 4 3 20 210
9 97 77 87 10 0 22 0.03 0.0 0 6.4 23 290 M M 3 3 33 310
10 94 73 84 7 0 19 0.81 0.0 0 4.6 26 230 M M 6 13 38 230
11 88 73 81 4 0 16 0.01 0.0 0 7.3 14 300 M M 7 1 25 330
12 85 63 74 -3 0 9 0.00 0.0 0 6.4 15 330 M M 5 27 340
13 84 58 71 -6 0 6 0.00 0.0 0 5.0 14 50 M M 3 24 20
14 84 65 75 -1 0 10 0.01 0.0 0 4.6 14 130 M M 8 20 170
15 81 66 74 -2 0 9 0.06 0.0 0 5.1 14 90 M M 8 1 20 30
16 83 65 74 -2 0 9 0.00 0.0 0 6.8 17 70 M M 6 8 24 60
17 84 60 72 -4 0 7 0.40 T 0 3.1 35 90 M M 5 1358 49 60
18 86 60 73 -3 0 8 0.00 0.0 0 4.5 14 240 M M 2 22 310
19 89 63 76 0 0 11 0.00 0.0 0 4.3 15 140 M M 5 8 22 140
20 88 67 78 2 0 13 0.00 0.0 0 3.5 14 130 M M 4 8 21 140
21 83 68 76 0 0 11 0.30 0.0 0 3.7 13 130 M M 8 13 18 130
22 88 72 80 4 0 15 0.19 0.0 0 4.1 14 240 M M 8 18 20 10
23 88 69 79 4 0 14 0.00 0.0 0 6.9 17 280 M M 3 25 260
24 89 67 78 3 0 13 0.00 0.0 0 4.5 13 310 M M 3 22 320
25 91 65 78 3 0 13 0.04 0.0 0 2.0 17 40 M M 5 3 27 30
26 92 71 82 7 0 17 0.00 0.0 0 4.5 15 280 M M 5 22 290
27 90 69 80 5 0 15 0.16 0.0 0 3.6 17 300 M M 5 8 22 300
28 90 69 80 5 0 15 0.00 0.0 0 5.3 13 100 M M 5 19 50
29 91 73 82 8 0 17 0.00 0.0 0 4.2 15 130 M M 5 21 130
30 95 71 83 9 0 18 0.06 0.0 0 7.1 26 270 M M 5 38 250
31 87 64 76 2 0 11 0.00 0.0 0 8.9 18 270 M M 2 26 300
================================================================================
SM 2772 2131 0 444 3.71 T 158.5 M 159
================================================================================
AV 89.4 68.7 5.1 FASTST M M 5 MAX(MPH)
MISC ----> 35 90 49 60
================================================================================
NOTES:
# LAST OF SEVERAL OCCURRENCES
COLUMN 17 PEAK WIND IN M.P.H.
PRELIMINARY LOCAL CLIMATOLOGICAL DATA (WS FORM: F-6) , PAGE 2
STATION: BALTIMORE MD
MONTH: AUGUST
YEAR: 2022
LATITUDE: 39 10 N
LONGITUDE: 76 40 W
[TEMPERATURE DATA] [PRECIPITATION DATA] SYMBOLS USED IN COLUMN 16
AVERAGE MONTHLY: 79.1 TOTAL FOR MONTH: 3.71 1 = FOG OR MIST
DPTR FM NORMAL: 2.9 DPTR FM NORMAL: -0.38 2 = FOG REDUCING VISIBILITY
HIGHEST: 99 ON 4 GRTST 24HR 1.28 ON 4- 5 TO 1/4 MILE OR LESS
LOWEST: 58 ON 13 3 = THUNDER
SNOW, ICE PELLETS, HAIL 4 = ICE PELLETS
TOTAL MONTH: T 5 = HAIL
GRTST 24HR T ON 17-17 6 = FREEZING RAIN OR DRIZZLE
GRTST DEPTH: 0 7 = DUSTSTORM OR SANDSTORM:
VSBY 1/2 MILE OR LESS
8 = SMOKE OR HAZE
[NO. OF DAYS WITH] [WEATHER - DAYS WITH] 9 = BLOWING SNOW
X = TORNADO
MAX 32 OR BELOW: 0 0.01 INCH OR MORE: 14
MAX 90 OR ABOVE: 15 0.10 INCH OR MORE: 8
MIN 32 OR BELOW: 0 0.50 INCH OR MORE: 2
MIN 0 OR BELOW: 0 1.00 INCH OR MORE: 1
[HDD (BASE 65) ]
TOTAL THIS MO. 0 CLEAR (SCALE 0-3) 6
DPTR FM NORMAL 0 PTCLDY (SCALE 4-7) 25
TOTAL FM JUL 1 0 CLOUDY (SCALE 8-10) 0
DPTR FM NORMAL 0
[CDD (BASE 65) ]
TOTAL THIS MO. 444
DPTR FM NORMAL 98 [PRESSURE DATA]
TOTAL FM JAN 1 1350 HIGHEST SLP 30.25 ON 6
DPTR FM NORMAL 216 LOWEST SLP 29.77 ON 30
[REMARKS]
#FINAL-08-22#