000
CXUS54 KHGX 011510
CF6BYY
PRELIMINARY LOCAL CLIMATOLOGICAL DATA (WS FORM: F-6)
STATION: Bay City
MONTH: NOVEMBER
YEAR: 2022
LATITUDE: 28 58 N
LONGITUDE: 95 52 W
TEMPERATURE IN F: :PCPN: SNOW: WIND :SUNSHINE: SKY :PK WND
================================================================================
1 2 3 4 5 6A 6B 7 8 9 10 11 12 13 14 15 16 17 18
12Z AVG MX 2MIN
DY MAX MIN AVG DEP HDD CDD WTR SNW DPTH SPD SPD DIR MIN PSBL S-S WX SPD DR
================================================================================
1 66 61 64 M 1 0 1.65 0.0 0 9.3 17 120 M M 9 23 70
2 78 61 70 M 0 5 0.00 0.0 0 8.6 13 70 M M 10 1 18 80
3 84 71 78 M 0 13 0.00 0.0 0 8.3 14 170 M M 7 1 20 170
4 83 73 78 M 0 13 0.05 0.0 0 12.3 21 180 M M 9 1 33 170
5 74 60 67 M 0 2 0.08 0.0 0 6.6 15 330 M M 0 27 330
6 M M M M M M M 0.0 0 6.9 14 180 M M 0 20 180
7 M M M M M M M 0.0 0 M M M M M M M M
8 83 68 76 M 0 11 M 0.0 0 8.3 14 120 M M 4 1 17 120
9 83 64 74 M 0 9 M 0.0 0 6.4 14 130 M M 6 12 20 130
10 80 64 72 M 0 7 0.00 0.0 0 5.8 9 170 M M 3 12 16 150
11 82 49 66 M 0 1 M 0.0 0 8.8 20 360 M M 7 12 29 350
12 61 43 52 M 13 0 0.00 0.0 0 13.4 20 10 M M 2 28 360
13 60 38 49 M 16 0 0.00 0.0 0 6.6 12 80 M M 4 M M
14 71 49 60 M 5 0 0.36 0.0 0 10.1 17 320 M M 9 1 25 350
15 56 43 50 M 15 0 0.00 0.0 0 11.3 16 10 M M 5 24 10
16 50 41 46 M 19 0 0.00 0.0 0 6.9 14 30 M M 8 18 20
17 54 47 51 M 14 0 M 0.0 0 5.1 13 40 M M 10 17 50
18 59 48 54 M 11 0 0.10 0.0 0 8.7 14 60 M M 10 20 80
19 49 43 46 M 19 0 1.16 0.0 0 14.0 20 30 M M 10 31 40
20 55 43 49 M 16 0 M 0.0 0 8.9 14 30 M M 9 18 20
21 49 44 47 M 18 0 0.67 0.0 0 9.4 15 40 M M 10 18 30
22 55 45 50 M 15 0 0.33 0.0 0 5.4 9 40 M M 8 16 40
23 73 46 60 M 5 0 0.00 0.0 0 6.5 12 130 M M 5 1 M M
24 78 63 71 M 0 6 0.19 0.0 0 9.0 22 40 M M 10 1 27 40
25 63 60 62 M 3 0 1.21 0.0 0 9.7 17 70 M M 8 1 24 50
26 67 49 58 M 7 0 1.92 0.0 0 12.1 28 310 M M 4 33 310
27 75 48 62 M 3 0 0.00 0.0 0 6.9 15 260 M M 2 12 20 260
28 75 51 63 M 2 0 M 0.0 0 5.7 12 140 M M 3 1 M M
29 79 70 75 M 0 10 M 0.0 0 10.0 17 200 M M 10 1 30 200
30 73 49 61 M 4 0 0.00 0.0 0 11.4 20 10 M M 3 1 25 10
================================================================================
SM 1915 1491 186 77 7.72 0.0 252.4 M 185
================================================================================
AV 68.4 53.3 8.7 FASTST M M 6 MAX(MPH)
MISC ----> 28 310 # 33 170
================================================================================
NOTES:
# LAST OF SEVERAL OCCURRENCES
COLUMN 17 PEAK WIND IN M.P.H.
PRELIMINARY LOCAL CLIMATOLOGICAL DATA (WS FORM: F-6) , PAGE 2
STATION: Bay City
MONTH: NOVEMBER
YEAR: 2022
LATITUDE: 28 58 N
LONGITUDE: 95 52 W
[TEMPERATURE DATA] [PRECIPITATION DATA] SYMBOLS USED IN COLUMN 16
AVERAGE MONTHLY: 60.8 TOTAL FOR MONTH: 7.72 1 = FOG OR MIST
DPTR FM NORMAL: 0.0 DPTR FM NORMAL: M 2 = FOG REDUCING VISIBILITY
HIGHEST: 84 ON 3 GRTST 24HR 1.92 ON 26-26 TO 1/4 MILE OR LESS
LOWEST: 38 ON 13 3 = THUNDER
SNOW, ICE PELLETS, HAIL 4 = ICE PELLETS
TOTAL MONTH: 0.0 INCH 5 = HAIL
GRTST 24HR 0.0 6 = FREEZING RAIN OR DRIZZLE
GRTST DEPTH: 0 7 = DUSTSTORM OR SANDSTORM:
VSBY 1/2 MILE OR LESS
8 = SMOKE OR HAZE
[NO. OF DAYS WITH] [WEATHER - DAYS WITH] 9 = BLOWING SNOW
X = TORNADO
MAX 32 OR BELOW: 0 0.01 INCH OR MORE: 11
MAX 90 OR ABOVE: 0 0.10 INCH OR MORE: 9
MIN 32 OR BELOW: 0 0.50 INCH OR MORE: 5
MIN 0 OR BELOW: 0 1.00 INCH OR MORE: 4
[HDD (BASE 65) ]
TOTAL THIS MO. 186 CLEAR (SCALE 0-3) 7
DPTR FM NORMAL M PTCLDY (SCALE 4-7) 10
TOTAL FM JUL 1 215 CLOUDY (SCALE 8-10) 13
DPTR FM NORMAL M
[CDD (BASE 65) ]
TOTAL THIS MO. 77
DPTR FM NORMAL M [PRESSURE DATA]
TOTAL FM JAN 1 3240 HIGHEST SLP M ON M
DPTR FM NORMAL M LOWEST SLP M ON M
[REMARKS]
#FINAL-11-22#