000
CXUS52 KCAE 011400
CF6CAE
PRELIMINARY LOCAL CLIMATOLOGICAL DATA (WS FORM: F-6)
STATION: COLUMBIA METRO AIRPORT SC
MONTH: SEPTEMBER
YEAR: 2023
LATITUDE: 33 57 N
LONGITUDE: 81 7 W
TEMPERATURE IN F: :PCPN: SNOW: WIND :SUNSHINE: SKY :PK WND
================================================================================
1 2 3 4 5 6A 6B 7 8 9 10 11 12 13 14 15 16 17 18
12Z AVG MX 2MIN
DY MAX MIN AVG DEP HDD CDD WTR SNW DPTH SPD SPD DIR MIN PSBL S-S WX SPD DR
================================================================================
1 84 66 75 -4 0 10 0.00 0.0 0 6.0 16 80 M M 3 23 60
2 83 61 72 -7 0 7 0.00 0.0 0 2.8 13 80 M M 5 16 60
3 89 58 74 -5 0 9 0.00 0.0 0 2.7 10 140 M M 0 12 90
4 94 63 79 1 0 14 0.00 0.0 0 3.0 12 290 M M 1 15 290
5 95 67 81 3 0 16 0.00 0.0 0 2.5 10 330 M M 3 14 310
6 96 71 84 6 0 19 0.00 0.0 0 4.2 12 270 M M 4 8 15 270
7 95 68 82 4 0 17 0.13 0.0 0 5.9 45 270 M M 6 138 54 270
8 90 66 78 0 0 13 0.00 0.0 0 2.6 13 90 M M 5 1 18 100
9 83 70 77 0 0 12 1.70 0.0 0 4.3 26 210 M M 7 13 33 210
10 83 71 77 0 0 12 0.15 0.0 0 3.3 14 200 M M 6 13 19 190
11 91 68 80 3 0 15 0.00 0.0 0 2.3 10 170 M M 3 1 13 280
12 88 70 79 2 0 14 0.92 0.0 0 5.2 25 300 M M 5 13 32 320
13 86 68 77 1 0 12 0.00 0.0 0 2.4 13 190 M M 7 13 15 190
14 85 71 78 2 0 13 0.00 0.0 0 5.0 15 80 M M 6 1 22 40
15 83 65 74 -2 0 9 0.00 0.0 0 6.7 15 70 M M 5 19 70
16 84 61 73 -3 0 8 0.00 0.0 0 3.7 12 130 M M 4 14 150
17 79 67 73 -2 0 8 1.53 0.0 0 2.8 12 310 M M 8 123 15 330
18 81 63 72 -3 0 7 0.00 0.0 0 4.8 16 290 M M 2 1 20 290
19 84 58 71 -4 0 6 0.00 0.0 0 2.5 9 110 M M 4 1 12 130
20 84 66 75 1 0 10 0.00 0.0 0 3.2 13 110 M M 7 16 110
21 83 65 74 0 0 9 0.00 0.0 0 6.2 21 80 M M 8 26 80
22 81 64 73 -1 0 8 0.00 0.0 0 9.2 18 20 M M 4 29 50
23 81 65 73 -1 0 8 0.00 0.0 0 8.0 18 320 M M 8 25 330
24 88 61 75 2 0 10 0.00 0.0 0 2.5 14 260 M M 1 17 260
25 88 59 74 1 0 9 0.00 0.0 0 3.3 13 280 M M 3 17 280
26 83 61 72 0 0 7 0.00 0.0 0 6.2 14 70 M M 7 1 20 70
27 72 65 69 -3 0 4 0.00 0.0 0 8.9 14 20 M M 9 20 30
28 76 62 69 -3 0 4 T 0.0 0 5.0 12 30 M M 8 1 16 30
29 86 63 75 4 0 10 0.00 0.0 0 3.8 10 20 M M 4 14 350
30 85 58 72 1 0 7 0.00 0.0 0 4.0 12 70 M M 3 15 70
================================================================================
SM 2560 1941 0 307 4.43 0.0 133.0 M 146
================================================================================
AV 85.3 64.7 4.4 FASTST M M 5 MAX(MPH)
MISC ----> 45 270 54 270
================================================================================
NOTES:
# LAST OF SEVERAL OCCURRENCES
COLUMN 17 PEAK WIND IN M.P.H.
PRELIMINARY LOCAL CLIMATOLOGICAL DATA (WS FORM: F-6) , PAGE 2
STATION: COLUMBIA METRO AIRPORT SC
MONTH: SEPTEMBER
YEAR: 2023
LATITUDE: 33 57 N
LONGITUDE: 81 7 W
[TEMPERATURE DATA] [PRECIPITATION DATA] SYMBOLS USED IN COLUMN 16
AVERAGE MONTHLY: 75.0 TOTAL FOR MONTH: 4.43 1 = FOG OR MIST
DPTR FM NORMAL: -0.5 DPTR FM NORMAL: 0.52 2 = FOG REDUCING VISIBILITY
HIGHEST: 96 ON 6 GRTST 24HR 1.82 ON 9-10 TO 1/4 MILE OR LESS
LOWEST: 58 ON 30,19 3 = THUNDER
SNOW, ICE PELLETS, HAIL 4 = ICE PELLETS
TOTAL MONTH: 0.0 INCH 5 = HAIL
GRTST 24HR 0.0 6 = FREEZING RAIN OR DRIZZLE
GRTST DEPTH: 0 7 = DUSTSTORM OR SANDSTORM:
VSBY 1/2 MILE OR LESS
8 = SMOKE OR HAZE
[NO. OF DAYS WITH] [WEATHER - DAYS WITH] 9 = BLOWING SNOW
X = TORNADO
MAX 32 OR BELOW: 0 0.01 INCH OR MORE: 5
MAX 90 OR ABOVE: 6 0.10 INCH OR MORE: 5
MIN 32 OR BELOW: 0 0.50 INCH OR MORE: 3
MIN 0 OR BELOW: 0 1.00 INCH OR MORE: 2
[HDD (BASE 65) ]
TOTAL THIS MO. 0 CLEAR (SCALE 0-3) 7
DPTR FM NORMAL -6 PTCLDY (SCALE 4-7) 20
TOTAL FM JUL 1 0 CLOUDY (SCALE 8-10) 3
DPTR FM NORMAL -4
[CDD (BASE 65) ]
TOTAL THIS MO. 307
DPTR FM NORMAL -14 [PRESSURE DATA]
TOTAL FM JAN 1 2085 HIGHEST SLP 30.24 ON 2
DPTR FM NORMAL -43 LOWEST SLP 29.76 ON 7
[REMARKS]
#FINAL-09-23#