000
CXUS55 KGJT 011010
CF6CAG
PRELIMINARY LOCAL CLIMATOLOGICAL DATA (WS FORM: F-6)
STATION: CRAIG CO
MONTH: FEBRUARY
YEAR: 2023
LATITUDE: 40 30 N
LONGITUDE: 107 32 W
TEMPERATURE IN F: :PCPN: SNOW: WIND :SUNSHINE: SKY :PK WND
================================================================================
1 2 3 4 5 6A 6B 7 8 9 10 11 12 13 14 15 16 17 18
12Z AVG MX 2MIN
DY MAX MIN AVG DEP HDD CDD WTR SNW DPTH SPD SPD DIR MIN PSBL S-S WX SPD DR
================================================================================
1 7 -22 -7 -26 72 0 0.00 M M 1.3 7 210 M M 1 9 210
2 14 -20 -3 -22 68 0 0.00 M M 1.0 6 210 M M 3 128 7 220
3 19 -19 0 -19 65 0 0.00 M M 1.4 9 220 M M 1 128 11 220
4 26 -8 9 -10 56 0 0.00 M M 0.8 6 220 M M 2 8 230
5 40 3 22 3 43 0 0.16 M M 3.7 16 240 M M 3 1 23 230
6 29 17 23 3 42 0 0.05 M M 5.0 13 270 M M 9 1 18 250
7 23 -5 9 -11 56 0 T M M 1.4 8 210 M M 4 128 9 220
8 25 -9 8 -12 57 0 T M M 4.9 15 240 M M 7 128 20 320
9 20 -13 4 -16 61 0 T M M 6.4 20 210 M M 3 18 29 230
10 19 -16 2 -18 63 0 0.00 M M 3.0 12 220 M M 0 16 70
11 23 -14 5 -16 60 0 0.00 M M 1.3 7 230 M M 0 8 230
12 27 -3 12 -9 53 0 0.00 M M 1.2 7 140 M M 0 8 9 220
13 23 -8 8 -13 57 0 0.00 M M 0.2 9 50 M M 4 128 12 50
14 27 2 15 -7 50 0 0.04 M M 2.9 14 210 M M 7 128 16 310
15 19 5 12 -10 53 0 0.01 M M 10.1 23 220 M M 10 18 27 230
16 17 -21 -2 -24 67 0 T M M 1.1 12 220 M M 2 18 13 220
17 19 -17 1 -21 64 0 0.00 M M 2.5 10 210 M M 0 12 210
18 26 -15 6 -17 59 0 0.00 M M 2.4 9 130 M M 0 12 210
19 34 10 22 -1 43 0 T M M 4.8 18 260 M M 8 8 23 270
20 40 18 29 5 36 0 0.00 M M 8.7 20 240 M M 9 26 240
21 42 12 27 3 38 0 0.03 M M 9.9 28 240 M M 5 1 39 240
22 41 -3 19 -5 46 0 0.04 M M 10.9 39 260 M M 9 128 51 190
23 25 -6 10 -15 55 0 0.01 M M 5.5 14 60 M M 8 18 20 80
24 30 3 17 -8 48 0 0.03 M M 7.4 18 240 M M 5 1 23 220
25 28 -1 14 -12 51 0 0.00 M M 1.3 12 220 M M 4 14 220
26 38 5 22 -4 43 0 T M M 7.6 24 210 M M 5 30 210
27 34 23 29 3 36 0 0.00 M M 16.4 32 210 M M 8 38 210
28 32 3 18 -9 47 0 0.01 M M 16.1 36 250 M M 5 128 47 210
================================================================================
SM 747 -99 1489 0 0.38 M 139.2 M 122
================================================================================
AV 26.7 -3.5 5.0 FASTST M M 4 MAX(MPH)
MISC ----> 39 260 51 190
================================================================================
NOTES:
# LAST OF SEVERAL OCCURRENCES
COLUMN 17 PEAK WIND IN M.P.H.
PRELIMINARY LOCAL CLIMATOLOGICAL DATA (WS FORM: F-6) , PAGE 2
STATION: CRAIG CO
MONTH: FEBRUARY
YEAR: 2023
LATITUDE: 40 30 N
LONGITUDE: 107 32 W
[TEMPERATURE DATA] [PRECIPITATION DATA] SYMBOLS USED IN COLUMN 16
AVERAGE MONTHLY: 11.6 TOTAL FOR MONTH: 0.38 1 = FOG OR MIST
DPTR FM NORMAL: -10.6 DPTR FM NORMAL: -0.51 2 = FOG REDUCING VISIBILITY
HIGHEST: 42 ON 21 GRTST 24HR 0.21 ON 5- 6 TO 1/4 MILE OR LESS
LOWEST: -22 ON 1 3 = THUNDER
SNOW, ICE PELLETS, HAIL 4 = ICE PELLETS
TOTAL MONTH: M 5 = HAIL
GRTST 24HR M ON M 6 = FREEZING RAIN OR DRIZZLE
GRTST DEPTH: M ON M 7 = DUSTSTORM OR SANDSTORM:
VSBY 1/2 MILE OR LESS
8 = SMOKE OR HAZE
[NO. OF DAYS WITH] [WEATHER - DAYS WITH] 9 = BLOWING SNOW
X = TORNADO
MAX 32 OR BELOW: 21 0.01 INCH OR MORE: 9
MAX 90 OR ABOVE: 0 0.10 INCH OR MORE: 1
MIN 32 OR BELOW: 28 0.50 INCH OR MORE: 0
MIN 0 OR BELOW: 17 1.00 INCH OR MORE: 0
[HDD (BASE 65) ]
TOTAL THIS MO. 1489 CLEAR (SCALE 0-3) 11
DPTR FM NORMAL 289 PTCLDY (SCALE 4-7) 13
TOTAL FM JUL 1 6501 CLOUDY (SCALE 8-10) 4
DPTR FM NORMAL 445
[CDD (BASE 65) ]
TOTAL THIS MO. 0
DPTR FM NORMAL 0 [PRESSURE DATA]
TOTAL FM JAN 1 0 HIGHEST SLP 31.00 ON 2
DPTR FM NORMAL 0 LOWEST SLP 28.93 ON 22
[REMARKS]
#FINAL-02-23#