000
CXUS51 KCLE 031456
CLMCAK
CLIMATE REPORT
NATIONAL WEATHER SERVICE CLEVELAND, OH
1056 AM EDT FRI NOV 03 2023
...................................
...THE AKRON CANTON OH CLIMATE SUMMARY FOR THE MONTH OF OCTOBER 2023...
CLIMATE NORMAL PERIOD 1991 TO 2020
CLIMATE RECORD PERIOD 1887 TO 2023
WEATHER OBSERVED NORMAL DEPART LAST YEAR`S
VALUE DATE(S) VALUE FROM VALUE
NORMAL
..............................................................
TEMPERATURE (F)
RECORD
HIGH 91 10/01/2019
LOW 20 10/20/1952
HIGHEST 83 10/03
LOWEST 27 10/31
AVG. MAXIMUM 61.9 63.4 -1.5 64.3
AVG. MINIMUM 45.5 44.0 1.5 42.9
MEAN 53.7 53.7 -0.0 53.6
DAYS MAX >= 90 0 0.0 0.0 0
DAYS MAX <= 32 0 0.0 0.0 0
DAYS MIN <= 32 3 2.9 0.1 0
DAYS MIN <= 0 0 0.0 0.0 0
PRECIPITATION (INCHES)
RECORD
MAXIMUM 8.42 1954
MINIMUM 0.22 1924
TOTALS 2.81 3.34 -0.53 2.38
DAYS >= .01 15 12.0 3.0 8
DAYS >= .10 8 6.9 1.1 5
DAYS >= .50 1 2.3 -1.3 3
DAYS >= 1.00 0 0.6 -0.6 0
GREATEST
24 HR. TOTAL 0.84 10/20 TO 10/20 1.38
10/20 TO 10/21
SNOWFALL (INCHES)
RECORDS
TOTAL 6.8 1952
TOTALS 0.3 0.3 0.0 0.9
SINCE 7/1 0.3 0.3 0.0 0.9
DAYS >= 1.0 0 0.1 -0.1 0
GREATEST
24 HR TOTAL 0.3 10/31 TO 10/31
DEGREE DAYS
HEATING TOTAL 363 364 -1 345
SINCE 7/1 442 457 -15 426
COOLING TOTAL 19 13 6 0
SINCE 1/1 592 869 -277 1076
..............................................................
WIND (MPH)
AVERAGE WIND SPEED 8.0
HIGHEST WIND SPEED/DIRECTION 24/340 DATE 10/15
HIGHEST GUST SPEED/DIRECTION 34/340 DATE 10/15
SKY COVER
AVERAGE SKY COVER 0.69
AVERAGE RH (PERCENT) 75
WEATHER CONDITIONS. NUMBER OF DAYS WITH
THUNDERSTORM 0 MIXED PRECIP 0
HEAVY RAIN 0 RAIN 2
LIGHT RAIN 18 FREEZING RAIN 0
LT FREEZING RAIN 0 HAIL 0
HEAVY SNOW 0 SNOW 0
LIGHT SNOW 1 SLEET 0
FOG 20 FOG W/VIS <= 1/4 MILE 1
HAZE 2
- INDICATES NEGATIVE NUMBERS.
R INDICATES RECORD WAS SET OR TIED.
MM INDICATES DATA IS MISSING.
T INDICATES TRACE AMOUNT.
$$