000
CXUS55 KABQ 190128
CF6CAO
PRELIMINARY LOCAL CLIMATOLOGICAL DATA (WS FORM: F-6)
STATION: CLAYTON NM
MONTH: MARCH
YEAR: 2021
LATITUDE: 36 27 N
LONGITUDE: 103 9 W
TEMPERATURE IN F: :PCPN: SNOW: WIND :SUNSHINE: SKY :PK WND
================================================================================
1 2 3 4 5 6A 6B 7 8 9 10 11 12 13 14 15 16 17 18
12Z AVG MX 2MIN
DY MAX MIN AVG DEP HDD CDD WTR SNW DPTH SPD SPD DIR MIN PSBL S-S WX SPD DR
================================================================================
1 49 15 32 -8 33 0 0.00 0.0 0 5.8 13 250 M M 0 19 10
2 64 26 45 4 20 0 0.00 0.0 0 15.0 26 200 M M 0 36 200
3 69 33 51 10 14 0 0.00 0.0 0 8.1 21 320 M M 0 30 320
4 64 35 50 9 15 0 T 0.0 0 17.2 35 320 M M 3 48 190
5 57 32 45 3 20 0 0.01 0.0 0 18.1 32 360 M M 6 1 45 340
6 61 29 45 3 20 0 0.00 0.0 0 17.5 32 200 M M 0 43 200
7 68 30 49 7 16 0 0.00 0.0 0 11.8 18 200 M M 0 27 250
8 74 37 56 13 9 0 0.00 0.0 0 14.9 35 200 M M 1 47 200
9 74 44 59 16 6 0 0.00 0.0 0 17.6 36 220 M M 0 54 230
10 62 41 52 9 13 0 0.00 0.0 0 19.4 39 250 M M 0 56 250
11 54 24 39 -5 26 0 0.00 0.0 0 11.1 22 160 M M 0 29 150
12 47 36 42 -2 23 0 0.00 0.0 0 9.5 15 40 M M 7 1 M M
13 43 31 37 -7 28 0 1.39 1.0 0 M M M M M M M M
14 44 32 38 -6 27 0 0.00 0.0 0 M M M M M M M M
15 53 29 41 -4 24 0 0.00 0.0 0 M M M M M M M M
16 61 27 44 -1 21 0 0.00 0.0 0 M M M M M M M M
17 41 25 33 -12 32 0 0.67 3.5 4 M M M M M M M M
18 53 26 40 -6 25 0 0.00 0.0 0 M M M M M M M M
19 57 26 42 -4 23 0 0.00 0.0 0 M M M M M M M M
20 69 30 50 4 15 0 0.00 0.0 0 M M M M M M M M
21 71 34 53 7 12 0 0.00 0.0 0 M M M M M M M M
22 61 31 46 -1 19 0 0.08 0.5 0 M M M M M M M M
23 61 30 46 -1 19 0 0.00 0.0 0 M M M M M M M M
24 44 27 36 -11 29 0 0.10 1.0 0 M M M M M M M M
25 54 22 38 -10 27 0 0.00 0.0 0 M M M M M M M M
26 58 30 44 -4 21 0 0.00 0.0 0 M M M M M M M M
27 55 30 43 -5 22 0 T 0.0 0 M M M M M M M M
28 67 22 45 -3 20 0 0.00 0.0 0 M M M M M M M M
29 81 31 56 8 9 0 0.00 0.0 0 24.4 37 200 M M 0 53 230
30 48 26 37 -12 28 0 0.00 0.0 0 16.2 38 30 M M 0 50 40
31 54 23 39 -10 26 0 0.00 0.0 0 8.5 16 230 M M 0 8 24 240
================================================================================
SM 1818 914 642 0 2.25 6.0 215.1 M 17
================================================================================
AV 58.6 29.5 14.3 FASTST M M 1 MAX(MPH)
MISC ----> 39 250 56 250
================================================================================
NOTES:
# LAST OF SEVERAL OCCURRENCES
COLUMN 17 PEAK WIND IN M.P.H.
PRELIMINARY LOCAL CLIMATOLOGICAL DATA (WS FORM: F-6) , PAGE 2
STATION: CLAYTON NM
MONTH: MARCH
YEAR: 2021
LATITUDE: 36 27 N
LONGITUDE: 103 9 W
[TEMPERATURE DATA] [PRECIPITATION DATA] SYMBOLS USED IN COLUMN 16
AVERAGE MONTHLY: 44.1 TOTAL FOR MONTH: 2.25 1 = FOG OR MIST
DPTR FM NORMAL: -0.8 DPTR FM NORMAL: 1.34 2 = FOG REDUCING VISIBILITY
HIGHEST: 81 ON 29 GRTST 24HR 1.39 ON 13-13 TO 1/4 MILE OR LESS
LOWEST: 15 ON 1 3 = THUNDER
SNOW, ICE PELLETS, HAIL 4 = ICE PELLETS
TOTAL MONTH: 6.0 INCHES 5 = HAIL
GRTST 24HR 3.5 ON 17-17 6 = FREEZING RAIN OR DRIZZLE
GRTST DEPTH: 4 ON 17 7 = DUSTSTORM OR SANDSTORM:
VSBY 1/2 MILE OR LESS
8 = SMOKE OR HAZE
[NO. OF DAYS WITH] [WEATHER - DAYS WITH] 9 = BLOWING SNOW
X = TORNADO
MAX 32 OR BELOW: 0 0.01 INCH OR MORE: 5
MAX 90 OR ABOVE: 0 0.10 INCH OR MORE: 3
MIN 32 OR BELOW: 24 0.50 INCH OR MORE: 2
MIN 0 OR BELOW: 0 1.00 INCH OR MORE: 1
[HDD (BASE 65) ]
TOTAL THIS MO. 642 CLEAR (SCALE 0-3) 13
DPTR FM NORMAL 18 PTCLDY (SCALE 4-7) 2
TOTAL FM JUL 1 4455 CLOUDY (SCALE 8-10) 16
DPTR FM NORMAL 179
[CDD (BASE 65) ]
TOTAL THIS MO. 0
DPTR FM NORMAL -1 [PRESSURE DATA]
TOTAL FM JAN 1 0 HIGHEST SLP 30.48 ON 31
DPTR FM NORMAL -1 LOWEST SLP 29.66 ON 30
[REMARKS]
#FINAL-03-21#