000
CXUS55 KABQ 011247
CF6CAO
PRELIMINARY LOCAL CLIMATOLOGICAL DATA (WS FORM: F-6)
STATION: CLAYTON NM
MONTH: OCTOBER
YEAR: 2023
LATITUDE: 36 27 N
LONGITUDE: 103 9 W
TEMPERATURE IN F: :PCPN: SNOW: WIND :SUNSHINE: SKY :PK WND
================================================================================
1 2 3 4 5 6A 6B 7 8 9 10 11 12 13 14 15 16 17 18
12Z AVG MX 2MIN
DY MAX MIN AVG DEP HDD CDD WTR SNW DPTH SPD SPD DIR MIN PSBL S-S WX SPD DR
================================================================================
1 74 55 65 4 0 0 0.04 0.0 0 14.3 30 200 M M 5 13 37 200
2 74 54 64 4 1 0 0.25 0.0 0 13.5 29 180 M M 7 13 37 180
3 75 52 64 4 1 0 0.06 0.0 0 13.6 29 200 M M 4 13 43 210
4 68 46 57 -2 8 0 0.00 0.0 0 11.9 23 30 M M 0 1 32 20
5 73 46 60 1 5 0 0.00 0.0 0 6.4 12 270 M M 0 18 21 70
6 66 41 54 -4 11 0 0.00 0.0 0 11.6 30 10 M M 1 8 39 20
7 67 44 56 -2 9 0 0.00 0.0 0 11.9 25 200 M M 3 32 210
8 77 49 63 5 2 0 0.00 0.0 0 7.3 15 270 M M 0 20 270
9 80 43 62 5 3 0 0.00 0.0 0 7.4 18 160 M M 0 26 160
10 80 51 66 9 0 1 0.00 0.0 0 13.2 25 200 M M 0 39 230
11 81 51 66 10 0 1 0.00 0.0 0 14.7 32 200 M M 0 40 200
12 69 45 57 1 8 0 0.00 0.0 0 18.1 41 260 M M 0 58 260
13 60 36 48 -8 17 0 0.00 0.0 0 15.3 32 350 M M 0 42 350
14 58 34 46 -9 19 0 0.00 0.0 0 6.3 14 10 M M 0 18 360
15 69 30 50 -5 15 0 0.00 0.0 0 5.0 16 10 M M 0 8 23 360
16 73 36 55 1 10 0 0.00 0.0 0 7.0 16 260 M M 0 8 22 200
17 82 51 67 13 0 2 0.00 0.0 0 8.8 17 260 M M 0 24 260
18 71 45 58 4 7 0 0.00 0.0 0 14.0 33 10 M M 0 44 350
19 82 48 65 12 0 0 0.00 0.0 0 9.4 21 270 M M 0 27 260
20 86 50 68 15 0 3 0.00 0.0 0 6.6 15 170 M M 0 8 21 180
21 81 45 63 10 2 0 0.00 0.0 0 6.9 18 130 M M 0 29 140
22 84 48 66 14 0 1 0.00 0.0 0 11.6 22 190 M M 0 28 170
23 79 48 64 12 1 0 0.00 0.0 0 15.0 25 190 M M 0 33 190
24 79 48 64 12 1 0 0.00 0.0 0 10.4 22 210 M M 1 30 200
25 74 46 60 9 5 0 0.00 0.0 0 10.5 25 190 M M 0 34 200
26 80 40 60 9 5 0 0.00 0.0 0 15.8 28 20 M M 0 37 20
27 54 33 44 -7 21 0 0.00 0.0 0 10.8 20 360 M M 0 26 10
28 53 25 39 -11 26 0 T 0.0 0 13.1 23 30 M M 8 16 29 30
29 33 19 26 -24 39 0 0.00 0.0 0 18.0 30 360 M M 8 42 10
30 47 15 31 -19 34 0 0.00 0.0 0 10.2 20 210 M M 0 27 230
31 51 25 38 -11 27 0 0.00 0.0 0 10.4 21 190 M M 0 32 190
================================================================================
SM 2180 1299 277 8 0.35 0.0 349.0 M 37
================================================================================
AV 70.3 41.9 11.3 FASTST M M 1 MAX(MPH)
MISC ----> 41 260 58 260
================================================================================
NOTES:
# LAST OF SEVERAL OCCURRENCES
COLUMN 17 PEAK WIND IN M.P.H.
PRELIMINARY LOCAL CLIMATOLOGICAL DATA (WS FORM: F-6) , PAGE 2
STATION: CLAYTON NM
MONTH: OCTOBER
YEAR: 2023
LATITUDE: 36 27 N
LONGITUDE: 103 9 W
[TEMPERATURE DATA] [PRECIPITATION DATA] SYMBOLS USED IN COLUMN 16
AVERAGE MONTHLY: 56.1 TOTAL FOR MONTH: 0.35 1 = FOG OR MIST
DPTR FM NORMAL: 1.4 DPTR FM NORMAL: -0.78 2 = FOG REDUCING VISIBILITY
HIGHEST: 86 ON 20 GRTST 24HR 1.04 ON 30- 1 TO 1/4 MILE OR LESS
LOWEST: 15 ON 30 3 = THUNDER
SNOW, ICE PELLETS, HAIL 4 = ICE PELLETS
TOTAL MONTH: 0.0 INCH 5 = HAIL
GRTST 24HR 0.0 6 = FREEZING RAIN OR DRIZZLE
GRTST DEPTH: 0 7 = DUSTSTORM OR SANDSTORM:
VSBY 1/2 MILE OR LESS
8 = SMOKE OR HAZE
[NO. OF DAYS WITH] [WEATHER - DAYS WITH] 9 = BLOWING SNOW
X = TORNADO
MAX 32 OR BELOW: 0 0.01 INCH OR MORE: 3
MAX 90 OR ABOVE: 0 0.10 INCH OR MORE: 1
MIN 32 OR BELOW: 5 0.50 INCH OR MORE: 0
MIN 0 OR BELOW: 0 1.00 INCH OR MORE: 0
[HDD (BASE 65) ]
TOTAL THIS MO. 277 CLEAR (SCALE 0-3) 26
DPTR FM NORMAL -54 PTCLDY (SCALE 4-7) 5
TOTAL FM JUL 1 296 CLOUDY (SCALE 8-10) 0
DPTR FM NORMAL -111
[CDD (BASE 65) ]
TOTAL THIS MO. 8
DPTR FM NORMAL -4 [PRESSURE DATA]
TOTAL FM JAN 1 1090 HIGHEST SLP 30.58 ON 29
DPTR FM NORMAL 123 LOWEST SLP 29.26 ON 11
[REMARKS]
#FINAL-10-23#