000
CXUS55 KABQ 032215
CF6CAO
PRELIMINARY LOCAL CLIMATOLOGICAL DATA (WS FORM: F-6)
STATION: CLAYTON NM
MONTH: AUGUST
YEAR: 2023
LATITUDE: 36 27 N
LONGITUDE: 103 9 W
TEMPERATURE IN F: :PCPN: SNOW: WIND :SUNSHINE: SKY :PK WND
================================================================================
1 2 3 4 5 6A 6B 7 8 9 10 11 12 13 14 15 16 17 18
12Z AVG MX 2MIN
DY MAX MIN AVG DEP HDD CDD WTR SNW DPTH SPD SPD DIR MIN PSBL S-S WX SPD DR
================================================================================
1 97 63 80 5 0 15 T 0.0 0 8.5 23 310 M M 2 3 29 150
2 95 68 82 7 0 17 0.08 0.0 0 8.9 33 100 M M 0 3 49 250
3 90 61 76 1 0 11 0.00 0.0 0 8.5 16 10 M M 0 3 17 100
4 92 63 78 3 0 13 0.00 0.0 0 8.7 20 120 M M 0 3 26 10
5 92 59 76 2 0 11 0.00 0.0 0 10.8 26 10 M M 1 3 37 10
6 82 61 72 -2 0 7 0.20 0.0 0 12.3 25 340 M M 4 138 37 350
7 89 61 75 1 0 10 0.00 0.0 0 14.4 31 190 M M 3 39 190
8 96 60 78 4 0 13 0.00 0.0 0 12.7 32 210 M M 2 13 51 220
9 86 63 75 1 0 10 0.00 0.0 0 10.7 21 360 M M 0 27 70
10 94 61 78 4 0 13 T 0.0 0 9.1 26 280 M M 1 3 37 270
11 98 68 83 9 0 18 0.00 0.0 0 10.2 22 340 M M 1 29 350
12 91 63 77 3 0 12 0.26 0.0 0 11.2 30 200 M M 4 13 43 210
13 87 63 75 1 0 10 0.01 0.0 0 13.9 28 30 M M 2 39 40
14 75 58 67 -7 0 2 T 0.0 0 6.1 16 30 M M 4 22 30
15 88 57 73 0 0 8 0.00 0.0 0 11.5 22 200 M M 0 30 200
16 97 63 80 7 0 15 0.00 0.0 0 8.4 21 250 M M 1 30 260
17 92 66 79 6 0 14 0.00 0.0 0 12.7 22 80 M M 0 31 40
18 98 61 80 7 0 15 0.00 0.0 0 12.7 29 200 M M 0 1 38 190
19 96 66 81 8 0 16 0.00 0.0 0 12.8 24 170 M M 0 32 210
20 94 65 80 7 0 15 0.00 0.0 0 12.5 24 150 M M 0 37 210
21 94 66 80 7 0 15 0.01 0.0 0 11.0 26 140 M M 2 3 40 160
22 92 66 79 7 0 14 0.00 0.0 0 10.3 21 170 M M 0 32 130
23 91 67 79 7 0 14 0.00 0.0 0 10.9 22 150 M M 0 39 170
24 89 65 77 5 0 12 0.00 0.0 0 13.8 26 180 M M 1 43 190
25 92 64 78 6 0 13 0.16 0.0 0 13.5 38 300 M M 3 13 51 300
26 78 61 70 -2 0 5 0.07 0.0 0 11.7 22 360 M M 3 13 29 30
27 87 60 74 2 0 9 0.16 0.0 0 6.8 23 310 M M 3 13 31 300
28 86 61 74 2 0 9 0.23 0.0 0 8.2 25 330 M M 5 13 35 340
29 81 59 70 -1 0 5 T 0.0 0 14.2 31 340 M M 3 43 330
30 87 56 72 1 0 7 0.00 0.0 0 9.8 18 180 M M 0 25 180
31 95 60 78 7 0 13 0.00 0.0 0 10.9 20 150 M M 0 26 200
================================================================================
SM 2801 1935 0 361 1.18 0.0 337.7 M 45
================================================================================
AV 90.4 62.4 10.9 FASTST M M 1 MAX(MPH)
MISC ----> 38 300 # 51 220
================================================================================
NOTES:
# LAST OF SEVERAL OCCURRENCES
COLUMN 17 PEAK WIND IN M.P.H.
PRELIMINARY LOCAL CLIMATOLOGICAL DATA (WS FORM: F-6) , PAGE 2
STATION: CLAYTON NM
MONTH: AUGUST
YEAR: 2023
LATITUDE: 36 27 N
LONGITUDE: 103 9 W
[TEMPERATURE DATA] [PRECIPITATION DATA] SYMBOLS USED IN COLUMN 16
AVERAGE MONTHLY: 76.4 TOTAL FOR MONTH: 1.18 1 = FOG OR MIST
DPTR FM NORMAL: 3.3 DPTR FM NORMAL: -1.90 2 = FOG REDUCING VISIBILITY
HIGHEST: 98 ON 18,11 GRTST 24HR 0.34 ON 27-28 TO 1/4 MILE OR LESS
LOWEST: 56 ON 30 3 = THUNDER
SNOW, ICE PELLETS, HAIL 4 = ICE PELLETS
TOTAL MONTH: 0.0 INCH 5 = HAIL
GRTST 24HR 0.0 6 = FREEZING RAIN OR DRIZZLE
GRTST DEPTH: 0 7 = DUSTSTORM OR SANDSTORM:
VSBY 1/2 MILE OR LESS
8 = SMOKE OR HAZE
[NO. OF DAYS WITH] [WEATHER - DAYS WITH] 9 = BLOWING SNOW
X = TORNADO
MAX 32 OR BELOW: 0 0.01 INCH OR MORE: 9
MAX 90 OR ABOVE: 19 0.10 INCH OR MORE: 5
MIN 32 OR BELOW: 0 0.50 INCH OR MORE: 0
MIN 0 OR BELOW: 0 1.00 INCH OR MORE: 0
[HDD (BASE 65) ]
TOTAL THIS MO. 0 CLEAR (SCALE 0-3) 26
DPTR FM NORMAL -5 PTCLDY (SCALE 4-7) 5
TOTAL FM JUL 1 0 CLOUDY (SCALE 8-10) 0
DPTR FM NORMAL -2
[CDD (BASE 65) ]
TOTAL THIS MO. 361
DPTR FM NORMAL 104 [PRESSURE DATA]
TOTAL FM JAN 1 879 HIGHEST SLP 30.30 ON 14
DPTR FM NORMAL 34 LOWEST SLP 29.64 ON 9
[REMARKS]
#FINAL-08-23#