000
CXUS56 KMTR 081625
CF6CCR
PRELIMINARY LOCAL CLIMATOLOGICAL DATA (WS FORM: F-6)
STATION: CONCORD AIRPORT
MONTH: JANUARY
YEAR: 2023
LATITUDE: 37 58 N
LONGITUDE: 122 3 W
TEMPERATURE IN F: :PCPN: SNOW: WIND :SUNSHINE: SKY :PK WND
================================================================================
1 2 3 4 5 6A 6B 7 8 9 10 11 12 13 14 15 16 17 18
12Z AVG MX 2MIN
DY MAX MIN AVG DEP HDD CDD WTR SNW DPTH SPD SPD DIR MIN PSBL S-S WX SPD DR
================================================================================
1 62 42 52 3 13 0 0.00 M M 5.5 15 360 M M 0 20 360
2 48 40 44 -5 21 0 0.35 M M 6.9 17 110 M M 6 18 27 120
3 46 42 44 -5 21 0 T M M 5.8 13 20 M M 10 1 19 20
4 62 44 53 4 12 0 1.47 M M 9.4 30 210 M M 10 1 40 210
5 57 47 52 3 13 0 1.06 M M 7.8 21 290 M M 10 18 24 290
6 58 48 53 4 12 0 T M M 2.8 9 350 M M 7 11 350
7 61 48 55 6 10 0 0.09 M M 7.5 28 170 M M 9 39 170
8 64 52 58 9 7 0 0.40 M M 7.4 31 170 M M 7 1 38 170
9 60 47 54 5 11 0 0.95 M M 5.6 20 160 M M 6 1 27 160
10 55 47 51 2 14 0 1.41 M M 13.0 33 190 M M 9 13 46 180
11 60 48 54 5 11 0 0.26 M M 3.9 13 300 M M 9 1 16 160
12 60 49 55 6 10 0 0.00 M M 3.1 9 330 M M 3 1 12 330
13 59 49 54 5 11 0 0.02 M M 5.1 22 170 M M 6 1 28 160
14 59 47 53 4 12 0 M M M 10.9 24 240 M M 9 18 33 220
15 54 45 50 1 15 0 0.52 M M 6.8 18 190 M M 8 1 24 190
16 56 45 51 2 14 0 M M M 11.2 26 270 M M 4 1 34 270
17 57 36 47 -2 18 0 0.00 M M 2.8 10 310 M M 0 1 13 310
18 57 37 47 -2 18 0 0.12 M M 5.3 17 190 M M 4 1 24 190
19 54 38 46 -3 19 0 0.00 M M 3.3 13 260 M M 2 18 18 250
20 54 33 44 -6 21 0 0.00 M M 5.3 17 40 M M 0 25 40
21 55 32 44 -6 21 0 0.00 M M 2.6 8 360 M M 0 10 360
22 59 35 47 -3 18 0 0.00 M M 8.0 25 350 M M 0 32 350
23 61 37 49 -1 16 0 0.00 M M 5.3 17 50 M M 0 26 40
24 60 35 48 -2 17 0 0.00 M M 4.0 10 10 M M 0 15 30
25 69 34 52 2 13 0 0.00 M M 4.4 16 40 M M 0 8 23 40
26 66 46 56 6 9 0 0.00 M M 6.2 16 70 M M 0 23 40
27 63 37 50 0 15 0 0.00 M M 2.5 9 200 M M 1 18 11 210
28 62 38 50 0 15 0 0.00 M M 6.9 20 190 M M 1 18 25 180
29 49 42 46 -4 19 0 0.07 M M 6.8 16 10 M M 8 18 24 360
30 55 34 45 -6 20 0 0.00 M M 6.1 16 50 M M 0 21 30
31 58 30 44 -7 21 0 0.00 M M 2.4 12 60 M M 0 14 80
================================================================================
SM 1800 1284 467 0 6.72 M 184.6 M 129
================================================================================
AV 58.1 41.4 6.0 FASTST M M 4 MAX(MPH)
MISC ----> 33 190 46 180
================================================================================
NOTES:
# LAST OF SEVERAL OCCURRENCES
COLUMN 17 PEAK WIND IN M.P.H.
PRELIMINARY LOCAL CLIMATOLOGICAL DATA (WS FORM: F-6) , PAGE 2
STATION: CONCORD AIRPORT
MONTH: JANUARY
YEAR: 2023
LATITUDE: 37 58 N
LONGITUDE: 122 3 W
[TEMPERATURE DATA] [PRECIPITATION DATA] SYMBOLS USED IN COLUMN 16
AVERAGE MONTHLY: 49.7 TOTAL FOR MONTH: 6.72 1 = FOG OR MIST
DPTR FM NORMAL: 0.3 DPTR FM NORMAL: 3.51 2 = FOG REDUCING VISIBILITY
HIGHEST: 69 ON 25 GRTST 24HR 1.87 ON 8- 9 TO 1/4 MILE OR LESS
LOWEST: 30 ON 31 3 = THUNDER
SNOW, ICE PELLETS, HAIL 4 = ICE PELLETS
TOTAL MONTH: M 5 = HAIL
GRTST 24HR M ON M 6 = FREEZING RAIN OR DRIZZLE
GRTST DEPTH: M ON M 7 = DUSTSTORM OR SANDSTORM:
VSBY 1/2 MILE OR LESS
8 = SMOKE OR HAZE
[NO. OF DAYS WITH] [WEATHER - DAYS WITH] 9 = BLOWING SNOW
X = TORNADO
MAX 32 OR BELOW: 0 0.01 INCH OR MORE: 12
MAX 90 OR ABOVE: 0 0.10 INCH OR MORE: 9
MIN 32 OR BELOW: 2 0.50 INCH OR MORE: 5
MIN 0 OR BELOW: 0 1.00 INCH OR MORE: 3
[HDD (BASE 65) ]
TOTAL THIS MO. 467 CLEAR (SCALE 0-3) 14
DPTR FM NORMAL -17 PTCLDY (SCALE 4-7) 10
TOTAL FM JUL 1 1450 CLOUDY (SCALE 8-10) 7
DPTR FM NORMAL 132
[CDD (BASE 65) ]
TOTAL THIS MO. 0
DPTR FM NORMAL 0 [PRESSURE DATA]
TOTAL FM JAN 1 0 HIGHEST SLP 30.43 ON 26
DPTR FM NORMAL 0 LOWEST SLP 29.42 ON 16
[REMARKS]
#FINAL-01-23#