000
CXUS55 KBOU 010900
CF6CCU
PRELIMINARY LOCAL CLIMATOLOGICAL DATA (WS FORM: F-6)
STATION: COPPER MTN/RED CLIFF
MONTH: MAY
YEAR: 2023
LATITUDE: 39 28 N
LONGITUDE: 106 9 W
TEMPERATURE IN F: :PCPN: SNOW: WIND :SUNSHINE: SKY :PK WND
================================================================================
1 2 3 4 5 6A 6B 7 8 9 10 11 12 13 14 15 16 17 18
12Z AVG MX 2MIN
DY MAX MIN AVG DEP HDD CDD WTR SNW DPTH SPD SPD DIR MIN PSBL S-S WX SPD DR
================================================================================
1 54 37 46 M 19 0 M M M 12.1 20 280 M M 3 30 280
2 50 34 42 M 23 0 M M M 10.2 18 290 M M 7 23 290
3 52 34 43 M 22 0 M M M 7.0 15 130 M M 2 21 130
4 45 36 41 M 24 0 M M M 8.2 15 180 M M 6 8 21 170
5 41 32 37 M 28 0 M M M 10.0 16 160 M M 2 28 150
6 41 27 34 M 31 0 M M M 10.4 17 180 M M 4 2 30 170
7 37 30 34 M 31 0 M M M 11.7 17 260 M M 6 24 180
8 45 34 40 M 25 0 M M M 10.2 21 250 M M 5 29 180
9 52 37 45 M 20 0 M M M 8.5 18 160 M M 1 27 160
10 50 34 42 M 23 0 M M M 15.0 30 120 M M 5 40 120
11 34 34 34 M 31 0 M M M 11.7 23 280 M M 10 2 30 300
12 37 34 36 M 29 0 M M M 11.2 17 280 M M 10 12 25 300
13 45 34 40 M 25 0 M M M 8.5 18 110 M M 7 128 28 90
14 50 34 42 M 23 0 M M M 6.3 13 120 M M 8 17 80
15 46 36 41 M 24 0 M M M 8.5 18 280 M M 7 8 22 280
16 46 37 42 M 23 0 M M M 9.4 21 280 M M 6 26 280
17 50 37 44 M 21 0 M M M 4.8 10 270 M M 5 20 310
18 45 36 41 M 24 0 M M M 6.5 17 280 M M 7 12 24 290
19 45 34 40 M 25 0 M M M 8.0 17 170 M M 7 12 18 160
20 45 36 41 M 24 0 M M M 6.7 22 290 M M 7 30 290
21 52 37 45 M 20 0 M M M 5.4 10 170 M M 4 17 0
22 54 37 46 M 19 0 M M M 5.6 20 150 M M 4 21 30
23 54 37 46 M 19 0 M M M 5.5 17 180 M M 6 18 260
24 46 36 41 M 24 0 M M M 6.5 21 160 M M 5 37 270
25 54 41 48 M 17 0 M M M 7.3 17 140 M M 5 21 270
26 54 41 48 M 17 0 M M M 12.4 20 170 M M 3 29 120
27 52 37 45 M 20 0 M M M 10.6 16 240 M M 3 23 130
28 54 36 45 M 20 0 M M M 8.2 14 260 M M 4 21 200
29 54 41 48 M 17 0 M M M 11.0 20 250 M M 1 31 270
30 54 43 49 M 16 0 M M M 8.1 15 250 M M 3 23 170
31 54 37 46 M 19 0 M M M 10.2 25 110 M M 6 2 44 110
================================================================================
SM 1492 1110 703 0 M M 275.6 M 159
================================================================================
AV 48.1 35.8 8.9 FASTST M M 5 MAX(MPH)
MISC ----> 30 120 44 110
================================================================================
NOTES:
# LAST OF SEVERAL OCCURRENCES
COLUMN 17 PEAK WIND IN M.P.H.
PRELIMINARY LOCAL CLIMATOLOGICAL DATA (WS FORM: F-6) , PAGE 2
STATION: COPPER MTN/RED CLIFF
MONTH: MAY
YEAR: 2023
LATITUDE: 39 28 N
LONGITUDE: 106 9 W
[TEMPERATURE DATA] [PRECIPITATION DATA] SYMBOLS USED IN COLUMN 16
AVERAGE MONTHLY: 42.0 TOTAL FOR MONTH: M 1 = FOG OR MIST
DPTR FM NORMAL: 0.0 DPTR FM NORMAL: M 2 = FOG REDUCING VISIBILITY
HIGHEST: 54 ON 1,22 GRTST 24HR M ON M TO 1/4 MILE OR LESS
LOWEST: 27 ON 6 3 = THUNDER
SNOW, ICE PELLETS, HAIL 4 = ICE PELLETS
TOTAL MONTH: M 5 = HAIL
GRTST 24HR M ON M 6 = FREEZING RAIN OR DRIZZLE
GRTST DEPTH: M ON M 7 = DUSTSTORM OR SANDSTORM:
VSBY 1/2 MILE OR LESS
8 = SMOKE OR HAZE
[NO. OF DAYS WITH] [WEATHER - DAYS WITH] 9 = BLOWING SNOW
X = TORNADO
MAX 32 OR BELOW: 0 0.01 INCH OR MORE: 0
MAX 90 OR ABOVE: 0 0.10 INCH OR MORE: 0
MIN 32 OR BELOW: 3 0.50 INCH OR MORE: 0
MIN 0 OR BELOW: 0 1.00 INCH OR MORE: 0
[HDD (BASE 65) ]
TOTAL THIS MO. 703 CLEAR (SCALE 0-3) 5
DPTR FM NORMAL M PTCLDY (SCALE 4-7) 23
TOTAL FM JUL 1 9950 CLOUDY (SCALE 8-10) 3
DPTR FM NORMAL M
[CDD (BASE 65) ]
TOTAL THIS MO. 0
DPTR FM NORMAL M [PRESSURE DATA]
TOTAL FM JAN 1 0 HIGHEST SLP M ON M
DPTR FM NORMAL M LOWEST SLP M ON M
[REMARKS]
#FINAL-05-23#