000
CXUS53 KEAX 010736
CF6CDJ
PRELIMINARY LOCAL CLIMATOLOGICAL DATA (WS FORM: F-6)
STATION: CHILLICOTHE
MONTH: AUGUST
YEAR: 2023
LATITUDE: 39 49 N
LONGITUDE: 93 35 W
TEMPERATURE IN F: :PCPN: SNOW: WIND :SUNSHINE: SKY :PK WND
================================================================================
1 2 3 4 5 6A 6B 7 8 9 10 11 12 13 14 15 16 17 18
12Z AVG MX 2MIN
DY MAX MIN AVG DEP HDD CDD WTR SNW DPTH SPD SPD DIR MIN PSBL S-S WX SPD DR
================================================================================
1 84 70 77 -1 0 12 3.04 M M 5.3 13 120 M M 0 19 30
2 81 71 76 -2 0 11 0.37 M M 5.8 14 70 M M 0 25 70
3 79 72 76 -2 0 11 0.01 M M 3.0 9 30 M M 0 14 90
4 85 72 79 2 0 14 2.61 M M 3.9 17 270 M M 0 31 270
5 86 72 79 2 0 14 0.00 M M 2.5 7 50 M M 0 12 50
6 80 67 74 -3 0 9 0.58 M M 4.6 22 300 M M 0 38 310
7 82 66 74 -3 0 9 0.02 M M 4.0 13 310 M M 0 25 310
8 86 64 75 -2 0 10 0.00 M M 1.6 9 250 M M 0 15 200
9 80 66 73 -4 0 8 1.28 M M 2.7 14 180 M M 0 27 290
10 86 63 75 -2 0 10 0.00 M M 2.3 10 200 M M 0 13 170
11 91 71 81 4 0 16 0.02 M M 4.6 23 20 M M 0 36 20
12 89 67 78 2 0 13 0.61 M M 2.6 14 360 M M 0 29 360
13 74 66 70 -6 0 5 0.75 M M 2.7 12 110 M M 0 19 130
14 74 63 69 -7 0 4 0.00 M M 6.1 15 310 M M 0 27 340
15 80 60 70 -6 0 5 0.00 M M 3.2 10 350 M M 0 19 350
16 81 57 69 -7 0 4 0.00 M M 6.0 14 180 M M 0 20 180
17 83 60 72 -4 0 7 0.00 M M 3.7 13 310 M M 0 22 10
18 81 55 68 -8 0 3 0.00 M M 3.6 10 170 M M 0 19 140
19 93 65 79 4 0 14 0.00 M M 6.0 13 180 M M 0 21 190
20 96 75 86 11 0 21 0.00 M M 1.9 9 200 M M 0 12 200
21 96 77 87 12 0 22 0.00 M M 2.2 8 100 M M 0 14 40
22 95 73 84 9 0 19 0.00 M M 1.3 7 110 M M 0 12 110
23 95 76 86 12 0 21 M M M 3.3 13 200 M M 0 19 200
24 98 76 87 13 0 22 0.00 M M 3.3 10 200 M M 0 19 210
25 99 76 88 14 0 23 0.00 M M 2.4 8 20 M M 0 16 30
26 81 70 76 2 0 11 M M M 3.7 17 290 M M 0 29 310
27 80 62 71 -3 0 6 M M M 3.7 13 40 M M 0 20 50
28 83 59 71 -2 0 6 0.00 M M 0.8 6 40 M M 0 9 40
29 88 62 75 2 0 10 0.00 M M 2.4 12 310 M M 0 19 300
30 83 61 72 -1 0 7 0.00 M M 2.6 10 50 M M 0 17 120
31 78 54 66 -6 0 1 0.00 M M 2.7 9 100 M M 0 16 110
================================================================================
SM 2647 2068 0 348 9.29 M 104.5 M 0
================================================================================
AV 85.4 66.7 3.4 FASTST M M 0 MAX(MPH)
MISC ----> 23 20 38 310
================================================================================
NOTES:
# LAST OF SEVERAL OCCURRENCES
COLUMN 17 PEAK WIND IN M.P.H.
PRELIMINARY LOCAL CLIMATOLOGICAL DATA (WS FORM: F-6) , PAGE 2
STATION: CHILLICOTHE
MONTH: AUGUST
YEAR: 2023
LATITUDE: 39 49 N
LONGITUDE: 93 35 W
[TEMPERATURE DATA] [PRECIPITATION DATA] SYMBOLS USED IN COLUMN 16
AVERAGE MONTHLY: 76.0 TOTAL FOR MONTH: 9.29 1 = FOG OR MIST
DPTR FM NORMAL: 0.4 DPTR FM NORMAL: 4.53 2 = FOG REDUCING VISIBILITY
HIGHEST: 99 ON 25 GRTST 24HR 3.05 ON 31- 1 TO 1/4 MILE OR LESS
LOWEST: 54 ON 31 3 = THUNDER
SNOW, ICE PELLETS, HAIL 4 = ICE PELLETS
TOTAL MONTH: M 5 = HAIL
GRTST 24HR M ON M 6 = FREEZING RAIN OR DRIZZLE
GRTST DEPTH: M ON M 7 = DUSTSTORM OR SANDSTORM:
VSBY 1/2 MILE OR LESS
8 = SMOKE OR HAZE
[NO. OF DAYS WITH] [WEATHER - DAYS WITH] 9 = BLOWING SNOW
X = TORNADO
MAX 32 OR BELOW: 0 0.01 INCH OR MORE: 10
MAX 90 OR ABOVE: 8 0.10 INCH OR MORE: 7
MIN 32 OR BELOW: 0 0.50 INCH OR MORE: 6
MIN 0 OR BELOW: 0 1.00 INCH OR MORE: 3
[HDD (BASE 65) ]
TOTAL THIS MO. 0 CLEAR (SCALE 0-3) 31
DPTR FM NORMAL -2 PTCLDY (SCALE 4-7) 0
TOTAL FM JUL 1 0 CLOUDY (SCALE 8-10) 0
DPTR FM NORMAL -1
[CDD (BASE 65) ]
TOTAL THIS MO. 348
DPTR FM NORMAL 17 [PRESSURE DATA]
TOTAL FM JAN 1 1182 HIGHEST SLP M ON M
DPTR FM NORMAL 91 LOWEST SLP 29.71 ON 11
[REMARKS]
#FINAL-08-23#