000
CXUS54 KLUB 011512
CF6CDS
PRELIMINARY LOCAL CLIMATOLOGICAL DATA (WS FORM: F-6)
STATION: CHILDRESS
MONTH: JUNE
YEAR: 2023
LATITUDE: 34 25 N
LONGITUDE: 100 17 W
TEMPERATURE IN F: :PCPN: SNOW: WIND :SUNSHINE: SKY :PK WND
================================================================================
1 2 3 4 5 6A 6B 7 8 9 10 11 12 13 14 15 16 17 18
12Z AVG MX 2MIN
DY MAX MIN AVG DEP HDD CDD WTR SNW DPTH SPD SPD DIR MIN PSBL S-S WX SPD DR
================================================================================
1 77 62 70 -7 0 5 0.07 0.0 0 9.6 24 340 M M 4 3 31 170
2 84 61 73 -4 0 8 2.21 0.0 0 9.4 40 340 M M 4 13 57 330
3 78 60 69 -8 0 4 0.00 0.0 0 4.3 26 290 M M 8 31 280
4 83 60 72 -6 0 7 1.38 0.0 0 6.5 26 360 M M 6 13 33 350
5 84 62 73 -5 0 8 0.04 0.0 0 4.7 25 10 M M 5 3 33 10
6 86 61 74 -4 0 9 0.00 0.0 0 4.3 12 140 M M 1 1 15 140
7 81 63 72 -6 0 7 T 0.0 0 5.3 13 210 M M 2 1 19 230
8 86 61 74 -4 0 9 1.42 0.0 0 8.1 28 360 M M 3 13 36 330
9 92 66 79 0 0 14 0.00 0.0 0 4.2 10 140 M M 0 14 160
10 90 67 79 0 0 14 0.00 0.0 0 7.6 23 20 M M 0 32 30
11 92 68 80 1 0 15 0.01 0.0 0 9.0 20 60 M M 0 3 35 120
12 71 62 67 -12 0 2 0.02 0.0 0 9.4 23 50 M M 9 3 37 60
13 80 63 72 -8 0 7 0.00 0.0 0 5.6 15 60 M M 8 8 23 60
14 88 62 75 -5 0 10 0.00 0.0 0 6.7 12 360 M M 3 1 15 60
15 97 66 82 2 0 17 0.00 0.0 0 10.4 30 10 M M 2 38 39 10
16 89 61 75 -5 0 10 0.00 0.0 0 7.7 16 20 M M 0 23 360
17 89 67 78 -2 0 13 0.00 0.0 0 9.4 20 160 M M 2 29 170
18 92 60 76 -4 0 11 0.00 0.0 0 7.2 15 20 M M 0 21 50
19 105 66 86 5 0 21 0.00 0.0 0 6.5 14 150 M M 0 19 140
20 103 68 86 5 0 21 0.00 0.0 0 7.5 15 130 M M 0 22 130
21 98 77 88 7 0 23 T 0.0 0 10.5 32 140 M M 2 138 45 140
22 94 73 84 3 0 19 0.00 0.0 0 9.8 25 50 M M 3 3 38 60
23 89 70 80 -1 0 15 0.31 0.0 0 13.8 46 210 M M 2 138 59 200
24 104 69 87 5 0 22 0.00 0.0 0 9.8 25 240 M M 0 32 250
25 96 74 85 3 0 20 0.00 0.0 0 9.8 17 20 M M 0 27 70
26 97 74 86 4 0 21 0.00 0.0 0 8.9 15 110 M M 1 27 80
27 104 72 88 6 0 23 0.00 0.0 0 12.1 25 330 M M 1 36 190
28 109 74 92 10 0 27 0.00 0.0 0 14.0 30 210 M M 0 41 210
29 103 71 87 5 0 22 0.00 0.0 0 13.1 23 190 M M 0 34 180
30 97 71 84 2 0 19 0.19 0.0 0 10.7 26 340 M M 2 13 36 340
================================================================================
SM 2738 1991 0 423 5.65 0.0 255.9 M 68
================================================================================
AV 91.3 66.4 8.5 FASTST M M 2 MAX(MPH)
MISC ----> 46 210 59 200
================================================================================
NOTES:
# LAST OF SEVERAL OCCURRENCES
COLUMN 17 PEAK WIND IN M.P.H.
PRELIMINARY LOCAL CLIMATOLOGICAL DATA (WS FORM: F-6) , PAGE 2
STATION: CHILDRESS
MONTH: JUNE
YEAR: 2023
LATITUDE: 34 25 N
LONGITUDE: 100 17 W
[TEMPERATURE DATA] [PRECIPITATION DATA] SYMBOLS USED IN COLUMN 16
AVERAGE MONTHLY: 78.8 TOTAL FOR MONTH: 5.65 1 = FOG OR MIST
DPTR FM NORMAL: -1.1 DPTR FM NORMAL: 1.90 2 = FOG REDUCING VISIBILITY
HIGHEST: 109 ON 28 GRTST 24HR 2.21 ON 2- 2 TO 1/4 MILE OR LESS
LOWEST: 60 ON 18, 4 3 = THUNDER
SNOW, ICE PELLETS, HAIL 4 = ICE PELLETS
TOTAL MONTH: 0.0 INCH 5 = HAIL
GRTST 24HR 0.0 6 = FREEZING RAIN OR DRIZZLE
GRTST DEPTH: 0 7 = DUSTSTORM OR SANDSTORM:
VSBY 1/2 MILE OR LESS
8 = SMOKE OR HAZE
[NO. OF DAYS WITH] [WEATHER - DAYS WITH] 9 = BLOWING SNOW
X = TORNADO
MAX 32 OR BELOW: 0 0.01 INCH OR MORE: 9
MAX 90 OR ABOVE: 16 0.10 INCH OR MORE: 5
MIN 32 OR BELOW: 0 0.50 INCH OR MORE: 3
MIN 0 OR BELOW: 0 1.00 INCH OR MORE: 3
[HDD (BASE 65) ]
TOTAL THIS MO. 0 CLEAR (SCALE 0-3) 22
DPTR FM NORMAL -1 PTCLDY (SCALE 4-7) 7
TOTAL FM JUL 1 2940 CLOUDY (SCALE 8-10) 1
DPTR FM NORMAL -131
[CDD (BASE 65) ]
TOTAL THIS MO. 423
DPTR FM NORMAL -23 [PRESSURE DATA]
TOTAL FM JAN 1 691 HIGHEST SLP 30.04 ON 5
DPTR FM NORMAL -78 LOWEST SLP 29.53 ON 15
[REMARKS]
#FINAL-06-23#