000
CXUS55 KPAH 010700
CF6CGI
PRELIMINARY LOCAL CLIMATOLOGICAL DATA (WS FORM: F-6)
STATION: CAPE GIRARDEAU MO
MONTH: MARCH
YEAR: 2020
LATITUDE: 37 13 N
LONGITUDE: 89 35 W
TEMPERATURE IN F: :PCPN: SNOW: WIND :SUNSHINE: SKY :PK WND
================================================================================
1 2 3 4 5 6A 6B 7 8 9 10 11 12 13 14 15 16 17 18
12Z AVG MX 2MIN
DY MAX MIN AVG DEP HDD CDD WTR SNW DPTH SPD SPD DIR MIN PSBL S-S WX SPD DR
================================================================================
1 64 39 52 10 13 0 0.33 M M 14.1 31 210 M M 5 13 41 220
2 68 51 60 17 5 0 0.97 M M 7.3 24 320 M M 8 13 33 330
3 65 41 53 10 12 0 0.00 M M 6.4 17 300 M M M 1 25 300
4 62 35 49 6 16 0 0.00 M M 6.3 21 340 M M 0 29 340
5 68 36 52 8 13 0 0.00 M M 7.4 25 320 M M 0 35 340
6 53 31 42 -2 23 0 0.00 M M 11.5 25 340 M M 0 38 310
7 55 27 41 -3 24 0 0.00 M M 3.5 12 120 M M 0 16 160
8 65 35 50 5 15 0 0.00 0.0 M 11.5 24 200 M M 0 35 200
9 63 53 58 13 7 0 0.31 M M 16.8 29 190 M M 7 18 41 190
10 62 43 53 8 12 0 0.01 M M 8.9 24 210 M M 10 8 31 200
11 63 41 52 6 13 0 0.68 M M 3.4 17 210 M M 6 138 21 190
12 67 42 55 9 10 0 0.03 M M 9.5 25 200 M M 8 123 39 200
13 59 44 52 6 13 0 0.00 M M 12.1 26 350 M M 3 36 360
14 46 41 44 -2 21 0 1.10 M M 11.4 18 10 M M 10 1 25 10
15 43 39 41 -6 24 0 0.00 M M 10.4 20 30 M M 10 26 20
16 45 40 43 -4 22 0 0.14 M M 3.6 10 140 M M 10 138 13 80
17 60 44 52 5 13 0 0.10 M M 8.0 15 50 M M 4 1 24 20
18 61 47 54 6 11 0 0.49 M M 6.0 13 220 M M 8 1 17 220
19 71 52 62 14 3 0 0.68 M M 13.6 25 210 M M 10 1238 40 190
20 69 41 55 7 10 0 0.00 M M 15.0 26 350 M M 6 38 360
21 49 37 43 -6 22 0 0.00 M M 9.7 16 50 M M 7 22 60
22 48 37 43 -6 22 0 0.01 M M 6.9 16 40 M M 7 21 70
23 57 43 50 1 15 0 0.02 M M 6.6 13 340 M M 4 1 19 280
24 54 44 49 -1 16 0 0.49 M M 9.8 17 10 M M 9 138 25 110
25 61 47 54 4 11 0 0.00 M M 6.4 13 210 M M 5 1 21 170
26 79 45 62 12 3 0 0.00 M M 8.8 28 210 M M 1 12 37 210
27 78 60 69 18 0 4 0.00 M M 7.5 18 200 M M 4 1 25 190
28 74 64 69 18 0 4 1.02 M M 13.7 25 210 M M 5 13 36 210
29 70 50 60 9 5 0 0.00 M M 13.7 29 250 M M 0 40 250
30 66 43 55 3 10 0 0.01 M M 1.9 10 130 M M 1 13 130
31 62 46 54 2 11 0 0.32 M M 8.5 17 310 M M 6 1 25 300
================================================================================
SM 1907 1338 395 8 6.71 0.0 280.2 M 154
================================================================================
AV 61.5 43.2 9.0 FASTST M M 5 MAX(MPH)
MISC ----> 31 210 # 41 220
================================================================================
NOTES:
# LAST OF SEVERAL OCCURRENCES
COLUMN 17 PEAK WIND IN M.P.H.
PRELIMINARY LOCAL CLIMATOLOGICAL DATA (WS FORM: F-6) , PAGE 2
STATION: CAPE GIRARDEAU MO
MONTH: MARCH
YEAR: 2020
LATITUDE: 37 13 N
LONGITUDE: 89 35 W
[TEMPERATURE DATA] [PRECIPITATION DATA] SYMBOLS USED IN COLUMN 16
AVERAGE MONTHLY: 52.3 TOTAL FOR MONTH: 6.71 1 = FOG OR MIST
DPTR FM NORMAL: 5.2 DPTR FM NORMAL: 2.31 2 = FOG REDUCING VISIBILITY
HIGHEST: 79 ON 26 GRTST 24HR 1.10 ON 14-14 TO 1/4 MILE OR LESS
LOWEST: 27 ON 7 3 = THUNDER
SNOW, ICE PELLETS, HAIL 4 = ICE PELLETS
TOTAL MONTH: 0.0 INCH 5 = HAIL
GRTST 24HR 0.0 6 = FREEZING RAIN OR DRIZZLE
GRTST DEPTH: M ON M 7 = DUSTSTORM OR SANDSTORM:
VSBY 1/2 MILE OR LESS
8 = SMOKE OR HAZE
[NO. OF DAYS WITH] [WEATHER - DAYS WITH] 9 = BLOWING SNOW
X = TORNADO
MAX 32 OR BELOW: 0 0.01 INCH OR MORE: 17
MAX 90 OR ABOVE: 0 0.10 INCH OR MORE: 12
MIN 32 OR BELOW: 2 0.50 INCH OR MORE: 5
MIN 0 OR BELOW: 0 1.00 INCH OR MORE: 2
[HDD (BASE 65) ]
TOTAL THIS MO. 395 CLEAR (SCALE 0-3) 9
DPTR FM NORMAL -164 PTCLDY (SCALE 4-7) 13
TOTAL FM JUL 1 3557 CLOUDY (SCALE 8-10) 9
DPTR FM NORMAL -499
[CDD (BASE 65) ]
TOTAL THIS MO. 8
DPTR FM NORMAL 4 [PRESSURE DATA]
TOTAL FM JAN 1 8 HIGHEST SLP M ON M
DPTR FM NORMAL 4 LOWEST SLP 29.59 ON 2
[REMARKS]
#FINAL-03-20#