000
CXUS53 KPAH 010726
CLMCGI
CLIMATE REPORT
NATIONAL WEATHER SERVICE PADUCAH KY
226 AM CDT SUN OCT 01 2023
...................................
...THE CAPE GIRARDEAU MO CLIMATE SUMMARY FOR THE MONTH OF SEPTEMBER 2023...
CLIMATE NORMAL PERIOD 1991 TO 2020
CLIMATE RECORD PERIOD 1960 TO 2023
WEATHER OBSERVED NORMAL DEPART LAST YEAR`S
VALUE DATE(S) VALUE FROM VALUE
NORMAL
..............................................................
TEMPERATURE (F)
RECORD
HIGH 100 09/06/1960
LOW 33 09/30/1999
HIGHEST 92 09/04 100
LOWEST 46 09/15 36
AVG. MAXIMUM 84.9 81.8 3.1 84.5
AVG. MINIMUM 58.4 57.7 0.7 55.1
MEAN 71.7 69.7 2.0 69.8
DAYS MAX >= 90 5 4.7 0.3 5
DAYS MAX <= 32 0 0.0 0.0 0
DAYS MIN <= 32 0 0.0 0.0 0
DAYS MIN <= 0 0 0.0 0.0 0
PRECIPITATION (INCHES)
RECORD
MAXIMUM 10.23 1993
MINIMUM T 2004
TOTALS 1.47 3.61 -2.14 0.63
DAILY AVG. 0.05 0.12 -0.07 0.02
DAYS >= .01 8 7.6 0.4 2
DAYS >= .10 3 5.0 -2.0 1
DAYS >= .50 1 2.4 -1.4 1
DAYS >= 1.00 1 1.1 -0.1 0
GREATEST
24 HR. TOTAL 1.00 09/04 TO 09/04
DEGREE DAYS
HEATING TOTAL 1 37 -36 40
SINCE 7/1 1 37 -36 MM
COOLING TOTAL 209 179 30 193
SINCE 1/1 1496 1524 -28 MM
..............................................................
WIND (MPH)
AVERAGE WIND SPEED 4.1
HIGHEST WIND SPEED/DIRECTION 28/280 DATE 09/06
HIGHEST GUST SPEED/DIRECTION 39/290 DATE 09/06
SKY COVER
POSSIBLE SUNSHINE (PERCENT) MM
AVERAGE SKY COVER 0.23
NUMBER OF DAYS FAIR 21
NUMBER OF DAYS PC 8
NUMBER OF DAYS CLOUDY 0
AVERAGE RH (PERCENT) 73
WEATHER CONDITIONS. NUMBER OF DAYS WITH
THUNDERSTORM 3 MIXED PRECIP 0
HEAVY RAIN 1 RAIN 1
LIGHT RAIN 11 FREEZING RAIN 0
LT FREEZING RAIN 0 HAIL 0
HEAVY SNOW 0 SNOW 0
LIGHT SNOW 0 SLEET 0
FOG 24 FOG W/VIS <= 1/4 MILE 7
HAZE 7
- INDICATES NEGATIVE NUMBERS.
R INDICATES RECORD WAS SET OR TIED.
MM INDICATES DATA IS MISSING.
T INDICATES TRACE AMOUNT.
$$