000
CXUS54 KMRX 011030
CF6CHA
PRELIMINARY LOCAL CLIMATOLOGICAL DATA (WS FORM: F-6)
STATION: CHATTANOOGA AIRPORT
MONTH: MARCH
YEAR: 2024
LATITUDE: 35 1 N
LONGITUDE: 85 12 W
TEMPERATURE IN F: :PCPN: SNOW: WIND :SUNSHINE: SKY :PK WND
================================================================================
1 2 3 4 5 6A 6B 7 8 9 10 11 12 13 14 15 16 17 18
12Z AVG MX 2MIN
DY MAX MIN AVG DEP HDD CDD WTR SNW DPTH SPD SPD DIR MIN PSBL S-S WX SPD DR
================================================================================
1 47 41 44 -5 21 0 0.34 0.0 0 2.7 9 170 M M 10 1 13 170
2 61 47 54 5 11 0 0.01 0.0 0 1.2 7 140 M M 8 18 9 140
3 65 44 55 5 10 0 0.00 0.0 0 0.9 7 170 M M 8 128 10 10
4 71 56 64 14 1 0 0.00 0.0 0 3.1 8 220 M M 8 11 220
5 63 51 57 7 8 0 0.37 0.0 0 2.8 13 160 M M 9 18 19 170
6 64 51 58 8 7 0 0.63 0.0 0 5.1 12 310 M M 9 18 16 310
7 74 46 60 9 5 0 0.00 0.0 0 2.1 9 330 M M 6 1 13 320
8 67 53 60 9 5 0 0.54 0.0 0 6.4 22 140 M M 9 1 33 150
9 67 48 58 7 7 0 0.02 0.0 0 9.3 21 280 M M 9 1 30 260
10 58 40 49 -3 16 0 T 0.0 0 10.5 22 310 M M 2 29 330
11 65 34 50 -2 15 0 0.00 0.0 0 3.5 13 350 M M 4 17 330
12 73 35 54 2 11 0 0.00 0.0 0 0.7 9 210 M M 3 13 210
13 77 40 59 7 6 0 0.00 0.0 0 2.2 10 250 M M 2 16 220
14 82 48 65 12 0 0 0.00 0.0 0 4.1 15 170 M M 3 1 22 150
15 70 60 65 12 0 0 1.27 0.0 0 4.4 29 340 M M 8 13 38 350
16 71 55 63 10 2 0 0.00 0.0 0 6.5 13 230 M M 8 17 210
17 66 50 58 5 7 0 T 0.0 0 5.6 14 350 M M 5 19 230
18 54 36 45 -9 20 0 0.00 0.0 0 12.6 23 330 M M 3 32 330
19 59 29 44 -10 21 0 0.00 0.0 0 5.4 17 210 M M 0 23 210
20 76 40 58 4 7 0 0.00 0.0 0 4.9 15 260 M M 1 22 260
21 74 42 58 4 7 0 0.00 0.0 0 4.1 12 10 M M 4 15 10
22 70 55 63 8 2 0 0.60 0.0 0 8.1 24 130 M M 8 1 36 140
23 65 48 57 2 8 0 0.08 0.0 0 12.3 26 10 M M 6 1 33 20
24 69 42 56 1 9 0 0.00 0.0 0 9.6 20 10 M M 5 31 140
25 66 50 58 2 7 0 0.00 0.0 0 13.8 25 140 M M 7 46 160
26 62 50 56 0 9 0 1.38 0.0 0 6.9 25 150 M M 8 138 43 170
27 72 48 60 4 5 0 0.00 0.0 0 8.2 22 350 M M 7 32 350
28 68 47 58 2 7 0 0.00 0.0 0 12.4 23 360 M M 2 31 350
29 73 37 55 -2 10 0 0.00 0.0 0 2.2 13 260 M M 3 18 250
30 78 44 61 4 4 0 0.00 0.0 0 6.5 25 200 M M 2 35 190
31 79 51 65 8 0 0 0.00 0.0 0 5.1 17 210 M M 5 24 240
================================================================================
SM 2106 1418 248 0 5.24 0.0 183.2 M 172
================================================================================
AV 67.9 45.7 5.9 FASTST M M 6 MAX(MPH)
MISC ----> 29 340 46 160
================================================================================
NOTES:
# LAST OF SEVERAL OCCURRENCES
COLUMN 17 PEAK WIND IN M.P.H.
PRELIMINARY LOCAL CLIMATOLOGICAL DATA (WS FORM: F-6) , PAGE 2
STATION: CHATTANOOGA AIRPORT
MONTH: MARCH
YEAR: 2024
LATITUDE: 35 1 N
LONGITUDE: 85 12 W
[TEMPERATURE DATA] [PRECIPITATION DATA] SYMBOLS USED IN COLUMN 16
AVERAGE MONTHLY: 56.8 TOTAL FOR MONTH: 5.24 1 = FOG OR MIST
DPTR FM NORMAL: 3.6 DPTR FM NORMAL: -0.10 2 = FOG REDUCING VISIBILITY
HIGHEST: 82 ON 14 GRTST 24HR 1.38 ON 26-26 TO 1/4 MILE OR LESS
LOWEST: 29 ON 19 3 = THUNDER
SNOW, ICE PELLETS, HAIL 4 = ICE PELLETS
TOTAL MONTH: 0.0 INCH 5 = HAIL
GRTST 24HR 0.0 6 = FREEZING RAIN OR DRIZZLE
GRTST DEPTH: 0 7 = DUSTSTORM OR SANDSTORM:
VSBY 1/2 MILE OR LESS
8 = SMOKE OR HAZE
[NO. OF DAYS WITH] [WEATHER - DAYS WITH] 9 = BLOWING SNOW
X = TORNADO
MAX 32 OR BELOW: 0 0.01 INCH OR MORE: 10
MAX 90 OR ABOVE: 0 0.10 INCH OR MORE: 7
MIN 32 OR BELOW: 1 0.50 INCH OR MORE: 5
MIN 0 OR BELOW: 0 1.00 INCH OR MORE: 2
[HDD (BASE 65) ]
TOTAL THIS MO. 248 CLEAR (SCALE 0-3) 7
DPTR FM NORMAL -129 PTCLDY (SCALE 4-7) 17
TOTAL FM JUL 1 2420 CLOUDY (SCALE 8-10) 7
DPTR FM NORMAL -428
[CDD (BASE 65) ]
TOTAL THIS MO. 0
DPTR FM NORMAL -10 [PRESSURE DATA]
TOTAL FM JAN 1 1 HIGHEST SLP 30.35 ON 1
DPTR FM NORMAL -10 LOWEST SLP 29.73 ON 9
[REMARKS]
#FINAL-03-24#