727
CXUS55 KDVN 011100
CF6CID
PRELIMINARY LOCAL CLIMATOLOGICAL DATA (WS FORM: F-6)
STATION: CEDAR RAPIDS IA
MONTH: OCTOBER
YEAR: 2020
LATITUDE: 41 52 N
LONGITUDE: 91 42 W
TEMPERATURE IN F: :PCPN: SNOW: WIND :SUNSHINE: SKY :PK WND
================================================================================
1 2 3 4 5 6A 6B 7 8 9 10 11 12 13 14 15 16 17 18
12Z AVG MX 2MIN
DY MAX MIN AVG DEP HDD CDD WTR SNW DPTH SPD SPD DIR MIN PSBL S-S WX SPD DR
================================================================================
1 57 41 49 -7 16 0 T M M 11.7 26 320 M M 8 36 320
2 55 30 43 -13 22 0 0.00 M M 4.0 9 240 M M 3 8 13 280
3 52 42 47 -8 18 0 0.01 M M 4.2 9 40 M M 9 13 60
4 56 31 44 -11 21 0 0.00 M M 5.7 13 360 M M 0 8 18 340
5 65 35 50 -5 15 0 0.00 M M 14.0 26 180 M M 0 41 190
6 77 44 61 7 4 0 0.00 M M 11.1 22 280 M M 0 28 290
7 77 49 63 9 2 0 0.00 M M 8.4 18 350 M M 0 27 340
8 73 42 58 4 7 0 0.00 M M 7.7 14 150 M M 0 22 160
9 83 54 69 16 0 4 0.00 M M 14.5 28 200 M M 0 37 220
10 77 52 65 12 0 0 0.00 M M 8.9 18 100 M M 0 1 25 100
11 79 51 65 13 0 0 0.00 M M 13.8 20 160 M M 3 29 160
12 69 39 54 2 11 0 0.06 M M 15.4 31 320 M M 3 18 42 330
13 68 39 54 2 11 0 0.00 M M 10.8 26 300 M M 0 38 290
14 75 39 57 6 8 0 0.00 M M 16.5 32 300 M M 1 41 300
15 52 32 42 -9 23 0 0.00 M M 15.2 24 320 M M 0 34 310
16 54 30 42 -9 23 0 T M M 11.4 29 280 M M 3 8 41 290
17 62 41 52 2 13 0 T M M 16.0 35 210 M M 7 8 47 220
18 47 31 39 -11 26 0 0.16 M M 11.8 25 340 M M 6 1 33 340
19 35 28 32 -18 33 0 0.16 M M 8.4 16 20 M M 9 128 20 70
20 43 28 36 -13 29 0 0.03 M M 8.9 18 80 M M 7 1 22 80
21 49 33 41 -8 24 0 0.12 M M 8.3 18 80 M M 8 138 23 300
22 59 39 49 1 16 0 1.24 M M 12.6 24 320 M M 10 123 32 310
23 41 35 38 -10 27 0 0.77 M M 16.7 26 350 M M 10 1 35 340
24 39 31 35 -13 30 0 0.00 M M 6.9 13 40 M M 7 22 320
25 36 29 33 -14 32 0 0.00 M M 12.7 17 360 M M 8 1 23 360
26 32 25 29 -18 36 0 0.01 M M 10.4 17 360 M M 10 1 22 350
27 37 22 30 -17 35 0 0.00 M M 7.5 13 200 M M 4 21 200
28 50 21 36 -10 29 0 0.00 M M 7.4 17 200 M M 0 22 180
29 46 28 37 -9 28 0 0.00 M M 11.5 22 20 M M 6 28 10
30 46 30 38 -7 27 0 0.00 M M 7.2 14 100 M M 6 17 130
31 65 32 49 4 16 0 0.00 M M 18.2 32 300 M M 1 43 310
================================================================================
SM 1756 1103 582 4 2.56 M 337.8 M 129
================================================================================
AV 56.6 35.6 10.9 FASTST M M 4 MAX(MPH)
MISC ----> 35 210 47 220
================================================================================
NOTES:
# LAST OF SEVERAL OCCURRENCES
COLUMN 17 PEAK WIND IN M.P.H.
PRELIMINARY LOCAL CLIMATOLOGICAL DATA (WS FORM: F-6) , PAGE 2
STATION: CEDAR RAPIDS IA
MONTH: OCTOBER
YEAR: 2020
LATITUDE: 41 52 N
LONGITUDE: 91 42 W
[TEMPERATURE DATA] [PRECIPITATION DATA] SYMBOLS USED IN COLUMN 16
AVERAGE MONTHLY: 46.1 TOTAL FOR MONTH: 2.56 1 = FOG OR MIST
DPTR FM NORMAL: -4.5 DPTR FM NORMAL: -0.06 2 = FOG REDUCING VISIBILITY
HIGHEST: 83 ON 9 GRTST 24HR 1.59 ON 22-23 TO 1/4 MILE OR LESS
LOWEST: 21 ON 28 3 = THUNDER
SNOW, ICE PELLETS, HAIL 4 = ICE PELLETS
TOTAL MONTH: M 5 = HAIL
GRTST 24HR M ON M 6 = FREEZING RAIN OR DRIZZLE
GRTST DEPTH: M ON M 7 = DUSTSTORM OR SANDSTORM:
VSBY 1/2 MILE OR LESS
8 = SMOKE OR HAZE
[NO. OF DAYS WITH] [WEATHER - DAYS WITH] 9 = BLOWING SNOW
X = TORNADO
MAX 32 OR BELOW: 1 0.01 INCH OR MORE: 9
MAX 90 OR ABOVE: 0 0.10 INCH OR MORE: 5
MIN 32 OR BELOW: 15 0.50 INCH OR MORE: 2
MIN 0 OR BELOW: 0 1.00 INCH OR MORE: 1
[HDD (BASE 65) ]
TOTAL THIS MO. 582 CLEAR (SCALE 0-3) 15
DPTR FM NORMAL 129 PTCLDY (SCALE 4-7) 10
TOTAL FM JUL 1 735 CLOUDY (SCALE 8-10) 6
DPTR FM NORMAL 123
[CDD (BASE 65) ]
TOTAL THIS MO. 4
DPTR FM NORMAL -4 [PRESSURE DATA]
TOTAL FM JAN 1 792 HIGHEST SLP 30.42 ON 26
DPTR FM NORMAL 44 LOWEST SLP 29.51 ON 14
[REMARKS]
#FINAL-10-20#