000
CXUS53 KDVN 010949
CLSCID
CLIMATE REPORT
NATIONAL WEATHER SERVICE QUAD CITIES IA IL
349 AM CST WED DEC 01 2021
...................................
...THE CEDAR RAPIDS IA CLIMATE SUMMARY FOR THE SEASON, FROM
9/1/2021 TO 11/30/2021...
CLIMATE NORMAL PERIOD 1991 TO 2020
CLIMATE RECORD PERIOD 1891 TO 2021
WEATHER OBSERVED NORMAL DEPART LAST YEAR`S
VALUE DATE(S) VALUE FROM VALUE
NORMAL
..............................................................
TEMPERATURE (F)
RECORD
HIGH 105 09/04/1925
LOW -12 11/29/1891
HIGHEST 89 09/19 79 10
09/27
LOWEST 8 11/26 20 -12
AVG. MAXIMUM 64.5 60.8 3.7
AVG. MINIMUM 41.7 39.8 1.9
MEAN 53.1 50.3 2.8
DAYS MAX >= 90 0
DAYS MAX <= 32 1
DAYS MIN <= 32 24
DAYS MIN <= 0 0
PRECIPITATION (INCHES)
TOTALS 8.56R 8.31 0.25
DAILY AVG. 0.09 0.09 -0.00
DAYS >= .01 17
DAYS >= .10 11
DAYS >= .50 6
DAYS >= 1.00 3
GREATEST
24 HR. TOTAL 2.03 10/24 TO 10/25
DEGREE DAYS
HEATING TOTAL 1176 1423 -247
SINCE 7/1 1176 1441 -265
COOLING TOTAL 119 87 32
SINCE 1/1 971 756 215
..............................................................
WIND (MPH)
AVERAGE WIND SPEED 9.9
HIGHEST WIND SPEED/DIRECTION 37/250 DATE 11/11
HIGHEST GUST SPEED/DIRECTION 50/310 DATE 11/14
SKY COVER
POSSIBLE SUNSHINE (PERCENT) MM
AVERAGE SKY COVER 0.29
NUMBER OF DAYS FAIR 60
NUMBER OF DAYS PC 19
NUMBER OF DAYS CLOUDY 12
AVERAGE RH (PERCENT) 73
WEATHER CONDITIONS. NUMBER OF DAYS WITH
THUNDERSTORM 5 HAIL 0
SLEET 0 FOG 36
FOG W/VIS <= 1/4 MILE 2 HAZE 8
- INDICATES NEGATIVE NUMBERS.
R INDICATES RECORD WAS SET OR TIED.
MM INDICATES DATA IS MISSING.
T INDICATES TRACE AMOUNT.
$$