000
CXUS54 KHGX 020623
CF6CLL
PRELIMINARY LOCAL CLIMATOLOGICAL DATA (WS FORM: F-6)
STATION: COLLEGE STATION
MONTH: JANUARY
YEAR: 2022
LATITUDE: 30 34 N
LONGITUDE: 96 22 W
TEMPERATURE IN F: :PCPN: SNOW: WIND :SUNSHINE: SKY :PK WND
================================================================================
1 2 3 4 5 6A 6B 7 8 9 10 11 12 13 14 15 16 17 18
12Z AVG MX 2MIN
DY MAX MIN AVG DEP HDD CDD WTR SNW DPTH SPD SPD DIR MIN PSBL S-S WX SPD DR
================================================================================
1 83 40 62 11 3 0 0.00 0.0 0 12.7 29 340 M M 5 43 330
2 44 26 35 -16 30 0 T T 0 17.1 29 330 M M 4 46 41 310
3 54 26 40 -11 25 0 0.00 0.0 0 1.7 6 60 M M 0 9 50
4 66 34 50 -1 15 0 0.00 0.0 0 9.2 21 190 M M 0 8 29 200
5 75 47 61 10 4 0 0.00 0.0 0 5.8 14 260 M M 0 18 19 230
6 60 36 48 -3 17 0 0.00 0.0 0 10.6 23 350 M M 0 18 30 10
7 51 29 40 -11 25 0 0.00 0.0 0 7.7 14 360 M M 6 19 350
8 71 50 61 10 4 0 0.11 0.0 0 6.4 14 190 M M 10 1 21 170
9 67 52 60 9 5 0 0.00 0.0 0 13.4 24 340 M M 8 1 33 350
10 61 43 52 1 13 0 0.00 0.0 0 12.8 22 40 M M 2 32 40
11 56 37 47 -4 18 0 0.30 0.0 0 4.4 13 10 M M 4 16 10
12 62 42 52 1 13 0 0.00 0.0 0 2.0 9 160 M M 4 12 170
13 74 39 57 6 8 0 0.00 0.0 0 2.6 10 270 M M 0 1 14 280
14 77 44 61 10 4 0 0.00 0.0 0 7.4 21 170 M M 0 30 160
15 63 36 50 -1 15 0 0.00 0.0 0 19.6 32 330 M M 1 46 330
16 58 32 45 -6 20 0 0.00 0.0 0 7.0 22 330 M M 0 28 320
17 69 32 51 0 14 0 0.00 0.0 0 4.1 13 170 M M 0 23 170
18 75 43 59 8 6 0 0.00 0.0 0 11.5 24 170 M M 0 33 160
19 80 46 63 11 2 0 0.00 0.0 0 12.2 33 350 M M 4 42 360
20 46 34 40 -12 25 0 T 0.0 0 19.3 28 350 M M 10 37 340
21 52 29 41 -11 24 0 0.00 0.0 0 9.6 21 360 M M 2 26 360
22 56 30 43 -9 22 0 0.00 0.0 0 6.1 14 40 M M 0 19 50
23 62 35 49 -3 16 0 0.00 0.0 0 3.7 13 220 M M 7 17 210
24 53 47 50 -2 15 0 0.42 0.0 0 2.6 7 90 M M 10 12 10 220
25 58 46 52 0 13 0 0.00 0.0 0 6.2 15 40 M M 9 12 21 30
26 57 37 47 -5 18 0 0.00 0.0 0 7.0 15 40 M M 2 21 50
27 63 43 53 1 12 0 0.00 0.0 0 3.9 13 40 M M 5 16 10
28 59 37 48 -4 17 0 0.00 0.0 0 11.7 24 350 M M 1 34 330
29 66 30 48 -4 17 0 0.00 0.0 0 5.1 15 250 M M 0 22 220
30 70 37 54 1 11 0 0.00 0.0 0 7.7 16 190 M M 0 24 250
31 59 51 55 2 10 0 3.40 0.0 0 7.8 22 110 M M 8 13 28 110
================================================================================
SM 1947 1190 441 0 4.23 T 258.9 M 102
================================================================================
AV 62.8 38.4 8.4 FASTST M M 3 MAX(MPH)
MISC ----> 33 350 46 330
================================================================================
NOTES:
# LAST OF SEVERAL OCCURRENCES
COLUMN 17 PEAK WIND IN M.P.H.
PRELIMINARY LOCAL CLIMATOLOGICAL DATA (WS FORM: F-6) , PAGE 2
STATION: COLLEGE STATION
MONTH: JANUARY
YEAR: 2022
LATITUDE: 30 34 N
LONGITUDE: 96 22 W
[TEMPERATURE DATA] [PRECIPITATION DATA] SYMBOLS USED IN COLUMN 16
AVERAGE MONTHLY: 50.6 TOTAL FOR MONTH: 4.23 1 = FOG OR MIST
DPTR FM NORMAL: -0.9 DPTR FM NORMAL: 0.80 2 = FOG REDUCING VISIBILITY
HIGHEST: 83 ON 1 GRTST 24HR 3.40 ON 31-31 TO 1/4 MILE OR LESS
LOWEST: 26 ON 3, 2 3 = THUNDER
SNOW, ICE PELLETS, HAIL 4 = ICE PELLETS
TOTAL MONTH: T 5 = HAIL
GRTST 24HR T ON 2- 2 6 = FREEZING RAIN OR DRIZZLE
GRTST DEPTH: 0 7 = DUSTSTORM OR SANDSTORM:
VSBY 1/2 MILE OR LESS
8 = SMOKE OR HAZE
[NO. OF DAYS WITH] [WEATHER - DAYS WITH] 9 = BLOWING SNOW
X = TORNADO
MAX 32 OR BELOW: 0 0.01 INCH OR MORE: 4
MAX 90 OR ABOVE: 0 0.10 INCH OR MORE: 4
MIN 32 OR BELOW: 8 0.50 INCH OR MORE: 1
MIN 0 OR BELOW: 0 1.00 INCH OR MORE: 1
[HDD (BASE 65) ]
TOTAL THIS MO. 441 CLEAR (SCALE 0-3) 17
DPTR FM NORMAL 11 PTCLDY (SCALE 4-7) 8
TOTAL FM JUL 1 692 CLOUDY (SCALE 8-10) 6
DPTR FM NORMAL -352
[CDD (BASE 65) ]
TOTAL THIS MO. 0
DPTR FM NORMAL -11 [PRESSURE DATA]
TOTAL FM JAN 1 0 HIGHEST SLP 30.63 ON 10
DPTR FM NORMAL -11 LOWEST SLP 29.62 ON 1
[REMARKS]
#FINAL-01-22#