000
CXUS56 KLOX 011155
CF6CMA
PRELIMINARY LOCAL CLIMATOLOGICAL DATA (WS FORM: F-6)
STATION: CAMARILLO AIRPORT CA
MONTH: APRIL
YEAR: 2022
LATITUDE: 34 12 N
LONGITUDE: 119 6 W
TEMPERATURE IN F: :PCPN: SNOW: WIND :SUNSHINE: SKY :PK WND
================================================================================
1 2 3 4 5 6A 6B 7 8 9 10 11 12 13 14 15 16 17 18
12Z AVG MX 2MIN
DY MAX MIN AVG DEP HDD CDD WTR SNW DPTH SPD SPD DIR MIN PSBL S-S WX SPD DR
================================================================================
1 66 47 57 -2 8 0 0.00 M M 4.1 14 240 M M 1 18 21 240
2 63 52 58 -1 7 0 T M M 3.5 12 230 M M 9 18 16 220
3 64 54 59 0 6 0 0.00 M M 5.7 15 280 M M 10 18 20 250
4 68 51 60 1 5 0 0.00 M M 3.9 12 220 M M 5 18 17 200
5 82 49 66 7 0 1 0.00 M M 3.8 14 260 M M 0 8 19 200
6 82 52 67 7 0 2 0.00 M M 3.9 10 240 M M 0 18 17 250
7 98 53 76 16 0 11 0.00 M M 11.8 30 60 M M 0 12 41 60
8 99 54 77 17 0 12 0.00 M M 5.7 18 90 M M 0 18 25 60
9 71 53 62 2 3 0 0.00 M M 3.9 13 270 M M 0 18 19 270
10 69 50 60 0 5 0 0.00 M M 4.6 15 240 M M 2 18 24 240
11 67 49 58 -2 7 0 0.00 M M 11.9 35 270 M M 2 18 45 260
12 69 42 56 -4 9 0 0.00 M M 7.1 23 290 M M 0 32 260
13 68 39 54 -6 11 0 0.00 M M 6.6 18 280 M M 0 22 260
14 68 44 56 -4 9 0 0.00 M M 5.8 16 230 M M 0 8 21 250
15 69 45 57 -3 8 0 0.00 M M 5.4 14 240 M M 2 22 240
16 69 55 62 2 3 0 0.00 M M 8.6 26 260 M M 6 36 280
17 68 54 61 1 4 0 0.00 M M 5.8 15 270 M M 4 1 20 240
18 70 50 60 0 5 0 0.00 M M 4.3 15 260 M M 0 21 250
19 71 55 63 3 2 0 0.00 M M 7.1 23 260 M M 0 31 260
20 68 50 59 -1 6 0 0.00 M M 7.5 17 280 M M 2 24 260
21 67 48 58 -2 7 0 0.30 M M 7.4 18 270 M M 5 1 24 220
22 65 51 58 -2 7 0 T M M 14.2 32 270 M M 1 42 270
23 72 45 59 -2 6 0 0.00 M M 5.9 20 280 M M 0 25 280
24 87 51 69 8 0 4 0.00 M M 10.1 26 70 M M 0 36 70
25 86 48 67 6 0 2 0.00 M M 5.7 15 260 M M 0 19 270
26 73 49 61 0 4 0 0.00 M M 4.8 15 270 M M 0 18 21 250
27 69 49 59 -2 6 0 0.00 M M 5.8 15 260 M M 0 18 23 230
28 66 51 59 -2 6 0 0.00 M M 5.8 16 270 M M 3 18 27 260
29 69 46 58 -3 7 0 0.00 M M 4.9 15 240 M M 0 22 220
30 73 48 61 0 4 0 0.00 M M 4.9 13 230 M M 0 18 17 230
================================================================================
SM 2176 1484 145 32 0.30 M 190.5 M 52
================================================================================
AV 72.5 49.5 6.3 FASTST M M 2 MAX(MPH)
MISC ----> 35 270 45 260
================================================================================
NOTES:
# LAST OF SEVERAL OCCURRENCES
COLUMN 17 PEAK WIND IN M.P.H.
PRELIMINARY LOCAL CLIMATOLOGICAL DATA (WS FORM: F-6) , PAGE 2
STATION: CAMARILLO AIRPORT CA
MONTH: APRIL
YEAR: 2022
LATITUDE: 34 12 N
LONGITUDE: 119 6 W
[TEMPERATURE DATA] [PRECIPITATION DATA] SYMBOLS USED IN COLUMN 16
AVERAGE MONTHLY: 61.0 TOTAL FOR MONTH: 0.30 1 = FOG OR MIST
DPTR FM NORMAL: 0.9 DPTR FM NORMAL: -0.34 2 = FOG REDUCING VISIBILITY
HIGHEST: 99 ON 8 GRTST 24HR 0.30 ON 21-21 TO 1/4 MILE OR LESS
LOWEST: 39 ON 13 3 = THUNDER
SNOW, ICE PELLETS, HAIL 4 = ICE PELLETS
TOTAL MONTH: M 5 = HAIL
GRTST 24HR M ON M 6 = FREEZING RAIN OR DRIZZLE
GRTST DEPTH: M ON M 7 = DUSTSTORM OR SANDSTORM:
VSBY 1/2 MILE OR LESS
8 = SMOKE OR HAZE
[NO. OF DAYS WITH] [WEATHER - DAYS WITH] 9 = BLOWING SNOW
X = TORNADO
MAX 32 OR BELOW: 0 0.01 INCH OR MORE: 1
MAX 90 OR ABOVE: 2 0.10 INCH OR MORE: 1
MIN 32 OR BELOW: 0 0.50 INCH OR MORE: 0
MIN 0 OR BELOW: 0 1.00 INCH OR MORE: 0
[HDD (BASE 65) ]
TOTAL THIS MO. 145 CLEAR (SCALE 0-3) 24
DPTR FM NORMAL -16 PTCLDY (SCALE 4-7) 4
TOTAL FM JUL 1 1414 CLOUDY (SCALE 8-10) 2
DPTR FM NORMAL -12
[CDD (BASE 65) ]
TOTAL THIS MO. 32
DPTR FM NORMAL 18 [PRESSURE DATA]
TOTAL FM JAN 1 61 HIGHEST SLP 30.21 ON 17
DPTR FM NORMAL 21 LOWEST SLP 29.76 ON 9
[REMARKS]
#FINAL-04-22#