000
CXUS53 KILX 011534
CLSCMI
CLIMATE REPORT
NATIONAL WEATHER SERVICE LINCOLN IL
1034 AM CDT WED JUN 01 2022
...................................
...THE CHAMPAIGN IL AIRPORT CLIMATE SUMMARY FOR THE SEASON, FROM
3/1/2022 TO 5/31/2022...
CLIMATE NORMAL PERIOD 1991 TO 2020
CLIMATE RECORD PERIOD 9999 TO 9999
WEATHER OBSERVED NORMAL DEPART LAST YEAR`S
VALUE DATE(S) VALUE FROM VALUE
NORMAL
..............................................................
TEMPERATURE (F)
RECORD
HIGH MM MM
LOW MM MM
HIGHEST 96 05/11 MM MM 91
LOWEST 11 03/12 MM MM 20
AVG. MAXIMUM 64.3 63.9 0.4 65.1
AVG. MINIMUM 42.7 41.5 1.2 42.1
MEAN 53.5 52.7 0.8 53.6
DAYS MAX >= 90 9 2.2 6.8 3
DAYS MAX <= 32 2 1.7 0.3 0
DAYS MIN <= 32 20 24.5 -4.5 17
DAYS MIN <= 0 0 0.2 -0.2 0
PRECIPITATION (INCHES)
RECORD
MAXIMUM MM MM
MINIMUM MM MM
TOTALS 10.97 10.64 0.33 9.61
DAILY AVG. 0.12 0.10
DAYS >= .01 36 35.4 0.6 34
DAYS >= .10 22 21.2 0.8 21
DAYS >= .50 9 6.9 2.1 5
DAYS >= 1.00 2 2.0 0.0 3
GREATEST
24 HR. TOTAL 1.79 03/30 TO 03/31 1.45
DEGREE DAYS
HEATING TOTAL 1211 1247 -36 1130
SINCE 7/1 5280 5574 -294 MM
COOLING TOTAL 177 114 63 107
SINCE 1/1 177 113 64 MM
FREEZE DATES
RECORD
EARLIEST MM
LATEST MM
EARLIEST 11/01
LATEST 04/22
..............................................................
WIND (MPH)
AVERAGE WIND SPEED 13.1
HIGHEST WIND SPEED/DIRECTION 41/290 DATE 03/25
HIGHEST GUST SPEED/DIRECTION 56/170 DATE 05/20
SKY COVER
POSSIBLE SUNSHINE (PERCENT) MM
AVERAGE SKY COVER 0.46
NUMBER OF DAYS FAIR 40
NUMBER OF DAYS PC 32
NUMBER OF DAYS CLOUDY 20
AVERAGE RH (PERCENT) 68
WEATHER CONDITIONS. NUMBER OF DAYS WITH
THUNDERSTORM 12 MIXED PRECIP 1
HEAVY RAIN 11 RAIN 19
LIGHT RAIN 45 FREEZING RAIN 0
LT FREEZING RAIN 0 HAIL 0
HEAVY SNOW 0 SNOW 0
LIGHT SNOW 5 SLEET 0
FOG 40 FOG W/VIS <= 1/4 MILE 2
HAZE 9
- INDICATES NEGATIVE NUMBERS.
R INDICATES RECORD WAS SET OR TIED.
MM INDICATES DATA IS MISSING.
T INDICATES TRACE AMOUNT.
$$
ERWIN