000
CXUS56 KSGX 011245
CF6CNO
PRELIMINARY LOCAL CLIMATOLOGICAL DATA (WS FORM: F-6)
STATION: CHINO AIRPORT CA
MONTH: OCTOBER
YEAR: 2020
LATITUDE: 33 58 N
LONGITUDE: 117 38 W
TEMPERATURE IN F: :PCPN: SNOW: WIND :SUNSHINE: SKY :PK WND
================================================================================
1 2 3 4 5 6A 6B 7 8 9 10 11 12 13 14 15 16 17 18
12Z AVG MX 2MIN
DY MAX MIN AVG DEP HDD CDD WTR SNW DPTH SPD SPD DIR MIN PSBL S-S WX SPD DR
================================================================================
1 111 62 87 17 0 22 0.00 0.0 0 3.8 16 250 M M 0 8 19 250
2 109 60 85 16 0 20 0.00 0.0 0 3.5 16 240 M M 0 8 20 250
3 105 60 83 14 0 18 0.00 0.0 0 3.9 17 260 M M 0 8 20 250
4 103 59 81 12 0 16 0.00 0.0 0 3.8 16 240 M M 1 8 19 250
5 103 61 82 13 0 17 0.00 0.0 0 3.8 17 240 M M 2 8 21 230
6 100 59 80 12 0 15 0.00 0.0 0 3.8 15 250 M M 3 8 20 280
7 94 58 76 8 0 11 0.00 0.0 0 5.5 17 280 M M 0 8 20 250
8 85 64 75 7 0 10 0.00 0.0 0 5.3 16 250 M M 6 8 19 250
9 82 63 73 5 0 8 0.00 0.0 0 5.1 15 240 M M 5 8 19 240
10 82 63 73 5 0 8 0.00 0.0 0 5.0 16 240 M M 6 8 21 240
11 86 58 72 5 0 7 0.00 0.0 0 2.4 13 240 M M 0 18 20 270
12 102 58 80 13 0 15 0.00 0.0 0 2.6 14 260 M M 0 18 17 270
13 103 60 82 15 0 17 0.00 0.0 0 3.4 15 240 M M 0 8 18 220
14 102 58 80 13 0 15 0.00 0.0 0 3.3 13 260 M M 0 8 17 290
15 104 59 82 15 0 17 0.00 0.0 0 3.5 15 250 M M 1 8 17 260
16 105 58 82 16 0 17 0.00 0.0 0 2.3 14 260 M M 1 8 15 260
17 98 59 79 13 0 14 0.00 0.0 0 4.2 15 270 M M 0 8 18 290
18 94 59 77 11 0 12 0.00 0.0 0 3.0 16 240 M M 1 8 19 240
19 88 61 75 9 0 10 0.00 0.0 0 3.8 15 260 M M 4 128 23 250
20 89 61 75 9 0 10 0.00 0.0 0 4.6 16 230 M M 4 18 19 230
21 84 61 73 8 0 8 0.00 0.0 0 4.7 13 250 M M 6 18 17 250
22 79 61 70 5 0 5 0.00 0.0 0 4.1 14 230 M M 7 18 17 240
23 80 64 72 7 0 7 0.00 0.0 0 4.6 14 240 M M 8 8 17 240
24 74 63 69 4 0 4 0.00 0.0 0 3.9 12 250 M M 10 8 14 280
25 70 59 65 1 0 0 0.01 0.0 0 6.4 16 250 M M 8 8 20 240
26 72 48 60 -4 5 0 T M 0 15.0 39 20 M M 2 78 54 60
27 83 47 65 1 0 0 0.00 0.0 0 8.0 23 30 M M 0 8 35 20
28 86 45 66 2 0 1 0.00 0.0 0 3.4 16 240 M M 0 8 19 230
29 93 45 69 6 0 4 0.00 0.0 0 1.9 13 230 M M 0 8 15 200
30 94 48 71 8 0 6 0.00 0.0 0 3.0 15 240 M M 0 8 17 250
31 95 47 71 8 0 6 0.00 0.0 0 2.5 15 260 M M 2 8 17 260
================================================================================
SM 2855 1788 5 320 0.01 0.0 134.1 M 77
================================================================================
AV 92.1 57.7 4.3 FASTST M M 2 MAX(MPH)
MISC ----> # 39 20 # 54 60
================================================================================
NOTES:
# LAST OF SEVERAL OCCURRENCES
COLUMN 17 PEAK WIND IN M.P.H.
PRELIMINARY LOCAL CLIMATOLOGICAL DATA (WS FORM: F-6) , PAGE 2
STATION: CHINO AIRPORT CA
MONTH: OCTOBER
YEAR: 2020
LATITUDE: 33 58 N
LONGITUDE: 117 38 W
[TEMPERATURE DATA] [PRECIPITATION DATA] SYMBOLS USED IN COLUMN 16
AVERAGE MONTHLY: 74.9 TOTAL FOR MONTH: 0.01 1 = FOG OR MIST
DPTR FM NORMAL: 8.6 DPTR FM NORMAL: -0.70 2 = FOG REDUCING VISIBILITY
HIGHEST: 111 ON 1 GRTST 24HR 0.01 ON 25-25 TO 1/4 MILE OR LESS
LOWEST: 45 ON 29,28 3 = THUNDER
SNOW, ICE PELLETS, HAIL 4 = ICE PELLETS
TOTAL MONTH: 0.0 INCH 5 = HAIL
GRTST 24HR 0.0 6 = FREEZING RAIN OR DRIZZLE
GRTST DEPTH: 0 7 = DUSTSTORM OR SANDSTORM:
VSBY 1/2 MILE OR LESS
8 = SMOKE OR HAZE
[NO. OF DAYS WITH] [WEATHER - DAYS WITH] 9 = BLOWING SNOW
X = TORNADO
MAX 32 OR BELOW: 0 0.01 INCH OR MORE: 1
MAX 90 OR ABOVE: 17 0.10 INCH OR MORE: 0
MIN 32 OR BELOW: 0 0.50 INCH OR MORE: 0
MIN 0 OR BELOW: 0 1.00 INCH OR MORE: 0
[HDD (BASE 65) ]
TOTAL THIS MO. 5 CLEAR (SCALE 0-3) 21
DPTR FM NORMAL -44 PTCLDY (SCALE 4-7) 9
TOTAL FM JUL 1 5 CLOUDY (SCALE 8-10) 1
DPTR FM NORMAL -48
[CDD (BASE 65) ]
TOTAL THIS MO. 320
DPTR FM NORMAL 231 [PRESSURE DATA]
TOTAL FM JAN 1 2496 HIGHEST SLP 30.11 ON 28
DPTR FM NORMAL 1170 LOWEST SLP 29.77 ON 21
[REMARKS]
#FINAL-10-20#