000
CXUS53 KICT 011513
CF6CNU
PRELIMINARY LOCAL CLIMATOLOGICAL DATA (WS FORM: F-6)
STATION: CHANUTE KS
MONTH: NOVEMBER
YEAR: 2021
LATITUDE: 37 40 N
LONGITUDE: 95 29 W
TEMPERATURE IN F: :PCPN: SNOW: WIND :SUNSHINE: SKY :PK WND
================================================================================
1 2 3 4 5 6A 6B 7 8 9 10 11 12 13 14 15 16 17 18
12Z AVG MX 2MIN
DY MAX MIN AVG DEP HDD CDD WTR SNW DPTH SPD SPD DIR MIN PSBL S-S WX SPD DR
================================================================================
1 48 42 45 -8 20 0 T M M 9.1 16 50 M M 7 23 50
2 50 40 45 -8 20 0 0.00 M M 5.1 13 70 M M 4 19 70
3 53 35 44 -8 21 0 0.00 M M 3.5 7 320 M M 9 10 60
4 56 35 46 -6 19 0 0.00 M M 5.9 15 210 M M 8 20 220
5 58 36 47 -4 18 0 0.00 M M 8.3 20 190 M M 1 1 27 200
6 66 40 53 2 12 0 0.00 M M 9.4 17 210 M M 0 23 220
7 73 46 60 9 5 0 0.00 M M 14.8 23 180 M M 0 31 180
8 74 52 63 13 2 0 0.00 M M 13.7 22 190 M M 0 31 180
9 70 54 62 12 3 0 0.00 M M 4.0 9 160 M M 5 13 170
10 68 55 62 13 3 0 0.52 M M 13.9 25 170 M M 10 13 34 170
11 60 42 51 2 14 0 0.00 M M 11.8 28 280 M M 1 38 280
12 53 33 43 -5 22 0 T M M 14.7 35 280 M M 4 49 280
13 52 28 40 -8 25 0 0.00 M M 7.4 15 190 M M 0 20 180
14 60 38 49 1 16 0 0.00 M M 6.2 18 350 M M 1 25 350
15 72 42 57 10 8 0 0.00 M M 11.1 23 210 M M 0 31 200
16 76 45 61 14 4 0 0.00 M M 14.1 26 180 M M 0 1 36 190
17 67 38 53 7 12 0 0.00 M M 11.5 26 20 M M 6 39 360
18 54 27 41 -5 24 0 0.00 M M 5.7 15 320 M M 0 22 330
19 54 25 40 -6 25 0 T M M 12.9 26 190 M M 0 35 180
20 60 35 48 3 17 0 0.00 M M 6.7 18 180 M M 0 25 190
21 62 37 50 5 15 0 0.00 M M 8.4 21 350 M M 0 30 350
22 55 26 41 -3 24 0 0.00 M M 5.9 14 170 M M 0 17 160
23 69 31 50 6 15 0 0.00 M M 12.8 26 180 M M 0 39 190
24 66 43 55 11 10 0 0.01 M M 18.7 30 190 M M 2 43 190
25 47 24 36 -7 29 0 0.00 M M 10.3 25 360 M M 1 36 350
26 60 24 42 -1 23 0 0.00 M M 12.0 22 210 M M 0 30 200
27 67 37 52 10 13 0 0.00 M M 7.9 15 190 M M 0 22 190
28 57 35 46 4 19 0 0.00 M M 5.5 12 340 M M 0 17 350
29 68 39 54 12 11 0 0.00 M M 9.1 17 200 M M 0 23 210
30 62 34 48 7 17 0 0.00 M M 5.4 14 50 M M 0 19 40
================================================================================
SM 1837 1118 466 0 0.53 M 285.8 M 59
================================================================================
AV 61.2 37.3 9.5 FASTST M M 2 MAX(MPH)
MISC ----> 35 280 49 280
================================================================================
NOTES:
# LAST OF SEVERAL OCCURRENCES
COLUMN 17 PEAK WIND IN M.P.H.
PRELIMINARY LOCAL CLIMATOLOGICAL DATA (WS FORM: F-6) , PAGE 2
STATION: CHANUTE KS
MONTH: NOVEMBER
YEAR: 2021
LATITUDE: 37 40 N
LONGITUDE: 95 29 W
[TEMPERATURE DATA] [PRECIPITATION DATA] SYMBOLS USED IN COLUMN 16
AVERAGE MONTHLY: 49.3 TOTAL FOR MONTH: 0.53 1 = FOG OR MIST
DPTR FM NORMAL: 2.2 DPTR FM NORMAL: -1.83 2 = FOG REDUCING VISIBILITY
HIGHEST: 76 ON 16 GRTST 24HR 0.52 ON 10-10 TO 1/4 MILE OR LESS
LOWEST: 24 ON 26,25 3 = THUNDER
SNOW, ICE PELLETS, HAIL 4 = ICE PELLETS
TOTAL MONTH: M 5 = HAIL
GRTST 24HR M ON M 6 = FREEZING RAIN OR DRIZZLE
GRTST DEPTH: M ON M 7 = DUSTSTORM OR SANDSTORM:
VSBY 1/2 MILE OR LESS
8 = SMOKE OR HAZE
[NO. OF DAYS WITH] [WEATHER - DAYS WITH] 9 = BLOWING SNOW
X = TORNADO
MAX 32 OR BELOW: 0 0.01 INCH OR MORE: 2
MAX 90 OR ABOVE: 0 0.10 INCH OR MORE: 1
MIN 32 OR BELOW: 7 0.50 INCH OR MORE: 1
MIN 0 OR BELOW: 0 1.00 INCH OR MORE: 0
[HDD (BASE 65) ]
TOTAL THIS MO. 466 CLEAR (SCALE 0-3) 22
DPTR FM NORMAL -75 PTCLDY (SCALE 4-7) 5
TOTAL FM JUL 1 585 CLOUDY (SCALE 8-10) 3
DPTR FM NORMAL -211
[CDD (BASE 65) ]
TOTAL THIS MO. 0
DPTR FM NORMAL -4 [PRESSURE DATA]
TOTAL FM JAN 1 1928 HIGHEST SLP 30.57 ON 18
DPTR FM NORMAL 218 LOWEST SLP 29.64 ON 17
[REMARKS]
#FINAL-11-21#