000
CXUS53 KICT 021859
CF6CNU
PRELIMINARY LOCAL CLIMATOLOGICAL DATA (WS FORM: F-6)
STATION: CHANUTE KS
MONTH: JUNE
YEAR: 2021
LATITUDE: 37 40 N
LONGITUDE: 95 29 W
TEMPERATURE IN F: :PCPN: SNOW: WIND :SUNSHINE: SKY :PK WND
================================================================================
1 2 3 4 5 6A 6B 7 8 9 10 11 12 13 14 15 16 17 18
12Z AVG MX 2MIN
DY MAX MIN AVG DEP HDD CDD WTR SNW DPTH SPD SPD DIR MIN PSBL S-S WX SPD DR
================================================================================
1 75 58 67 -5 0 2 0.00 M M 6.7 16 70 M M 6 23 50
2 79 56 68 -5 0 3 0.00 M M 3.5 12 10 M M 2 1 15 360
3 85 56 71 -2 0 6 0.00 M M 3.2 8 230 M M 3 1 16 160
4 86 62 74 1 0 9 0.00 M M 9.5 17 190 M M 3 24 180
5 83 63 73 -1 0 8 0.00 M M 8.9 16 170 M M 1 22 150
6 84 67 76 2 0 11 T M M 8.6 16 180 M M 5 1 25 190
7 85 64 75 1 0 10 0.00 M M 6.4 13 130 M M 1 1 18 160
8 87 66 77 3 0 12 0.12 M M 4.4 13 150 M M 4 1 16 160
9 92 70 81 6 0 16 0.00 M M 4.9 10 150 M M 1 1 20 140
10 94 71 83 8 0 18 0.00 M M 5.1 12 160 M M 1 17 170
11 94 72 83 8 0 18 0.30 M M 10.4 38 40 M M 3 138 56 30
12 90 70 80 4 0 15 0.00 M M 6.5 15 10 M M 3 20 40
13 92 65 79 3 0 14 0.00 M M 4.5 14 60 M M 0 19 60
14 96 59 78 2 0 13 0.00 M M 1.5 8 120 M M 0 1 11 110
15 97 63 80 4 0 15 0.00 M M 2.5 8 150 M M 0 1 11 10
16 98 71 85 8 0 20 0.00 M M 4.8 14 190 M M 1 18 150
17 100 72 86 9 0 21 0.00 M M 8.6 18 210 M M 0 25 190
18 97 73 85 8 0 20 0.00 M M 13.4 23 200 M M 0 32 190
19 95 72 84 7 0 19 0.00 M M 11.5 21 200 M M 0 18 27 210
20 98 75 87 9 0 22 T M M 15.0 25 210 M M 0 3 37 200
21 82 58 70 -8 0 5 0.28 M M 9.0 25 10 M M 4 13 45 40
22 87 54 71 -7 0 6 0.00 M M 9.5 21 200 M M 0 26 170
23 90 66 78 0 0 13 0.00 M M 14.7 24 170 M M 1 33 180
24 95 77 86 8 0 21 0.00 M M 17.0 31 160 M M 3 47 190
25 96 69 83 5 0 18 5.87 M M 14.8 30 40 M M 6 13 41 30
26 87 69 78 -1 0 13 1.24 M M 9.8 17 200 M M 6 13 25 210
27 78 69 74 -5 0 9 0.73 M M 4.2 12 350 M M 9 1 13 360
28 78 71 75 -4 0 10 1.57 M M 4.9 22 140 M M 8 123 32 150
29 86 72 79 0 0 14 0.08 M M 2.3 15 210 M M 6 12 20 210
30 83 74 79 0 0 14 1.72 M M 5.2 18 280 M M 6 123 25 160
================================================================================
SM 2669 2004 0 395 11.91 M 231.3 M 83
================================================================================
AV 89.0 66.8 7.7 FASTST M M 3 MAX(MPH)
MISC ----> 38 40 56 30
================================================================================
NOTES:
# LAST OF SEVERAL OCCURRENCES
COLUMN 17 PEAK WIND IN M.P.H.
PRELIMINARY LOCAL CLIMATOLOGICAL DATA (WS FORM: F-6) , PAGE 2
STATION: CHANUTE KS
MONTH: JUNE
YEAR: 2021
LATITUDE: 37 40 N
LONGITUDE: 95 29 W
[TEMPERATURE DATA] [PRECIPITATION DATA] SYMBOLS USED IN COLUMN 16
AVERAGE MONTHLY: 77.9 TOTAL FOR MONTH: 11.91 1 = FOG OR MIST
DPTR FM NORMAL: 1.7 DPTR FM NORMAL: 6.29 2 = FOG REDUCING VISIBILITY
HIGHEST: 100 ON 17 GRTST 24HR 7.11 ON 25-26 TO 1/4 MILE OR LESS
LOWEST: 54 ON 22 3 = THUNDER
SNOW, ICE PELLETS, HAIL 4 = ICE PELLETS
TOTAL MONTH: M 5 = HAIL
GRTST 24HR M ON M 6 = FREEZING RAIN OR DRIZZLE
GRTST DEPTH: M ON M 7 = DUSTSTORM OR SANDSTORM:
VSBY 1/2 MILE OR LESS
8 = SMOKE OR HAZE
[NO. OF DAYS WITH] [WEATHER - DAYS WITH] 9 = BLOWING SNOW
X = TORNADO
MAX 32 OR BELOW: 0 0.01 INCH OR MORE: 9
MAX 90 OR ABOVE: 15 0.10 INCH OR MORE: 8
MIN 32 OR BELOW: 0 0.50 INCH OR MORE: 5
MIN 0 OR BELOW: 0 1.00 INCH OR MORE: 4
[HDD (BASE 65) ]
TOTAL THIS MO. 0 CLEAR (SCALE 0-3) 19
DPTR FM NORMAL -3 PTCLDY (SCALE 4-7) 10
TOTAL FM JUL 1 4213 CLOUDY (SCALE 8-10) 1
DPTR FM NORMAL -10
[CDD (BASE 65) ]
TOTAL THIS MO. 395
DPTR FM NORMAL 56 [PRESSURE DATA]
TOTAL FM JAN 1 508 HIGHEST SLP 30.18 ON 1
DPTR FM NORMAL 1 LOWEST SLP 29.56 ON 20
[REMARKS]
#FINAL-06-21#