000
CDUS43 KICT 090624
CLICNU


CLIMATE REPORT
NATIONAL WEATHER SERVICE WICHITA KS
122 AM CDT MON APR 9 2018


...................................

...THE CHANUTE KS CLIMATE SUMMARY FOR APRIL 8 2018...

CLIMATE NORMAL PERIOD 1981 TO 2010
CLIMATE RECORD PERIOD 1894 TO 2018


WEATHER ITEM   OBSERVED TIME   RECORD YEAR NORMAL DEPARTURE LAST
                VALUE   (LST)  VALUE       VALUE  FROM      YEAR
                                                  NORMAL
..................................................................
TEMPERATURE (F)
 YESTERDAY
  MAXIMUM         50    213 PM  87    1924  66    -16       81
  MINIMUM         29   1251 AM  20    2007  43    -14       53
  AVERAGE         40                        54    -14       67

PRECIPITATION (IN)
  YESTERDAY        0.04          8.92 1927   0.14  -0.10     0.00
  MONTH TO DATE    0.08                      1.00  -0.92     2.75
  SINCE MAR 1      1.54                      4.04  -2.50     4.77
  SINCE JAN 1      4.15                      7.20  -3.05     6.92

DEGREE DAYS
 HEATING
  YESTERDAY       25                        11     14        0
  MONTH TO DATE  201                        97    104       81
  SINCE MAR 1    721                       656     65      491
  SINCE JUL 1   4067                      4228   -161     3259

 COOLING
  YESTERDAY        0                         1     -1        2
  MONTH TO DATE    0                         4     -4        2
  SINCE MAR 1      0                         8     -8       19
  SINCE JAN 1      0                         8     -8       22
..................................................................


WIND (MPH)
  HIGHEST WIND SPEED    21   HIGHEST WIND DIRECTION     S (170)
  HIGHEST GUST SPEED    27   HIGHEST GUST DIRECTION     S (180)
  AVERAGE WIND SPEED     9.2


SKY COVER
  POSSIBLE SUNSHINE  MM
  AVERAGE SKY COVER 0.7


WEATHER CONDITIONS
 THE FOLLOWING WEATHER WAS RECORDED YESTERDAY.
  LIGHT RAIN


RELATIVE HUMIDITY (PERCENT)
 HIGHEST    82          1000 PM
 LOWEST     42           100 PM
 AVERAGE    62

..........................................................


THE CHANUTE KS CLIMATE NORMALS FOR TODAY
                         NORMAL    RECORD    YEAR
 MAXIMUM TEMPERATURE (F)   66        89      1930
 MINIMUM TEMPERATURE (F)   44        24      2003


SUNRISE AND SUNSET
APRIL  9 2018.........SUNRISE   655 AM CDT   SUNSET   752 PM CDT
APRIL 10 2018.........SUNRISE   654 AM CDT   SUNSET   753 PM CDT


-  INDICATES NEGATIVE NUMBERS.
R  INDICATES RECORD WAS SET OR TIED.
MM INDICATES DATA IS MISSING.
T  INDICATES TRACE AMOUNT.




$$
