000
CDUS43 KICT 280706
CLICNU


CLIMATE REPORT
NATIONAL WEATHER SERVICE WICHITA KS
205 AM CDT WED MAR 28 2018


...................................

...THE CHANUTE KS CLIMATE SUMMARY FOR MARCH 27 2018...

CLIMATE NORMAL PERIOD 1981 TO 2010
CLIMATE RECORD PERIOD 1894 TO 2018


WEATHER ITEM   OBSERVED TIME   RECORD YEAR NORMAL DEPARTURE LAST
                VALUE   (LST)  VALUE       VALUE  FROM      YEAR
                                                  NORMAL
..................................................................
TEMPERATURE (F)
 YESTERDAY
  MAXIMUM         53   1208 AM  86    1910  62     -9       56
  MINIMUM         42    946 PM  17    1955  39      3       48
  AVERAGE         48                        51     -3       52

PRECIPITATION (IN)
  YESTERDAY        0.25          0.97 1975   0.11   0.14     0.03
  MONTH TO DATE    1.44                      2.59  -1.15     0.82
  SINCE MAR 1      1.44                      2.59  -1.15     0.82
  SINCE JAN 1      4.05                      5.75  -1.70     2.97

DEGREE DAYS
 HEATING
  YESTERDAY       17                        15      2       13
  MONTH TO DATE  454                       504    -50      368
  SINCE MAR 1    454                       504    -50      368
  SINCE JUL 1   3800                      4076   -276     3136

 COOLING
  YESTERDAY        0                         0      0        0
  MONTH TO DATE    0                         0      0       17
  SINCE MAR 1      0                         0      0       17
  SINCE JAN 1      0                         0      0       20
..................................................................


WIND (MPH)
  HIGHEST WIND SPEED    18   HIGHEST WIND DIRECTION     N (360)
  HIGHEST GUST SPEED    23   HIGHEST GUST DIRECTION     N (360)
  AVERAGE WIND SPEED     9.7


SKY COVER
  POSSIBLE SUNSHINE  MM
  AVERAGE SKY COVER 0.9


WEATHER CONDITIONS
 THE FOLLOWING WEATHER WAS RECORDED YESTERDAY.
  LIGHT RAIN
  FOG


RELATIVE HUMIDITY (PERCENT)
 HIGHEST   100           300 AM
 LOWEST     89           900 AM
 AVERAGE    95

..........................................................


THE CHANUTE KS CLIMATE NORMALS FOR TODAY
                         NORMAL    RECORD    YEAR
 MAXIMUM TEMPERATURE (F)   62        86      1963
 MINIMUM TEMPERATURE (F)   40        11      1899


SUNRISE AND SUNSET
MARCH 28 2018.........SUNRISE   713 AM CDT   SUNSET   741 PM CDT
MARCH 29 2018.........SUNRISE   712 AM CDT   SUNSET   742 PM CDT


-  INDICATES NEGATIVE NUMBERS.
R  INDICATES RECORD WAS SET OR TIED.
MM INDICATES DATA IS MISSING.
T  INDICATES TRACE AMOUNT.




$$
