000
CDUS43 KICT 250635
CLICNU

CLIMATE REPORT
NATIONAL WEATHER SERVICE WICHITA KS
134 AM CDT WED APR 25 2018


...................................

...THE CHANUTE KS CLIMATE SUMMARY FOR APRIL 24 2018...

CLIMATE NORMAL PERIOD 1981 TO 2010
CLIMATE RECORD PERIOD 1894 TO 2018


WEATHER ITEM   OBSERVED TIME   RECORD YEAR NORMAL DEPARTURE LAST
                VALUE   (LST)  VALUE       VALUE  FROM      YEAR
                                                  NORMAL
..................................................................
TEMPERATURE (F)
 YESTERDAY
  MAXIMUM         79    406 PM  88    1917  70      9       73
  MINIMUM         41    558 AM  29    1956  49     -8       39
  AVERAGE         60                        60      0       56

PRECIPITATION (IN)
  YESTERDAY        0.00          1.51 1975   0.17  -0.17     0.00
  MONTH TO DATE    0.75                      3.38  -2.63     6.49
  SINCE MAR 1      2.21                      6.42  -4.21     8.51
  SINCE JAN 1      4.82                      9.58  -4.76    10.66

DEGREE DAYS
 HEATING
  YESTERDAY        5                         7     -2        9
  MONTH TO DATE  392                       237    155      146
  SINCE MAR 1    912                       796    116      556
  SINCE JUL 1   4258                      4368   -110     3324

 COOLING
  YESTERDAY        0                         1     -1        0
  MONTH TO DATE    5                        20    -15       38
  SINCE MAR 1      5                        24    -19       55
  SINCE JAN 1      5                        24    -19       58
..................................................................


WIND (MPH)
  HIGHEST WIND SPEED    20   HIGHEST WIND DIRECTION     N (340)
  HIGHEST GUST SPEED    30   HIGHEST GUST DIRECTION     N (10)
  AVERAGE WIND SPEED     7.0


SKY COVER
  POSSIBLE SUNSHINE  MM
  AVERAGE SKY COVER 0.1


WEATHER CONDITIONS
 THE FOLLOWING WEATHER WAS RECORDED YESTERDAY.
  NO SIGNIFICANT WEATHER WAS OBSERVED.


RELATIVE HUMIDITY (PERCENT)
 HIGHEST    89           200 AM
 LOWEST     19           200 PM
 AVERAGE    54

..........................................................


THE CHANUTE KS CLIMATE NORMALS FOR TODAY
                         NORMAL    RECORD    YEAR
 MAXIMUM TEMPERATURE (F)   71        91      1901
 MINIMUM TEMPERATURE (F)   49        33      2013


SUNRISE AND SUNSET
APRIL 25 2018.........SUNRISE   634 AM CDT   SUNSET   807 PM CDT
APRIL 26 2018.........SUNRISE   632 AM CDT   SUNSET   808 PM CDT


-  INDICATES NEGATIVE NUMBERS.
R  INDICATES RECORD WAS SET OR TIED.
MM INDICATES DATA IS MISSING.
T  INDICATES TRACE AMOUNT.




$$
