000
CDUS43 KICT 270632
CLICNU


CLIMATE REPORT
NATIONAL WEATHER SERVICE WICHITA KS
132 AM CDT TUE MAR 27 2018


...................................

...THE CHANUTE KS CLIMATE SUMMARY FOR MARCH 26 2018...

CLIMATE NORMAL PERIOD 1981 TO 2010
CLIMATE RECORD PERIOD 1894 TO 2018


WEATHER ITEM   OBSERVED TIME   RECORD YEAR NORMAL DEPARTURE LAST
                VALUE   (LST)  VALUE       VALUE  FROM      YEAR
                                                  NORMAL
..................................................................
TEMPERATURE (F)
 YESTERDAY
  MAXIMUM         64    600 PM  85    1918  62      2       65
  MINIMUM         48    253 AM   6    1955  39      9       46
  AVERAGE         56                        50      6       56

PRECIPITATION (IN)
  YESTERDAY        0.06          1.52 1983   0.10  -0.04     0.37
  MONTH TO DATE    1.19                      2.48  -1.29     0.79
  SINCE MAR 1      1.19                      2.48  -1.29     0.79
  SINCE JAN 1      3.80                      5.64  -1.84     2.94

DEGREE DAYS
 HEATING
  YESTERDAY        9                        15     -6        9
  MONTH TO DATE  437                       489    -52      355
  SINCE MAR 1    437                       489    -52      355
  SINCE JUL 1   3783                      4061   -278     3123

 COOLING
  YESTERDAY        0                         0      0        0
  MONTH TO DATE    0                         0      0       17
  SINCE MAR 1      0                         0      0       17
  SINCE JAN 1      0                         0      0       20
..................................................................


WIND (MPH)
  HIGHEST WIND SPEED    24   HIGHEST WIND DIRECTION     S (160)
  HIGHEST GUST SPEED    31   HIGHEST GUST DIRECTION     S (170)
  AVERAGE WIND SPEED    12.1


SKY COVER
  POSSIBLE SUNSHINE  MM
  AVERAGE SKY COVER 1.0


WEATHER CONDITIONS
 THE FOLLOWING WEATHER WAS RECORDED YESTERDAY.
  THUNDERSTORM
  LIGHT RAIN
  FOG


RELATIVE HUMIDITY (PERCENT)
 HIGHEST    93           700 AM
 LOWEST     74          1200 AM
 AVERAGE    84

..........................................................


THE CHANUTE KS CLIMATE NORMALS FOR TODAY
                         NORMAL    RECORD    YEAR
 MAXIMUM TEMPERATURE (F)   62        86      1910
 MINIMUM TEMPERATURE (F)   39        17      1955


SUNRISE AND SUNSET
MARCH 27 2018.........SUNRISE   715 AM CDT   SUNSET   740 PM CDT
MARCH 28 2018.........SUNRISE   713 AM CDT   SUNSET   741 PM CDT


-  INDICATES NEGATIVE NUMBERS.
R  INDICATES RECORD WAS SET OR TIED.
MM INDICATES DATA IS MISSING.
T  INDICATES TRACE AMOUNT.




$$
