061
CDUS43 KICT 070635
CLICNU


CLIMATE REPORT
NATIONAL WEATHER SERVICE WICHITA KS
126 AM CDT SAT APR 7 2018


...................................

...THE CHANUTE KS CLIMATE SUMMARY FOR APRIL 6 2018...

CLIMATE NORMAL PERIOD 1981 TO 2010
CLIMATE RECORD PERIOD 1894 TO 2018


WEATHER ITEM   OBSERVED TIME   RECORD YEAR NORMAL DEPARTURE LAST
                VALUE   (LST)  VALUE       VALUE  FROM      YEAR
                                                  NORMAL
..................................................................
TEMPERATURE (F)
 YESTERDAY
  MAXIMUM         53    956 AM  85    1954  65    -12       62
  MINIMUM         25   1159 PM  21    1996  43    -18       38
  AVERAGE         39                        54    -15       50

PRECIPITATION (IN)
  YESTERDAY        T             1.00 1940   0.13  -0.13     0.00
  MONTH TO DATE    0.04                      0.73  -0.69     2.75
  SINCE MAR 1      1.50                      3.77  -2.27     4.77
  SINCE JAN 1      4.11                      6.93  -2.82     6.92

DEGREE DAYS
 HEATING
  YESTERDAY       26                        12     14       15
  MONTH TO DATE  146                        75     71       65
  SINCE MAR 1    666                       634     32      475
  SINCE JUL 1   4012                      4206   -194     3243

 COOLING
  YESTERDAY        0                         1     -1        0
  MONTH TO DATE    0                         2     -2        0
  SINCE MAR 1      0                         6     -6       17
  SINCE JAN 1      0                         6     -6       20
..................................................................


WIND (MPH)
  HIGHEST WIND SPEED    28   HIGHEST WIND DIRECTION     N (10)
  HIGHEST GUST SPEED    40   HIGHEST GUST DIRECTION     N (10)
  AVERAGE WIND SPEED    16.6


SKY COVER
  POSSIBLE SUNSHINE  MM
  AVERAGE SKY COVER 0.5


WEATHER CONDITIONS
 THE FOLLOWING WEATHER WAS RECORDED YESTERDAY.
  LIGHT SNOW


RELATIVE HUMIDITY (PERCENT)
 HIGHEST    85           500 AM
 LOWEST     34           100 PM
 AVERAGE    60

..........................................................


THE CHANUTE KS CLIMATE NORMALS FOR TODAY
                         NORMAL    RECORD    YEAR
 MAXIMUM TEMPERATURE (F)   65        88      1946
 MINIMUM TEMPERATURE (F)   43        22      2007


SUNRISE AND SUNSET
APRIL  7 2018.........SUNRISE   658 AM CDT   SUNSET   750 PM CDT
APRIL  8 2018.........SUNRISE   657 AM CDT   SUNSET   751 PM CDT


-  INDICATES NEGATIVE NUMBERS.
R  INDICATES RECORD WAS SET OR TIED.
MM INDICATES DATA IS MISSING.
T  INDICATES TRACE AMOUNT.




$$
