000
CDUS43 KICT 190636
CLICNU


CLIMATE REPORT
NATIONAL WEATHER SERVICE WICHITA KS
134 AM CDT MON MAR 19 2018


...................................

...THE CHANUTE KS CLIMATE SUMMARY FOR MARCH 18 2018...

CLIMATE NORMAL PERIOD 1981 TO 2010
CLIMATE RECORD PERIOD 1894 TO 2018


WEATHER ITEM   OBSERVED TIME   RECORD YEAR NORMAL DEPARTURE LAST
                VALUE   (LST)  VALUE       VALUE  FROM      YEAR
                                                  NORMAL
..................................................................
TEMPERATURE (F)
 YESTERDAY
  MAXIMUM         62    419 PM  88    1921  59      3       70
  MINIMUM         35    613 AM   6    1923  37     -2       44
  AVERAGE         49                        48      1       57

PRECIPITATION (IN)
  YESTERDAY        0.26          2.05 1944   0.10   0.16     0.00
  MONTH TO DATE    0.27                      1.68  -1.41     0.26
  SINCE MAR 1      0.27                      1.68  -1.41     0.26
  SINCE JAN 1      2.88                      4.84  -1.96     2.41

DEGREE DAYS
 HEATING
  YESTERDAY       16                        17     -1        8
  MONTH TO DATE  323                       362    -39      312
  SINCE MAR 1    323                       362    -39      312
  SINCE JUL 1   3669                      3934   -265     3080

 COOLING
  YESTERDAY        0                         0      0        0
  MONTH TO DATE    0                         0      0        0
  SINCE MAR 1      0                         0      0        0
  SINCE JAN 1      0                         0      0        3
..................................................................


WIND (MPH)
  HIGHEST WIND SPEED    16   HIGHEST WIND DIRECTION     S (160)
  HIGHEST GUST SPEED    22   HIGHEST GUST DIRECTION    NE (50)
  AVERAGE WIND SPEED     9.5


SKY COVER
  POSSIBLE SUNSHINE  MM
  AVERAGE SKY COVER 0.5


WEATHER CONDITIONS
 THE FOLLOWING WEATHER WAS RECORDED YESTERDAY.
  THUNDERSTORM
  RAIN
  LIGHT RAIN
  FOG
  HAZE


RELATIVE HUMIDITY (PERCENT)
 HIGHEST    93           900 PM
 LOWEST     46           300 PM
 AVERAGE    70

..........................................................


THE CHANUTE KS CLIMATE NORMALS FOR TODAY
                         NORMAL    RECORD    YEAR
 MAXIMUM TEMPERATURE (F)   59        87      2017
 MINIMUM TEMPERATURE (F)   37         4      1923


SUNRISE AND SUNSET
MARCH 19 2018.........SUNRISE   727 AM CDT   SUNSET   733 PM CDT
MARCH 20 2018.........SUNRISE   725 AM CDT   SUNSET   734 PM CDT


-  INDICATES NEGATIVE NUMBERS.
R  INDICATES RECORD WAS SET OR TIED.
MM INDICATES DATA IS MISSING.
T  INDICATES TRACE AMOUNT.




$$
