000
CDUS43 KICT 170625
CLICNU

CLIMATE REPORT
NATIONAL WEATHER SERVICE WICHITA KS
124 AM CDT SAT MAR 17 2018


...................................

...THE CHANUTE KS CLIMATE SUMMARY FOR MARCH 16 2018...

CLIMATE NORMAL PERIOD 1981 TO 2010
CLIMATE RECORD PERIOD 1894 TO 2018


WEATHER ITEM   OBSERVED TIME   RECORD YEAR NORMAL DEPARTURE LAST
                VALUE   (LST)  VALUE       VALUE  FROM      YEAR
                                                  NORMAL
..................................................................
TEMPERATURE (F)
 YESTERDAY
  MAXIMUM         77    415 PM  82    2015  58     19       70
                                      2012
  MINIMUM         44   1155 PM  17    1900  36      8       33
  AVERAGE         61                        47     14       52

PRECIPITATION (IN)
  YESTERDAY        0.01          0.95 1970   0.10  -0.09     0.00
  MONTH TO DATE    0.01                      1.48  -1.47     0.26
  SINCE MAR 1      0.01                      1.48  -1.47     0.26
  SINCE JAN 1      2.62                      4.64  -2.02     2.41

DEGREE DAYS
 HEATING
  YESTERDAY        4                        18    -14       13
  MONTH TO DATE  289                       327    -38      304
  SINCE MAR 1    289                       327    -38      304
  SINCE JUL 1   3635                      3899   -264     3072

 COOLING
  YESTERDAY        0                         0      0        0
  MONTH TO DATE    0                         0      0        0
  SINCE MAR 1      0                         0      0        0
  SINCE JAN 1      0                         0      0        3
..................................................................


WIND (MPH)
  HIGHEST WIND SPEED    35   HIGHEST WIND DIRECTION    SW (230)
  HIGHEST GUST SPEED    47   HIGHEST GUST DIRECTION    SW (240)
  AVERAGE WIND SPEED    19.1


SKY COVER
  POSSIBLE SUNSHINE  MM
  AVERAGE SKY COVER 0.4


WEATHER CONDITIONS
 THE FOLLOWING WEATHER WAS RECORDED YESTERDAY.
  NO SIGNIFICANT WEATHER WAS OBSERVED.


RELATIVE HUMIDITY (PERCENT)
 HIGHEST    78           800 AM
 LOWEST     19           200 PM
 AVERAGE    49

..........................................................


THE CHANUTE KS CLIMATE NORMALS FOR TODAY
                         NORMAL    RECORD    YEAR
 MAXIMUM TEMPERATURE (F)   59        84      1994
 MINIMUM TEMPERATURE (F)   37        12      1941


SUNRISE AND SUNSET
MARCH 17 2018.........SUNRISE   730 AM CDT   SUNSET   731 PM CDT
MARCH 18 2018.........SUNRISE   728 AM CDT   SUNSET   732 PM CDT


-  INDICATES NEGATIVE NUMBERS.
R  INDICATES RECORD WAS SET OR TIED.
MM INDICATES DATA IS MISSING.
T  INDICATES TRACE AMOUNT.




$$
